CREATE TABLE `academicyear` (
  `id` int(11) NOT NULL AUTO_INCREMENT,
  `name` varchar(50) NOT NULL,
  `startdate` datetime NOT NULL,
  `enddate` datetime NOT NULL,
  `status` enum('Active','Inactive') NOT NULL,
  PRIMARY KEY (`id`)
) ENGINE=InnoDB AUTO_INCREMENT=8 DEFAULT CHARSET=latin1 COLLATE=latin1_swedish_ci;

--
-- Dumping data for table `academicyear`
--

INSERT INTO `academicyear` VALUES (1,'2019-2020','2019-05-01 00:00:00','2020-02-19 00:00:00','Inactive'),(2,'2020-2021','2020-03-02 00:00:00','2021-02-27 00:00:00','Inactive'),(3,'2021-2022','2021-03-02 00:00:00','2022-02-27 00:00:00','Inactive'),(4,'2022-2023','2022-03-02 00:00:00','2023-02-27 00:00:00','Inactive'),(5,'2023-2024','2023-03-02 00:00:00','2024-02-27 00:00:00','Inactive'),(6,'2024-2025','2024-05-01 00:00:00','2025-02-27 00:00:00','Active'),(7,'2025-2026','2025-04-09 00:00:00','2026-03-10 00:00:00','Inactive');

--
-- Table structure for table `account`
--

CREATE TABLE `account` (
  `id` int(10) NOT NULL AUTO_INCREMENT,
  `admissionNo` varchar(55) DEFAULT NULL,
  `course` int(10) DEFAULT NULL,
  `batch` int(10) DEFAULT NULL,
  `amountReceived` varchar(55) DEFAULT '0',
  `due` varchar(55) NOT NULL DEFAULT '0',
  `advance` varchar(55) NOT NULL DEFAULT '0',
  `fine` varchar(55) NOT NULL DEFAULT '0',
  `remainingbl` varchar(55) NOT NULL DEFAULT '0',
  `balance` varchar(55) NOT NULL DEFAULT '0',
  `payableAmount` int(11) NOT NULL DEFAULT 0,
  `particulars` int(11) NOT NULL DEFAULT 0,
  `regno` int(11) NOT NULL DEFAULT 0,
  `receivedDate` int(11) NOT NULL DEFAULT 0,
  `paymentStatus` varchar(55) DEFAULT NULL,
  PRIMARY KEY (`id`)
) ENGINE=InnoDB DEFAULT CHARSET=latin1 COLLATE=latin1_swedish_ci;

--
-- Dumping data for table `account`
--


--
-- Table structure for table `add_exam`
--

CREATE TABLE `add_exam` (
  `id` int(11) NOT NULL AUTO_INCREMENT,
  `examgroup_id` int(11) NOT NULL,
  `course_id` int(11) NOT NULL,
  `batch_id` int(11) NOT NULL,
  `subject` int(11) NOT NULL,
  `max_marks` int(11) NOT NULL,
  `min_marks` int(11) NOT NULL,
  `start_time` varchar(100) NOT NULL DEFAULT '0',
  `end_time` varchar(100) NOT NULL DEFAULT '0',
  `no_exam` varchar(20) NOT NULL,
  `status` int(11) DEFAULT NULL,
  PRIMARY KEY (`id`)
) ENGINE=InnoDB DEFAULT CHARSET=latin1 COLLATE=latin1_swedish_ci;

--
-- Dumping data for table `add_exam`
--


--
-- Table structure for table `adm_fee_default_particulars`
--

CREATE TABLE `adm_fee_default_particulars` (
  `id` int(11) NOT NULL AUTO_INCREMENT,
  `name` varchar(100) NOT NULL,
  `amount` int(11) NOT NULL,
  `acadminfeemaster_fk` int(11) NOT NULL,
  PRIMARY KEY (`id`)
) ENGINE=InnoDB AUTO_INCREMENT=2 DEFAULT CHARSET=latin1 COLLATE=latin1_swedish_ci;

--
-- Dumping data for table `adm_fee_default_particulars`
--

INSERT INTO `adm_fee_default_particulars` VALUES (1,'Notebook',700,1);

--
-- Table structure for table `adm_fee_particulars`
--

CREATE TABLE `adm_fee_particulars` (
  `id` int(11) NOT NULL AUTO_INCREMENT,
  `admissionfee_fk` int(11) NOT NULL,
  `particular_name` varchar(100) NOT NULL,
  `amount` decimal(11,2) NOT NULL,
  `status` char(1) NOT NULL COMMENT '1-active; 0-deleted',
  PRIMARY KEY (`id`)
) ENGINE=InnoDB AUTO_INCREMENT=15 DEFAULT CHARSET=latin1 COLLATE=latin1_swedish_ci;

--
-- Dumping data for table `adm_fee_particulars`
--

INSERT INTO `adm_fee_particulars` VALUES (1,22,'Prospectuse',200.00,'1'),(2,326,'Feb',530.00,'1'),(3,327,'Bag',540.00,'1'),(4,353,'Notebook',700.00,'1'),(5,357,'Notebook',700.00,'1'),(6,359,'Notebook',700.00,'1'),(7,360,'Notebook',700.00,'1'),(8,363,'Notebook',700.00,'1'),(9,363,'Development Fee',500.00,'1'),(10,370,'Notebook',700.00,'1'),(13,373,'Notebook',700.00,'1'),(14,382,'notebook',500.00,'0');

--
-- Table structure for table `adminfeemaster`
--

CREATE TABLE `adminfeemaster` (
  `id` int(10) NOT NULL AUTO_INCREMENT,
  `totalFee` varchar(55) NOT NULL,
  `old_fee` varchar(55) DEFAULT NULL,
  `course` int(10) NOT NULL,
  `batch` int(10) NOT NULL,
  `feeCollectionName` varchar(55) DEFAULT NULL,
  `startDate` date DEFAULT NULL,
  `dueDate` date DEFAULT NULL,
  `createdBy` int(10) DEFAULT NULL,
  `createdDate` date DEFAULT NULL,
  PRIMARY KEY (`id`),
  KEY `course` (`course`),
  KEY `batch` (`batch`)
) ENGINE=InnoDB AUTO_INCREMENT=25 DEFAULT CHARSET=latin1 COLLATE=latin1_swedish_ci;

--
-- Dumping data for table `adminfeemaster`
--

INSERT INTO `adminfeemaster` VALUES (1,'0','0',4,4,NULL,NULL,NULL,1,'2019-04-25'),(2,'0','0',1,1,NULL,NULL,NULL,1,'2019-05-06'),(8,'1000','1100',15,32,NULL,NULL,NULL,1,'2025-01-08'),(14,'0','0',3,3,NULL,NULL,NULL,1,'2019-07-07'),(15,'0','0',8,9,NULL,NULL,NULL,1,'2019-07-08'),(16,'0','0',7,8,NULL,NULL,NULL,1,'2019-07-08'),(17,'0','0',6,6,NULL,NULL,NULL,1,'2019-07-19'),(18,'0','0',9,10,NULL,NULL,NULL,1,'2019-07-19'),(19,'0','0',2,2,NULL,NULL,NULL,1,'2019-09-20'),(20,'0','0',5,5,NULL,NULL,NULL,1,'2019-09-20'),(21,'0','0',10,11,NULL,NULL,NULL,1,'2019-09-20'),(22,'0','0',2,2,NULL,NULL,NULL,1,'2019-09-20'),(23,'0','0',5,5,NULL,NULL,NULL,1,'2019-09-20'),(24,'0','0',10,11,NULL,NULL,NULL,1,'2019-09-20');

--
-- Table structure for table `admissionfee`
--

CREATE TABLE `admissionfee` (
  `id` int(10) NOT NULL AUTO_INCREMENT,
  `admissionNo` varchar(55) NOT NULL,
  `course` int(10) NOT NULL,
  `batch` int(10) NOT NULL,
  `totalFee` varchar(55) NOT NULL,
  `amountReceived` varchar(55) NOT NULL,
  `due` varchar(55) DEFAULT NULL,
  `fineAmount` varchar(255) NOT NULL DEFAULT '0',
  `fineDescription` varchar(255) DEFAULT NULL,
  `advance` varchar(55) DEFAULT NULL,
  `discountAmount` varchar(55) DEFAULT '0',
  `discountDescription` varchar(255) DEFAULT NULL,
  `discount` int(10) NOT NULL DEFAULT 0,
  `payableAmount` varchar(55) DEFAULT NULL,
  `receivedDate` date DEFAULT NULL,
  `modeofpayment` int(11) NOT NULL,
  `description` varchar(255) DEFAULT NULL,
  `receiptNo` varchar(255) NOT NULL,
  `receiNo` int(11) NOT NULL,
  `createdBy` int(10) NOT NULL,
  `createdDate` date NOT NULL,
  PRIMARY KEY (`id`),
  KEY `course` (`course`),
  KEY `batch` (`batch`),
  KEY `discount` (`discount`)
) ENGINE=InnoDB AUTO_INCREMENT=26 DEFAULT CHARSET=latin1 COLLATE=latin1_swedish_ci;

--
-- Dumping data for table `admissionfee`
--

INSERT INTO `admissionfee` VALUES (1,'20190001',3,3,'0','0','0','0','','0','0','',0,'0','2019-07-07',1,NULL,'1',1,1,'2019-07-07'),(2,'20190002',7,8,'0','0','0','0','','0','0','',0,'0','2019-07-08',1,NULL,'2',2,1,'2019-07-08'),(3,'20190003',1,1,'0','0','0','0','','0','0','',0,'0','2019-07-08',1,NULL,'3',3,1,'2019-07-08'),(4,'20190004',4,4,'0','0','0','0','','0','0','',0,'0','2019-07-08',1,NULL,'4',4,1,'2019-07-08'),(5,'20190005',8,9,'0','0','0','0','','0','0','',0,'0','2019-07-08',1,NULL,'5',5,1,'2019-07-08'),(6,'20190006',6,6,'0','0','0','0','','0','0','',0,'0','2019-07-19',1,NULL,'6',6,1,'2019-07-19'),(7,'20190007',6,6,'0','0','0','0','','0','0','',0,'0','2019-07-19',1,NULL,'7',7,1,'2019-07-19'),(8,'20190008',9,10,'0','0','0','0','','0','0','',0,'0','2019-07-19',1,NULL,'8',8,1,'2019-07-19'),(9,'20190009',5,5,'0','0','0','0','','0','0','',0,'0','2019-09-20',1,NULL,'9',9,1,'2019-09-20'),(10,'20190010',1,1,'0','0','0','0','','0','0','',0,'0','2019-09-20',1,NULL,'10',10,1,'2019-09-20'),(11,'20190011',7,8,'0','0','0','0','','0','0','',0,'0','2019-09-20',1,NULL,'11',11,1,'2019-09-20'),(12,'20190012',7,8,'0','0','0','0','','0','0','',0,'0','2019-09-20',1,NULL,'12',12,1,'2019-09-20'),(13,'20190013',6,6,'0','0','0','0','','0','0','',0,'0','2019-09-20',1,NULL,'13',13,1,'2019-09-20'),(14,'20190014',2,2,'0','0','0','0','','0','0','',0,'0','2019-09-20',1,NULL,'14',14,1,'2019-09-20'),(15,'20190015',4,4,'0','0','0','0','','0','0','',0,'0','2019-09-20',1,NULL,'15',15,1,'2019-09-20'),(16,'20190016',9,10,'0','0','0','0','','0','0','',0,'0','2019-09-20',1,NULL,'16',16,1,'2019-09-20'),(17,'20190017',7,8,'0','0','0','0','','0','0','',0,'0','2019-09-20',1,NULL,'17',17,1,'2019-09-20'),(18,'20190018',7,8,'0','0','0','0','','0','0','',0,'0','2019-09-20',1,NULL,'18',18,1,'2019-09-20'),(19,'20190019',10,11,'0','0','0','0','','0','0','',0,'0','2019-09-20',1,NULL,'19',19,1,'2019-09-20'),(20,'20190020',10,11,'0','0','0','0','','0','0','',0,'0','2019-09-20',1,NULL,'20',20,1,'2019-09-20'),(21,'20190021',2,2,'0','0','0','0','','0','0','',0,'0','2019-09-20',1,NULL,'21',21,1,'2019-09-20'),(22,'20190022',10,11,'0','0','0','0','','0','0','',0,'0','2019-09-20',1,NULL,'22',22,1,'2019-09-20'),(23,'A783',1,1,'0','0','0','0','','0','0','',0,'0','2019-10-04',1,NULL,'23',23,1,'2019-10-04'),(24,'20190023',10,11,'0','0','0','0','','0','0','',0,'0','2019-12-06',1,NULL,'24',24,1,'2019-12-06'),(25,'20190024',6,6,'0','0','0','0','','0','0','',0,'0','2019-12-17',1,NULL,'25',25,1,'2019-12-17');

--
-- Table structure for table `admissionreceipt`
--

CREATE TABLE `admissionreceipt` (
  `id` int(10) NOT NULL AUTO_INCREMENT,
  `admissionNo` varchar(55) NOT NULL,
  `course` int(10) NOT NULL,
  `batch` int(10) NOT NULL,
  `totalFee` varchar(55) NOT NULL,
  `amountReceived` varchar(55) NOT NULL,
  `due` varchar(55) DEFAULT NULL,
  `advance` varchar(55) NOT NULL DEFAULT '',
  `receiptNo` varchar(55) DEFAULT NULL,
  `receiptDate` date DEFAULT NULL,
  `discount` int(10) DEFAULT NULL,
  `discountAmount` varchar(55) DEFAULT NULL,
  `payableAmount` varchar(55) NOT NULL,
  `receiNo` varchar(55) DEFAULT NULL,
  PRIMARY KEY (`id`),
  KEY `course` (`course`),
  KEY `batch` (`batch`),
  KEY `discount` (`discount`)
) ENGINE=InnoDB DEFAULT CHARSET=latin1 COLLATE=latin1_swedish_ci;

--
-- Dumping data for table `admissionreceipt`
--


--
-- Table structure for table `alternate_sub_name`
--

CREATE TABLE `alternate_sub_name` (
  `id` int(11) NOT NULL AUTO_INCREMENT,
  `course` int(11) NOT NULL,
  `subjectFk` int(11) NOT NULL,
  `name` varchar(255) NOT NULL,
  PRIMARY KEY (`id`),
  KEY `subjectFk` (`subjectFk`),
  KEY `course` (`course`),
  CONSTRAINT `alternate_sub_name_ibfk_1` FOREIGN KEY (`subjectFk`) REFERENCES `subject` (`id`),
  CONSTRAINT `alternate_sub_name_ibfk_2` FOREIGN KEY (`course`) REFERENCES `courses` (`course_id`)
) ENGINE=InnoDB DEFAULT CHARSET=latin1 COLLATE=latin1_swedish_ci;

--
-- Dumping data for table `alternate_sub_name`
--


--
-- Table structure for table `alternate_sub_name_assign`
--

CREATE TABLE `alternate_sub_name_assign` (
  `id` int(11) NOT NULL AUTO_INCREMENT,
  `studFk` int(11) NOT NULL,
  `subjectFk` int(11) NOT NULL,
  `subjectId` int(11) NOT NULL,
  PRIMARY KEY (`id`),
  KEY `studFk` (`studFk`),
  KEY `subjectId` (`subjectId`),
  CONSTRAINT `alternate_sub_name_assign_ibfk_1` FOREIGN KEY (`studFk`) REFERENCES `student` (`id`),
  CONSTRAINT `alternate_sub_name_assign_ibfk_2` FOREIGN KEY (`subjectId`) REFERENCES `alternate_sub_name` (`id`)
) ENGINE=InnoDB DEFAULT CHARSET=latin1 COLLATE=latin1_swedish_ci;

--
-- Dumping data for table `alternate_sub_name_assign`
--


--
-- Table structure for table `assignment`
--

CREATE TABLE `assignment` (
  `id` int(11) NOT NULL AUTO_INCREMENT,
  `title` text NOT NULL,
  `subject_id` int(11) NOT NULL,
  `course_id` int(11) NOT NULL,
  `batch_id` int(11) NOT NULL,
  `content` text NOT NULL,
  `document` varchar(300) NOT NULL,
  `due_date` date NOT NULL,
  `assg_date` date NOT NULL,
  PRIMARY KEY (`id`)
) ENGINE=InnoDB DEFAULT CHARSET=latin1 COLLATE=latin1_swedish_ci;

--
-- Dumping data for table `assignment`
--


--
-- Table structure for table `assignment_student`
--

CREATE TABLE `assignment_student` (
  `id` int(11) NOT NULL AUTO_INCREMENT,
  `student_id` int(11) NOT NULL,
  `assg_id` int(11) NOT NULL,
  `submit` int(11) NOT NULL,
  `checkit` int(11) NOT NULL,
  `username` text NOT NULL,
  PRIMARY KEY (`id`)
) ENGINE=InnoDB DEFAULT CHARSET=latin1 COLLATE=latin1_swedish_ci;

--
-- Dumping data for table `assignment_student`
--


--
-- Table structure for table `attendance`
--

CREATE TABLE `attendance` (
  `id` int(11) NOT NULL AUTO_INCREMENT,
  `registrationNo` varchar(55) NOT NULL,
  `admissionno` varchar(55) NOT NULL,
  `date_of_absence` date NOT NULL,
  `course` int(11) NOT NULL,
  `batch` int(11) NOT NULL,
  `rollno` varchar(55) DEFAULT NULL,
  `name` varchar(100) NOT NULL,
  `reason` varchar(255) NOT NULL DEFAULT 'Not given',
  `createdBy` int(10) DEFAULT NULL,
  `createdDate` date DEFAULT NULL,
  PRIMARY KEY (`id`),
  KEY `course` (`course`),
  KEY `batch` (`batch`),
  CONSTRAINT `attendance_ibfk_1` FOREIGN KEY (`course`) REFERENCES `courses` (`course_id`),
  CONSTRAINT `attendance_ibfk_2` FOREIGN KEY (`batch`) REFERENCES `batch` (`id`)
) ENGINE=InnoDB AUTO_INCREMENT=38 DEFAULT CHARSET=latin1 COLLATE=latin1_swedish_ci;

--
-- Dumping data for table `attendance`
--

INSERT INTO `attendance` VALUES (7,'1','20190001','2019-05-15',4,1,'0','Test Student  ','Not given',1,'2019-05-15'),(8,'1','20190001','2019-05-14',4,1,'0','Test Student  ','Not given',1,'2019-05-15'),(9,'1','20190001','2019-05-13',4,1,'0','Test Student  ','Not given',1,'2019-05-15'),(10,'627','19603','2019-04-10',4,4,'2','Achilles Pukhrambam  ','Not given',183,'2019-06-29'),(11,'641','19891','2019-04-13',4,4,'5','Angomjambam Henthoi Chanu  ','Not given',183,'2019-06-29'),(13,'101','19429','2019-04-02',4,4,'1','ABHI JAISWAL  ','Not given',214,'2019-06-29'),(18,'208','19502','2019-06-06',7,8,'5','Chabungbam Paikhomba Singh  ','Not given',201,'2019-06-29'),(19,'638','19920','2019-06-06',10,11,'7','Chongtham Derina Devi  ','Not given',208,'2019-06-29'),(20,'638','19920','2019-06-07',10,11,'7','Chongtham Derina Devi  ','Not given',208,'2019-06-29'),(23,'688','19967','2019-04-17',7,8,'3','Isabel Liyia Laishram  ','Not given',197,'2019-07-01'),(24,'688','19967','2019-04-20',7,8,'3','Isabel Liyia Laishram  ','Not given',197,'2019-07-01'),(25,'688','19967','2019-07-01',7,8,'3','Isabel Liyia Laishram  ','Not given',197,'2019-07-01'),(26,'688','19967','2019-06-14',7,8,'3','Isabel Liyia Laishram  ','Not given',197,'2019-07-01'),(27,'479','19755','2019-06-15',7,8,'2','Arham Jain  ','Not given',197,'2019-07-01'),(29,'186','19486','2019-06-17',7,8,'1','Angelina Khangembam  ','Not given',197,'2019-07-01'),(31,'186','19486','2019-06-19',7,8,'1','Angelina Khangembam  ','Not given',197,'2019-07-01'),(32,'414','19538','2019-07-01',9,10,'5','Diana Phijam  ','Not given',208,'2019-07-02'),(33,'414','19538','2019-07-02',9,10,'5','Diana Phijam  ','Not given',208,'2019-07-02'),(34,'577','19832','2019-07-01',9,10,'21','Pelejit Soibam  ','Not given',208,'2019-07-02'),(35,'272','19565','2019-07-02',9,10,'8','Jiya Das  ','Not given',208,'2019-07-02'),(36,'553','19837','2019-06-29',9,10,'1','Angonjam Seityajit Singh  ','Not given',208,'2019-07-02'),(37,'414','19538','2019-10-01',9,10,'5','Diana Phijam  ','Not given',208,'2019-10-14');

--
-- Table structure for table `attendance_association`
--

CREATE TABLE `attendance_association` (
  `id` int(11) NOT NULL,
  `batch_id` int(11) NOT NULL COMMENT 'this will not be used as of now',
  `courses_id` int(11) NOT NULL,
  `section_id` int(11) NOT NULL,
  `employee_id` int(11) NOT NULL
) ENGINE=InnoDB DEFAULT CHARSET=latin1 COLLATE=latin1_swedish_ci;

--
-- Dumping data for table `attendance_association`
--

INSERT INTO `attendance_association` VALUES (2,20,5,5,19),(3,20,5,5,20),(5,19,4,4,1);

--
-- Table structure for table `attendance_last_updated`
--

CREATE TABLE `attendance_last_updated` (
  `id` int(11) NOT NULL AUTO_INCREMENT,
  `course` int(11) NOT NULL,
  `section` int(11) NOT NULL,
  `batch` int(11) NOT NULL,
  `date` date NOT NULL,
  `createdBy` int(10) DEFAULT NULL,
  `createdDate` date DEFAULT NULL,
  PRIMARY KEY (`id`),
  KEY `course` (`course`),
  CONSTRAINT `attendance_last_updated_ibfk_1` FOREIGN KEY (`course`) REFERENCES `courses` (`course_id`)
) ENGINE=InnoDB AUTO_INCREMENT=10 DEFAULT CHARSET=latin1 COLLATE=latin1_swedish_ci;

--
-- Dumping data for table `attendance_last_updated`
--

INSERT INTO `attendance_last_updated` VALUES (1,4,8,1,'2019-05-15',1,'2019-05-15'),(2,4,8,4,'2019-06-20',183,'2019-06-29'),(3,6,18,6,'2019-06-01',186,'2019-06-29'),(4,4,10,4,'2019-06-29',192,'2019-06-29'),(5,7,21,8,'2019-06-08',201,'2019-06-29'),(6,10,33,11,'2019-06-14',208,'2019-06-29'),(7,9,30,10,'2019-06-01',214,'2019-06-29'),(8,7,22,8,'2019-07-01',197,'2019-07-01'),(9,9,29,10,'2019-10-01',208,'2019-10-14');

--
-- Table structure for table `auth_assignment`
--

CREATE TABLE `auth_assignment` (
  `item_name` varchar(64) NOT NULL,
  `user_id` varchar(64) NOT NULL,
  `created_at` bigint(11) DEFAULT NULL,
  PRIMARY KEY (`item_name`,`user_id`),
  KEY `auth_assignment_user_id_idx` (`user_id`),
  CONSTRAINT `auth_assignment_ibfk_1` FOREIGN KEY (`item_name`) REFERENCES `auth_item` (`name`) ON DELETE CASCADE ON UPDATE CASCADE
) ENGINE=InnoDB DEFAULT CHARSET=utf8mb3 COLLATE=utf8mb3_unicode_ci;

--
-- Dumping data for table `auth_assignment`
--

INSERT INTO `auth_assignment` VALUES ('Admin Permission','1',1516925524),('Admin_role','1',1547537770),('Exam Permission','316',1717823748),('Fees','323',1744157969),('Teacher','178',1672979663),('Teacher','179',1560920435),('Teacher','180',1670849287),('Teacher','181',1560920623),('Teacher','182',1678764442),('Teacher','184',1678764465),('Teacher','185',1678764477),('Teacher','186',1670666084),('Teacher','187',1678764496),('Teacher','189',1560923104),('Teacher','190',1560923142),('Teacher','191',1560923224),('Teacher','192',1560923270),('Teacher','193',1678764508),('Teacher','194',1560923403),('Teacher','195',1678764527),('Teacher','196',1670909955),('Teacher','197',1670992184),('Teacher','198',1560924575),('Teacher','199',1670849310),('Teacher','200',1678764554),('Teacher','201',1560928360),('Teacher','202',1672979736),('Teacher','203',1672979619),('Teacher','204',1672979756),('Teacher','205',1678764582),('Teacher','206',1560928500),('Teacher','207',1560928534),('Teacher','208',1560928564),('Teacher','209',1672979699),('Teacher','210',1560928619),('Teacher','211',1560928658),('Teacher','212',1670909941),('Teacher','213',1678764637),('Teacher','214',1670668466),('Teacher','215',1561783750),('Teacher','216',1562147841),('Teacher','217',1562309456),('Teacher','218',1562310229),('Teacher','219',1678764651),('Teacher','220',1562310410),('Teacher','221',1562310577),('Teacher','222',1565080544),('Teacher','223',1565080695),('Teacher','224',1678764659),('Teacher','225',1678764672),('Teacher','226',1613379297),('Teacher','227',1678764692),('Teacher','228',1613379728),('Teacher','229',1613379886),('Teacher','230',1678764686),('Teacher','231',1672979589),('Teacher','232',1642404758),('Teacher','233',1642404982),('Teacher','234',1670662323),('Teacher','235',1670663071),('Teacher','236',1642567689),('Teacher','238',1671015162),('Teacher','239',1670854340),('Teacher','240',1670484279),('Teacher','241',1670990601),('Teacher','242',1672979719),('Teacher','243',1678764749),('Teacher','244',1678764755),('Teacher','245',1678764762),('Teacher','246',1678764769),('Teacher','247',1678764775),('Teacher','248',1678764783),('Teacher','249',1665992802),('Teacher','250',1678764816),('Teacher','251',1665993843),('Teacher','252',1670850469),('Teacher','253',1678764837),('Teacher','254',1672979641),('Teacher','255',1665994184),('Teacher','256',1678764850),('Teacher','258',1678764882),('Teacher','259',1678764888),('Teacher','260',1678764894),('Teacher','261',1678764900),('Teacher','262',1678764906),('Teacher','263',1666001547),('Teacher','264',1678764913),('Teacher','265',1678764920),('Teacher','266',1678764926),('Teacher','267',1670662352),('Teacher','268',1678764936),('Teacher','269',1691728054),('Teacher','270',1691728177),('Teacher','271',1691728266),('Teacher','272',1691728368),('Teacher','273',1691728375),('Teacher','274',1691728469),('Teacher','275',1691728589),('Teacher','276',1691728757),('Teacher','277',1691728854),('Teacher','278',1691728947),('Teacher','279',1691728962),('Teacher','280',1691729039),('Teacher','281',1691729040),('Teacher','282',1691729112),('Teacher','283',1691729158),('Teacher','284',1691729258),('Teacher','285',1691729409),('Teacher','286',1691729584),('Teacher','287',1691729763),('Teacher','288',1691729776),('Teacher','289',1691729849),('Teacher','290',1691729926),('Teacher','291',1691729935),('Teacher','292',1691730037),('Teacher','293',1691730047),('Teacher','294',1691730171),('Teacher','295',1691730266),('Teacher','296',1692003199),('Teacher','297',1692004796),('Teacher','298',1692174524),('Teacher','299',1695618249),('Teacher','300',1697777088),('Teacher','301',1697780360),('Teacher','302',1697780570),('Teacher','303',1697783190),('Teacher','304',1697783644),('Teacher','305',1697783734),('Teacher','306',1697783881),('Teacher','307',1697784902),('Teacher','308',1697784980),('Teacher','309',1706161097),('Teacher','310',1706161184),('Teacher','311',1711106303),('Teacher','312',1717504737),('Teacher','313',1717563946),('Teacher','314',1717564009),('Teacher','315',1717564103),('Teacher','317',1727510356),('Teacher','318',1727511275),('Teacher','319',1728294480),('Teacher','320',1737519954),('Teacher','321',1737520130),('Transport','322',1743405767),('Transport','592',1743411125),('User Permission','178',1672979666),('User Permission','179',2019),('User Permission','180',1670849290),('User Permission','181',2019),('User Permission','182',1678764442),('User Permission','184',1678764465),('User Permission','185',1678764477),('User Permission','186',1670666089),('User Permission','187',1678764496),('User Permission','189',2019),('User Permission','190',2019),('User Permission','191',2019),('User Permission','192',2019),('User Permission','193',1678764508),('User Permission','194',2019),('User Permission','195',1678764527),('User Permission','196',1670909957),('User Permission','197',1670992185),('User Permission','198',2019),('User Permission','199',1670849313),('User Permission','200',1678764554),('User Permission','201',2019),('User Permission','202',1672979738),('User Permission','203',1672979622),('User Permission','204',1672979759),('User Permission','205',1678764582),('User Permission','206',2019),('User Permission','207',2019),('User Permission','208',2019),('User Permission','209',1672979702),('User Permission','210',2019),('User Permission','211',2019),('User Permission','212',1670909943),('User Permission','213',1678764637),('User Permission','214',1670668468),('User Permission','215',2019),('User Permission','216',2019),('User Permission','217',2019),('User Permission','218',2019),('User Permission','219',1678764651),('User Permission','220',2019),('User Permission','221',2019),('User Permission','222',2019),('User Permission','223',2019),('User Permission','224',1678764659),('User Permission','225',1678764672),('User Permission','226',2021),('User Permission','227',1678764692),('User Permission','228',2021),('User Permission','229',2021),('User Permission','230',1678764686),('User Permission','231',1672979592),('User Permission','232',20220117073238),('User Permission','233',20220117073622),('User Permission','234',1670662327),('User Permission','235',1670663074),('User Permission','236',20220119044809),('User Permission','238',1671015163),('User Permission','239',1670854343),('User Permission','240',1670484281),('User Permission','241',1670990604),('User Permission','242',1672979721),('User Permission','243',1678764749),('User Permission','244',1678764755),('User Permission','245',1678764762),('User Permission','246',1678764769),('User Permission','247',1678764775),('User Permission','248',1678764785),('User Permission','249',20221017074642),('User Permission','250',1678764822),('User Permission','251',20221017080403),('User Permission','252',1670850472),('User Permission','253',1678764839),('User Permission','254',1672979645),('User Permission','255',20221017080944),('User Permission','256',1678764850),('User Permission','258',1678764882),('User Permission','259',1678764888),('User Permission','260',1678764894),('User Permission','261',1678764900),('User Permission','262',1678764906),('User Permission','263',20221017101227),('User Permission','264',1678764913),('User Permission','265',1678764920),('User Permission','266',1678764926),('User Permission','267',1670662354),('User Permission','268',1678764936),('User Permission','269',20230811042734),('User Permission','270',20230811042937),('User Permission','271',20230811043106),('User Permission','272',20230811043248),('User Permission','273',20230811043255),('User Permission','274',20230811043429),('User Permission','275',20230811043629),('User Permission','276',20230811043917),('User Permission','277',20230811044054),('User Permission','278',20230811044227),('User Permission','279',20230811044242),('User Permission','280',20230811044359),('User Permission','281',20230811044400),('User Permission','282',20230811044512),('User Permission','283',20230811044558),('User Permission','284',20230811044738),('User Permission','285',20230811045009),('User Permission','286',20230811045304),('User Permission','287',20230811045603),('User Permission','288',20230811045616),('User Permission','289',20230811045729),('User Permission','290',20230811045846),('User Permission','291',20230811045855),('User Permission','292',20230811050037),('User Permission','293',20230811050047),('User Permission','294',20230811050251),('User Permission','295',20230811050426),('User Permission','296',20230814085319),('User Permission','297',20230814091956),('User Permission','298',20230816082844),('User Permission','299',20230925050409),('User Permission','300',20231020044448),('User Permission','301',20231020053920),('User Permission','302',20231020054250),('User Permission','303',20231020062630),('User Permission','304',20231020063404),('User Permission','305',20231020063534),('User Permission','306',20231020063801),('User Permission','307',20231020065502),('User Permission','308',20231020065620),('User Permission','309',20240125053817),('User Permission','310',20240125053944),('User Permission','311',20240322111823),('User Permission','312',20240604123857),('User Permission','313',20240605050546),('User Permission','314',20240605050649),('User Permission','315',20240605050823),('User Permission','316',20240608051510),('User Permission','317',20240928075916),('User Permission','318',20240928081435),('User Permission','319',20241007094800),('User Permission','320',20250122042554),('User Permission','321',20250122042850),('Viewonly','177',1561963486),('Viewonly','2',1561962529);

--
-- Table structure for table `auth_item`
--

CREATE TABLE `auth_item` (
  `name` varchar(64) NOT NULL,
  `type` smallint(6) NOT NULL,
  `description` text DEFAULT NULL,
  `rule_name` varchar(64) DEFAULT NULL,
  `data` blob DEFAULT NULL,
  `created_at` int(11) DEFAULT NULL,
  `updated_at` int(11) DEFAULT NULL,
  PRIMARY KEY (`name`),
  KEY `rule_name` (`rule_name`),
  KEY `idx-auth_item-type` (`type`),
  CONSTRAINT `auth_item_ibfk_1` FOREIGN KEY (`rule_name`) REFERENCES `auth_rule` (`name`) ON DELETE SET NULL ON UPDATE CASCADE
) ENGINE=InnoDB DEFAULT CHARSET=utf8mb3 COLLATE=utf8mb3_unicode_ci;

--
-- Dumping data for table `auth_item`
--

INSERT INTO `auth_item` VALUES ('/*',2,NULL,NULL,NULL,1509773871,1509773871),('/admin/*',2,NULL,NULL,NULL,1509773855,1509773855),('/admin/assignment/*',2,NULL,NULL,NULL,1509773855,1509773855),('/admin/default/*',2,NULL,NULL,NULL,1509773855,1509773855),('/admin/menu/*',2,NULL,NULL,NULL,1509773855,1509773855),('/admin/permission/*',2,NULL,NULL,NULL,1509773855,1509773855),('/admin/role/*',2,NULL,NULL,NULL,1509773855,1509773855),('/admin/route/*',2,NULL,NULL,NULL,1509773855,1509773855),('/admin/rule/*',2,NULL,NULL,NULL,1509773855,1509773855),('/attendance/*',2,NULL,NULL,NULL,1512888764,1512888764),('/attendance/attendance/index',2,NULL,NULL,NULL,1513586339,1513586339),('/attendance/attendance/report',2,NULL,NULL,NULL,1513586298,1513586298),('/attendance/report/*',2,NULL,NULL,NULL,1513586409,1513586409),('/dashlets/*',2,NULL,NULL,NULL,1512888671,1512888671),('/dashletsemp/*',2,NULL,NULL,NULL,1512938078,1512938078),('/dashletsparent/*',2,NULL,NULL,NULL,1512938107,1512938107),('/dashletsstud/*',2,NULL,NULL,NULL,1512938096,1512938096),('/driver/driver/*',2,NULL,NULL,NULL,1743395658,1743395658),('/driver/vehicle/*',2,NULL,NULL,NULL,1743395681,1743395681),('/exam/*',2,NULL,NULL,NULL,1512888747,1512888747),('/feedback/*',2,NULL,NULL,NULL,1744156645,1744156645),('/gii',2,NULL,NULL,NULL,1512932426,1512932426),('/gii/*',2,NULL,NULL,NULL,1512932096,1512932096),('/quicklink/*',2,NULL,NULL,NULL,1512888701,1512888701),('/quicklinkemp/*',2,NULL,NULL,NULL,1512938042,1512938042),('/quicklinkparent/*',2,NULL,NULL,NULL,1512938065,1512938065),('/quicklinkstud/*',2,NULL,NULL,NULL,1512938055,1512938055),('/SIS/*',2,NULL,NULL,NULL,1512888738,1512888738),('/site/*',2,NULL,NULL,NULL,1512888641,1512888641),('/student/*',2,NULL,NULL,NULL,1512888781,1512888781),('/student/academicfeeassociation/select-course',2,NULL,NULL,NULL,1744157309,1744157309),('/student/academicfeeassociation/update-select-course',2,NULL,NULL,NULL,1744158031,1744158031),('/student/academicfeecollection/academicfeeindex',2,NULL,NULL,NULL,1744156948,1744156948),('/student/academicfeecollection/report',2,NULL,NULL,NULL,1744158190,1744158190),('/student/academicfeecollection/report-overall',2,NULL,NULL,NULL,1744158234,1744158234),('/student/academicfeemaster/*',2,NULL,NULL,NULL,1744157245,1744157245),('/student/admissionfee/admission-fee-report',2,NULL,NULL,NULL,1744157567,1744157567),('/transport/student-transport-route/*',2,NULL,NULL,NULL,1743395709,1743395709),('/transport/temporary-trip-student/index',2,NULL,NULL,NULL,1743395783,1743395783),('/transport/temporary-trip/*',2,NULL,NULL,NULL,1743395804,1743395804),('/transport/transport-route/*',2,NULL,NULL,NULL,1743395824,1743395824),('/transport/transport-route/transport-report',2,NULL,NULL,NULL,1743403745,1743403745),('/transport/transport-route/transport-route',2,NULL,NULL,NULL,1743395852,1743395852),('/tudent/academicfeecollection/report-overall/*',2,NULL,NULL,NULL,1744157481,1744157481),('Admin Permission',2,'Can do anything',NULL,NULL,1509773909,1509773909),('Admin_role',1,'admin',NULL,NULL,1516925407,1516925407),('Administration',1,NULL,NULL,NULL,1547536192,1547536192),('Data Entry',2,'data entry',NULL,NULL,1516431841,1516431841),('Exam Permission',2,'exam modules',NULL,NULL,1530859593,1530859593),('Fees',1,NULL,NULL,NULL,1744156591,1744156591),('Non-Teaching',1,NULL,NULL,NULL,1547536471,1547536471),('Normal User',1,NULL,NULL,NULL,1670214255,1670214255),('Operator',2,'operator',NULL,NULL,1516175641,1516175641),('student_operator',2,'student and exam permission',NULL,NULL,1517983740,1517983740),('Teacher',1,NULL,NULL,NULL,1547536199,1547536199),('Transport',1,NULL,NULL,NULL,1743395559,1743395559),('User Permission',2,'for users',NULL,NULL,1512888446,1512898644),('Viewonly',1,NULL,NULL,NULL,1552025108,1552025108);

--
-- Table structure for table `auth_item_child`
--

CREATE TABLE `auth_item_child` (
  `parent` varchar(64) NOT NULL,
  `child` varchar(64) NOT NULL,
  PRIMARY KEY (`parent`,`child`),
  KEY `child` (`child`),
  CONSTRAINT `auth_item_child_ibfk_1` FOREIGN KEY (`parent`) REFERENCES `auth_item` (`name`) ON DELETE CASCADE ON UPDATE CASCADE,
  CONSTRAINT `auth_item_child_ibfk_2` FOREIGN KEY (`child`) REFERENCES `auth_item` (`name`) ON DELETE CASCADE ON UPDATE CASCADE
) ENGINE=InnoDB DEFAULT CHARSET=utf8mb3 COLLATE=utf8mb3_unicode_ci;

--
-- Dumping data for table `auth_item_child`
--

INSERT INTO `auth_item_child` VALUES ('Admin Permission','/*'),('Admin Permission','/admin/*'),('Admin Permission','/admin/assignment/*'),('Admin Permission','/admin/default/*'),('Admin Permission','/admin/menu/*'),('Admin Permission','/admin/permission/*'),('Admin Permission','/admin/role/*'),('Admin Permission','/admin/route/*'),('Admin Permission','/admin/rule/*'),('Admin Permission','/attendance/*'),('Admin Permission','/attendance/attendance/index'),('Admin Permission','/attendance/attendance/report'),('Admin Permission','/attendance/report/*'),('Admin Permission','/dashlets/*'),('Admin Permission','/dashletsemp/*'),('Admin Permission','/dashletsparent/*'),('Admin Permission','/dashletsstud/*'),('Admin Permission','/driver/driver/*'),('Admin Permission','/driver/vehicle/*'),('Admin Permission','/exam/*'),('Admin Permission','/gii'),('Admin Permission','/gii/*'),('Admin Permission','/quicklink/*'),('Admin Permission','/quicklinkemp/*'),('Admin Permission','/quicklinkparent/*'),('Admin Permission','/quicklinkstud/*'),('Admin Permission','/SIS/*'),('Admin Permission','/site/*'),('Admin Permission','/student/*'),('Admin Permission','/transport/student-transport-route/*'),('Admin Permission','/transport/temporary-trip-student/index'),('Admin Permission','/transport/temporary-trip/*'),('Admin Permission','/transport/transport-route/*'),('Admin Permission','/transport/transport-route/transport-route'),('Admin_role','Admin Permission'),('Admin_role','Administration'),('Admin_role','Non-Teaching'),('Admin_role','Teacher'),('Data Entry','/*'),('Data Entry','/admin/*'),('Data Entry','/admin/assignment/*'),('Data Entry','/admin/default/*'),('Data Entry','/admin/menu/*'),('Data Entry','/admin/permission/*'),('Data Entry','/admin/role/*'),('Data Entry','/admin/route/*'),('Data Entry','/admin/rule/*'),('Exam Permission','/exam/*'),('Exam Permission','User Permission'),('Fees','/feedback/*'),('Fees','/student/academicfeeassociation/select-course'),('Fees','/student/academicfeeassociation/update-select-course'),('Fees','/student/academicfeecollection/academicfeeindex'),('Fees','/student/academicfeecollection/report'),('Fees','/student/academicfeecollection/report-overall'),('Fees','/student/academicfeemaster/*'),('Fees','/student/admissionfee/admission-fee-report'),('Fees','/tudent/academicfeecollection/report-overall/*'),('Operator','User Permission'),('student_operator','/attendance/*'),('student_operator','/dashlets/*'),('student_operator','/exam/*'),('student_operator','/quicklink/*'),('student_operator','/SIS/*'),('student_operator','/site/*'),('student_operator','/student/*'),('Teacher','/exam/*'),('Transport','/driver/driver/*'),('Transport','/driver/vehicle/*'),('Transport','/transport/student-transport-route/*'),('Transport','/transport/temporary-trip-student/index'),('Transport','/transport/temporary-trip/*'),('Transport','/transport/transport-route/*'),('Transport','/transport/transport-route/transport-route'),('User Permission','/attendance/*'),('User Permission','/attendance/attendance/index'),('User Permission','/attendance/attendance/report'),('User Permission','/attendance/report/*'),('User Permission','/dashlets/*'),('User Permission','/dashletsemp/*'),('User Permission','/dashletsparent/*'),('User Permission','/dashletsstud/*'),('User Permission','/exam/*'),('User Permission','/quicklink/*'),('User Permission','/quicklinkemp/*'),('User Permission','/quicklinkparent/*'),('User Permission','/quicklinkstud/*'),('User Permission','/SIS/*'),('User Permission','/site/*'),('User Permission','/student/*'),('Viewonly','Teacher');

--
-- Table structure for table `auth_rule`
--

CREATE TABLE `auth_rule` (
  `name` varchar(64) NOT NULL,
  `data` blob DEFAULT NULL,
  `created_at` int(11) DEFAULT NULL,
  `updated_at` int(11) DEFAULT NULL,
  PRIMARY KEY (`name`)
) ENGINE=InnoDB DEFAULT CHARSET=utf8mb3 COLLATE=utf8mb3_unicode_ci;

--
-- Dumping data for table `auth_rule`
--


--
-- Table structure for table `batch`
--

CREATE TABLE `batch` (
  `id` int(11) NOT NULL AUTO_INCREMENT,
  `name` varchar(55) NOT NULL,
  `courseFk` int(10) NOT NULL,
  `startdate` date NOT NULL,
  `enddate` date NOT NULL,
  `academicyear` varchar(50) DEFAULT NULL,
  `status` enum('Active','Inactive') NOT NULL,
  `createdBy` int(10) DEFAULT NULL,
  `createdDate` date DEFAULT NULL,
  PRIMARY KEY (`id`)
) ENGINE=InnoDB AUTO_INCREMENT=83 DEFAULT CHARSET=latin1 COLLATE=latin1_swedish_ci;

--
-- Dumping data for table `batch`
--

INSERT INTO `batch` VALUES (1,'2019-20',1,'2019-06-07','2019-06-04','1','Inactive',1,'2019-06-07'),(2,'2019-20',2,'2019-05-28','2019-06-18','1','Inactive',1,'2019-06-07'),(3,'2019-20',3,'2019-06-19','2019-07-02','1','Inactive',1,'2019-06-07'),(4,'2019-20',4,'2019-04-02','2020-02-05','1','Inactive',1,'2019-06-07'),(5,'2019-20',5,'2019-03-29','2020-02-14','1','Inactive',1,'2019-06-07'),(6,'2019-20',6,'2019-04-01','2020-02-20','1','Inactive',1,'2019-06-07'),(8,'2019-20',7,'2019-03-21','2020-02-20','1','Inactive',1,'2019-06-07'),(9,'2019-20',8,'2019-03-06','2020-02-20','1','Inactive',1,'2019-06-07'),(10,'2019-20',9,'2019-04-02','2020-02-20','1','Inactive',1,'2019-06-07'),(11,'2019-20',10,'2019-04-10','2020-02-12','1','Inactive',1,'2019-06-07'),(12,'2019-20',11,'2019-06-11','2019-07-02','1','Inactive',1,'2019-06-07'),(13,'2019-20',12,'2019-06-04','2019-06-19','1','Inactive',1,'2019-06-07'),(14,'2019-20',13,'2019-06-04','2019-07-02','1','Inactive',1,'2019-06-07'),(15,'2020-21',1,'2020-06-07','2020-06-04','2','Inactive',1,'2020-06-07'),(16,'2020-21',2,'2020-05-28','2020-06-18','2','Inactive',1,'2020-06-07'),(17,'2020-21',3,'2020-06-19','2020-07-02','2','Inactive',1,'2020-06-07'),(18,'2020-21',4,'2020-04-02','2020-02-05','2','Inactive',1,'2020-06-07'),(19,'2020-21',5,'2020-03-29','2020-02-14','2','Inactive',1,'2020-06-07'),(20,'2020-21',6,'2020-04-01','2020-02-20','2','Inactive',1,'2020-06-07'),(21,'2020-21',7,'2020-03-21','2020-02-20','2','Inactive',1,'2020-06-07'),(22,'2020-21',8,'2020-03-06','2020-02-20','2','Inactive',1,'2020-06-07'),(23,'2020-21',9,'2020-04-02','2020-02-20','2','Inactive',1,'2020-06-07'),(24,'2020-21',10,'2020-04-10','2020-02-12','2','Inactive',1,'2020-06-07'),(25,'2020-21',11,'2020-06-11','2020-07-02','2','Inactive',1,'2020-06-07'),(26,'2020-21',12,'2020-06-04','2020-06-19','2','Inactive',1,'2020-06-07'),(27,'2020-21',13,'2020-06-04','2020-07-02','2','Inactive',1,'2020-06-07'),(28,'2021-22',1,'2021-04-10','2022-02-12','3','Inactive',1,'2022-01-19'),(29,'2021-22',2,'2021-04-10','2022-02-12','3','Inactive',1,'2022-01-19'),(30,'2021-22',3,'2021-04-10','2022-02-12','3','Inactive',1,'2022-01-19'),(31,'2021-22',4,'2021-04-10','2022-02-12','3','Inactive',1,'2022-01-19'),(32,'2021-22',5,'2021-04-10','2022-02-12','3','Inactive',1,'2022-01-19'),(33,'2021-22',6,'2021-04-10','2022-02-12','3','Inactive',1,'2022-01-19'),(34,'2021-22',7,'2021-04-10','2022-02-12','3','Inactive',1,'2022-01-19'),(35,'2021-22',8,'2021-04-10','2022-02-12','3','Inactive',1,'2022-01-19'),(36,'2021-22',9,'2021-04-10','2022-02-12','3','Inactive',1,'2022-01-19'),(37,'2021-22',10,'2021-04-10','2022-02-12','3','Inactive',1,'2022-01-19'),(38,'2021-22',11,'2021-04-10','2022-02-12','3','Inactive',1,'2022-01-19'),(39,'2021-22',12,'2021-04-10','2022-02-12','3','Inactive',1,'2022-01-19'),(40,'2021-22',13,'2021-04-10','2022-02-12','3','Inactive',1,'2022-01-19'),(41,'2022-23',1,'2022-04-10','2023-02-12','4','Inactive',1,'2023-01-19'),(42,'2022-23',2,'2022-04-10','2022-02-12','4','Inactive',1,'2022-01-19'),(43,'2022-23',3,'2022-04-10','2023-02-12','4','Inactive',1,'2022-01-19'),(44,'2022-23',4,'2022-04-10','2023-02-12','4','Inactive',1,'2022-01-19'),(45,'2022-23',5,'2022-04-10','2022-02-12','4','Inactive',1,'2022-01-19'),(46,'2022-23',6,'2022-04-10','2023-02-12','4','Inactive',1,'2022-01-19'),(47,'2022-23',7,'2022-04-10','2023-02-12','4','Inactive',1,'2022-01-19'),(48,'2022-23',8,'2022-04-10','2023-02-12','4','Inactive',1,'2022-01-19'),(49,'2022-23',9,'2022-04-10','2022-02-12','4','Inactive',1,'2022-01-19'),(50,'2022-23',10,'2022-04-10','2022-02-12','4','Inactive',1,'2022-01-19'),(51,'2022-23',11,'2022-04-10','2022-02-12','4','Inactive',1,'2022-01-19'),(52,'2022-23',12,'2022-04-10','2022-02-12','4','Inactive',1,'2022-01-19'),(53,'2022-23',13,'2022-04-10','2023-02-12','4','Inactive',1,'2022-01-19'),(54,'2023-24',1,'2023-04-10','2024-02-12','5','Inactive',1,'2023-01-19'),(55,'2023-24',2,'2023-04-10','2024-02-12','5','Inactive',1,'2023-01-19'),(56,'2023-24',3,'2023-04-10','2023-02-12','5','Inactive',1,'2024-01-19'),(57,'2023-24',4,'2023-04-10','2024-02-12','5','Inactive',1,'2023-01-19'),(58,'2023-24',5,'2023-04-10','2024-02-12','5','Inactive',1,'2023-01-19'),(59,'2023-24',6,'2023-04-10','2024-02-12','5','Inactive',1,'2023-01-19'),(60,'2023-24',7,'2023-04-10','2024-02-12','5','Inactive',1,'2023-01-19'),(61,'2023-24',8,'2023-04-10','2024-02-12','5','Inactive',1,'2023-01-19'),(62,'2023-24',9,'2023-04-10','2024-02-12','5','Inactive',1,'2023-01-19'),(63,'2023-24',10,'2023-04-10','2024-02-12','5','Inactive',1,'2023-01-19'),(64,'2023-24',11,'2023-04-10','2024-02-12','5','Inactive',1,'2023-01-19'),(65,'2023-24',12,'2023-04-10','2024-02-12','5','Inactive',1,'2023-01-19'),(66,'2023-24',13,'2023-04-10','2024-02-12','5','Inactive',1,'2023-01-19'),(67,'2023-2024',14,'2023-05-02','2024-03-13','5','Inactive',1,'2023-10-19'),(68,'2024-25',1,'2024-04-10','2025-02-12','6','Active',1,'2024-06-04'),(69,'2024-25',2,'2024-04-10','2025-02-12','6','Active',1,'2024-06-04'),(70,'2024-25',3,'2024-04-10','2025-02-12','6','Active',1,'2024-06-04'),(71,'2024-25',4,'2024-04-10','2025-02-12','6','Active',1,'2024-06-04'),(72,'2024-25',5,'2024-04-10','2025-02-12','6','Active',1,'2024-06-04'),(73,'2024-25',6,'2024-04-10','2025-02-12','6','Active',1,'2024-06-04'),(74,'2024-25',7,'2024-04-10','2025-02-12','6','Active',1,'2024-06-04'),(75,'2024-25',8,'2024-04-10','2025-02-12','6','Active',1,'2024-06-04'),(76,'2024-25',9,'2024-04-10','2025-02-12','6','Active',1,'2024-06-04'),(77,'2024-25',10,'2024-04-10','2025-02-12','6','Active',1,'2024-06-04'),(78,'2024-25',11,'2024-04-10','2025-02-12','6','Active',1,'2024-06-04'),(79,'2024-25',12,'2024-04-10','2025-02-12','6','Active',1,'2024-06-04'),(80,'2024-25',13,'2024-04-10','2025-02-12','6','Active',1,'2024-06-04'),(81,'2024-2025',14,'2024-05-02','2025-03-13','6','Active',1,'2024-06-04'),(82,'2024-2025',15,'2024-05-02','2025-03-13','6','Active',1,'2024-06-04');

--
-- Table structure for table `biometric_attendance`
--

CREATE TABLE `biometric_attendance` (
  `id` int(11) NOT NULL AUTO_INCREMENT,
  `student_id` int(11) NOT NULL,
  `attend_date` date NOT NULL,
  `in_time` datetime NOT NULL,
  `out_time` datetime NOT NULL,
  PRIMARY KEY (`id`),
  KEY `student_id` (`student_id`)
) ENGINE=InnoDB AUTO_INCREMENT=9 DEFAULT CHARSET=latin1 COLLATE=latin1_swedish_ci;

--
-- Dumping data for table `biometric_attendance`
--


--
-- Table structure for table `blood`
--

CREATE TABLE `blood` (
  `id` int(11) NOT NULL AUTO_INCREMENT,
  `name` varchar(55) NOT NULL,
  PRIMARY KEY (`id`)
) ENGINE=InnoDB AUTO_INCREMENT=9 DEFAULT CHARSET=latin1 COLLATE=latin1_swedish_ci;

--
-- Dumping data for table `blood`
--

INSERT INTO `blood` VALUES (1,'A+ve'),(2,'A-ve'),(3,'B+ve'),(4,'B-ve'),(5,'AB+ve'),(6,'AB-ve'),(7,'O+ve'),(8,'O-ve');

--
-- Table structure for table `book_category`
--

CREATE TABLE `book_category` (
  `id` int(11) NOT NULL AUTO_INCREMENT,
  `name` varchar(225) NOT NULL,
  `created_at` timestamp NOT NULL DEFAULT current_timestamp(),
  `updated_at` timestamp NULL DEFAULT NULL ON UPDATE current_timestamp(),
  `is_active` char(1) NOT NULL DEFAULT '1',
  PRIMARY KEY (`id`)
) ENGINE=InnoDB DEFAULT CHARSET=latin1 COLLATE=latin1_swedish_ci;

--
-- Dumping data for table `book_category`
--


--
-- Table structure for table `books`
--

CREATE TABLE `books` (
  `id` int(11) NOT NULL AUTO_INCREMENT,
  `book_code` varchar(225) NOT NULL,
  `name` varchar(225) DEFAULT NULL,
  `author` varchar(225) DEFAULT NULL,
  `stock` int(11) NOT NULL,
  `available_to_borrow` int(11) DEFAULT NULL,
  `book_category_id` int(11) DEFAULT NULL,
  `rack` varchar(50) DEFAULT NULL,
  `days_to_borrow` int(11) DEFAULT 7,
  `course_id` int(11) DEFAULT NULL,
  `created_at` timestamp NOT NULL DEFAULT current_timestamp(),
  `updated_at` timestamp NULL DEFAULT NULL ON UPDATE current_timestamp(),
  `is_active` char(1) NOT NULL DEFAULT '1',
  PRIMARY KEY (`id`),
  UNIQUE KEY `book_code` (`book_code`),
  KEY `is_active` (`is_active`),
  KEY `book_category_id` (`book_category_id`),
  KEY `course_id` (`course_id`),
  CONSTRAINT `books_ibfk_1` FOREIGN KEY (`book_category_id`) REFERENCES `book_category` (`id`),
  CONSTRAINT `books_ibfk_2` FOREIGN KEY (`course_id`) REFERENCES `courses` (`course_id`)
) ENGINE=InnoDB DEFAULT CHARSET=latin1 COLLATE=latin1_swedish_ci;

--
-- Dumping data for table `books`
--


--
-- Table structure for table `books_log`
--

CREATE TABLE `books_log` (
  `id` int(11) NOT NULL AUTO_INCREMENT,
  `student_id` int(11) NOT NULL,
  `book_id` int(11) NOT NULL,
  `borrow_date` date DEFAULT NULL,
  `due_date` date NOT NULL,
  `return_date` date DEFAULT NULL,
  `fine_paid` int(11) DEFAULT NULL,
  `status` enum('Borrowed','Returned','Overdue') DEFAULT 'Borrowed',
  `created_at` timestamp NOT NULL DEFAULT current_timestamp(),
  `updated_at` timestamp NULL DEFAULT NULL ON UPDATE current_timestamp(),
  `is_active` char(1) NOT NULL DEFAULT '1',
  PRIMARY KEY (`id`),
  KEY `book_id` (`book_id`),
  KEY `student_id` (`student_id`),
  KEY `is_active` (`is_active`),
  CONSTRAINT `books_log_ibfk_1` FOREIGN KEY (`book_id`) REFERENCES `books` (`id`)
) ENGINE=InnoDB DEFAULT CHARSET=latin1 COLLATE=latin1_swedish_ci;

--
-- Dumping data for table `books_log`
--


--
-- Table structure for table `calender`
--

CREATE TABLE `calender` (
  `id` int(11) NOT NULL AUTO_INCREMENT,
  `event_name` varchar(50) NOT NULL,
  `description` varchar(50) NOT NULL,
  `status` varchar(10) NOT NULL,
  `event_date` date NOT NULL,
  `startdate` date DEFAULT NULL,
  `enddate` date DEFAULT NULL,
  `holiday` int(11) DEFAULT NULL,
  `created_date` date NOT NULL,
  `created_by` int(11) NOT NULL,
  `updated_by` int(11) DEFAULT NULL,
  `updated_date` datetime DEFAULT NULL,
  `classHolidayId` int(10) DEFAULT NULL,
  PRIMARY KEY (`id`)
) ENGINE=InnoDB AUTO_INCREMENT=2 DEFAULT CHARSET=latin1 COLLATE=latin1_swedish_ci;

--
-- Dumping data for table `calender`
--

INSERT INTO `calender` VALUES (1,'Sajibu Nongma Panba','Sajibu Nongma Panba','created','2019-04-06','2019-04-06','2019-04-06',1,'2019-07-08',1,NULL,NULL,NULL);

--
-- Table structure for table `category`
--

CREATE TABLE `category` (
  `id` int(10) NOT NULL AUTO_INCREMENT,
  `name` varchar(55) DEFAULT NULL,
  `description` varchar(55) DEFAULT NULL,
  PRIMARY KEY (`id`)
) ENGINE=InnoDB AUTO_INCREMENT=5 DEFAULT CHARSET=latin1 COLLATE=latin1_swedish_ci;

--
-- Dumping data for table `category`
--

INSERT INTO `category` VALUES (1,'General','Unreserved'),(2,'OBC','Other Backward Classes'),(3,'SC','Scheduled Caste'),(4,'ST','Scheduled Tribe');

--
-- Table structure for table `cc_setting`
--

CREATE TABLE `cc_setting` (
  `id` int(11) NOT NULL AUTO_INCREMENT,
  `title` varchar(25) NOT NULL,
  `template` varchar(10) NOT NULL,
  `bg` varchar(10) NOT NULL,
  `authoritycolor` varchar(10) NOT NULL,
  `text` varchar(10) NOT NULL,
  `institution` varchar(55) NOT NULL,
  `address` varchar(55) NOT NULL,
  `authority1` varchar(30) NOT NULL,
  `authority2` varchar(30) NOT NULL,
  PRIMARY KEY (`id`)
) ENGINE=InnoDB DEFAULT CHARSET=latin1 COLLATE=latin1_swedish_ci;

--
-- Dumping data for table `cc_setting`
--


--
-- Table structure for table `characters`
--

CREATE TABLE `characters` (
  `id` int(11) NOT NULL AUTO_INCREMENT,
  `student_id` int(11) NOT NULL,
  `institude` varchar(55) NOT NULL,
  `date_from` date NOT NULL,
  `date_to` date NOT NULL,
  `conduct` varchar(20) NOT NULL,
  `in_place` varchar(20) NOT NULL,
  PRIMARY KEY (`id`)
) ENGINE=InnoDB DEFAULT CHARSET=latin1 COLLATE=latin1_swedish_ci;

--
-- Dumping data for table `characters`
--


--
-- Table structure for table `class_designation`
--

CREATE TABLE `class_designation` (
  `id` int(11) NOT NULL AUTO_INCREMENT,
  `course_id` int(11) NOT NULL,
  `name` varchar(200) NOT NULL,
  `mark` varchar(100) NOT NULL,
  PRIMARY KEY (`id`)
) ENGINE=InnoDB DEFAULT CHARSET=latin1 COLLATE=latin1_swedish_ci;

--
-- Dumping data for table `class_designation`
--


--
-- Table structure for table `class_holidays`
--

CREATE TABLE `class_holidays` (
  `id` int(10) NOT NULL AUTO_INCREMENT,
  `name` varchar(55) NOT NULL,
  `description` text NOT NULL,
  `course` int(10) NOT NULL,
  `batch` int(10) NOT NULL,
  `strart_date` date NOT NULL,
  `end_date` date NOT NULL,
  `createdBy` int(10) DEFAULT NULL,
  `createdDate` date NOT NULL,
  PRIMARY KEY (`id`)
) ENGINE=InnoDB DEFAULT CHARSET=latin1 COLLATE=latin1_swedish_ci;

--
-- Dumping data for table `class_holidays`
--


--
-- Table structure for table `coscholastic_subject_assign`
--

CREATE TABLE `coscholastic_subject_assign` (
  `id` int(11) NOT NULL AUTO_INCREMENT,
  `course_id` int(11) NOT NULL,
  `section_id` int(11) NOT NULL,
  `coscholastic_subject_id` int(11) NOT NULL,
  `employee_id` int(11) NOT NULL,
  PRIMARY KEY (`id`)
) ENGINE=InnoDB AUTO_INCREMENT=1233 DEFAULT CHARSET=latin1 COLLATE=latin1_swedish_ci;

--
-- Dumping data for table `coscholastic_subject_assign`
--

INSERT INTO `coscholastic_subject_assign` VALUES (1,4,8,1,1),(23,8,26,17,32),(24,8,26,20,32),(146,4,8,2,9),(147,4,9,2,9),(148,5,13,6,9),(149,5,14,6,9),(150,6,17,10,9),(151,6,18,10,9),(152,7,21,14,9),(153,7,22,14,9),(154,8,25,18,9),(155,8,26,18,9),(156,9,29,22,9),(157,9,30,22,9),(158,9,40,22,9),(159,10,33,26,9),(160,10,34,26,9),(161,11,36,30,9),(162,11,37,30,9),(169,6,18,12,24),(171,10,33,28,29),(173,8,26,20,34),(180,7,22,16,19),(238,4,9,4,81),(241,5,35,8,64),(242,6,17,12,79),(243,6,18,12,12),(245,7,21,16,63),(246,7,22,16,67),(247,7,43,16,17),(249,8,26,20,71),(251,10,33,28,49),(273,13,48,41,27),(274,13,48,40,27),(275,13,48,42,27),(276,13,46,40,23),(277,13,46,41,23),(278,13,46,42,23),(314,7,43,14,7),(315,7,21,14,7),(316,10,33,26,7),(317,10,34,26,7),(318,11,36,30,7),(319,11,37,30,7),(320,11,45,30,7),(459,9,40,24,86),(460,7,22,14,86),(461,11,36,30,86),(462,6,18,10,86),(463,5,13,6,86),(464,4,8,2,86),(465,4,9,2,86),(466,5,14,6,86),(467,5,35,6,86),(503,10,44,26,85),(504,11,37,30,85),(505,6,17,10,85),(506,6,42,10,85),(507,5,35,6,85),(508,5,14,6,85),(509,6,17,10,85),(510,6,42,10,85),(511,7,21,14,85),(512,7,22,14,85),(513,7,43,14,85),(514,8,25,18,85),(515,8,26,18,85),(529,4,8,2,6),(530,4,9,2,6),(531,5,13,6,6),(532,5,14,6,6),(533,5,35,6,6),(534,6,17,10,6),(535,6,18,10,6),(537,9,40,24,90),(562,4,8,1,80),(563,4,9,1,80),(564,5,13,5,80),(565,5,14,5,80),(566,6,42,9,80),(567,6,17,9,80),(568,6,18,9,80),(569,6,42,9,80),(570,7,21,13,80),(571,7,22,13,80),(572,7,43,13,80),(573,8,25,17,80),(574,8,26,17,80),(575,9,29,21,80),(576,9,30,21,80),(577,9,40,21,80),(578,10,33,25,80),(579,10,34,25,80),(580,10,44,25,80),(581,11,36,29,80),(582,11,37,29,80),(583,11,45,29,80),(588,12,41,36,33),(589,12,41,34,33),(590,12,41,33,33),(591,12,41,35,33),(661,10,34,28,48),(662,11,45,32,104),(663,6,42,12,70),(664,7,22,16,87),(665,9,30,24,115),(666,13,48,42,76),(668,8,49,20,88),(670,4,10,4,45),(671,4,9,4,43),(672,9,29,24,58),(674,13,47,42,21),(675,13,47,41,21),(676,13,47,40,21),(685,11,37,32,78),(687,6,18,12,92),(689,8,26,20,65),(690,9,40,24,103),(691,13,46,42,89),(697,7,21,16,107),(819,4,9,3,11),(820,4,10,3,11),(821,6,42,11,11),(822,7,21,15,11),(823,7,43,15,11),(824,8,25,19,11),(825,8,49,19,11),(826,10,33,27,11),(827,11,36,31,11),(828,11,37,31,11),(829,11,45,31,11),(830,4,8,1,11),(831,4,9,1,11),(832,4,10,1,11),(833,5,13,5,11),(834,5,14,5,11),(835,5,35,5,11),(836,6,17,9,11),(837,6,18,9,11),(838,6,42,9,11),(839,7,21,13,11),(840,7,22,13,11),(841,7,43,13,11),(842,8,25,17,11),(843,8,26,17,11),(844,8,49,17,11),(845,9,29,21,11),(846,9,30,21,11),(847,9,40,21,11),(848,10,33,25,11),(849,10,34,25,11),(850,10,44,25,11),(851,11,36,29,11),(852,11,37,29,11),(853,11,45,29,11),(854,4,8,3,11),(855,5,13,7,11),(856,5,14,7,11),(857,5,35,7,11),(858,6,17,11,11),(859,6,18,11,11),(860,7,22,15,11),(861,8,26,19,11),(862,9,29,23,11),(863,9,30,23,11),(864,9,40,23,11),(865,10,34,27,11),(866,10,44,27,11),(868,8,25,20,100),(869,8,25,20,69),(870,11,45,32,111),(914,5,35,6,83),(915,6,42,10,83),(916,7,22,14,83),(917,9,29,22,83),(918,9,30,22,83),(919,9,40,22,83),(920,10,33,26,83),(921,10,34,26,83),(922,10,44,26,83),(923,11,36,30,83),(924,11,37,30,83),(925,11,45,30,83),(926,4,8,2,84),(927,4,9,2,84),(928,4,10,2,84),(929,5,13,6,84),(930,5,14,6,84),(931,6,17,10,84),(932,6,18,10,84),(933,7,21,14,84),(934,7,43,14,84),(935,8,25,18,84),(936,8,26,18,84),(937,8,49,18,84),(950,4,8,2,123),(951,4,9,2,123),(952,4,10,2,123),(953,5,13,6,123),(954,5,14,6,123),(955,6,17,10,123),(956,6,18,10,123),(957,7,21,14,123),(958,7,43,14,123),(959,8,25,18,123),(960,8,26,18,123),(961,8,49,18,123),(962,6,17,12,97),(1003,12,39,36,105),(1004,12,39,33,105),(1005,12,39,34,105),(1006,12,39,35,105),(1007,12,41,36,105),(1009,12,38,36,28),(1010,9,30,23,106),(1011,11,36,29,106),(1012,9,30,21,106),(1013,11,36,31,106),(1014,11,37,29,106),(1015,11,37,31,106),(1028,8,25,20,10),(1029,8,49,20,10),(1030,5,14,8,120),(1031,4,8,4,120),(1032,7,43,16,22),(1033,6,18,12,119),(1035,5,14,8,102),(1037,4,9,4,54),(1038,8,25,20,51),(1039,5,13,8,118),(1040,10,44,28,26),(1041,12,39,36,38),(1042,12,39,34,38),(1043,12,39,33,38),(1044,12,39,35,38),(1045,9,30,24,38),(1046,5,35,8,113),(1047,12,38,33,2),(1048,12,38,34,2),(1049,12,38,35,2),(1050,12,38,36,2),(1051,11,37,32,2),(1052,9,29,24,99),(1053,11,45,32,95),(1054,10,34,28,4),(1157,11,36,32,117),(1158,10,33,28,20),(1159,7,21,16,98),(1181,11,36,32,36),(1182,12,38,36,36),(1183,10,33,27,108),(1184,10,33,27,108),(1185,11,37,31,108),(1186,11,45,31,108),(1187,9,29,23,108),(1188,12,38,33,108),(1189,12,38,35,108),(1190,12,39,33,108),(1191,12,39,35,108),(1192,12,41,33,108),(1193,12,41,35,108),(1194,5,35,6,8),(1195,6,42,10,8),(1196,7,22,14,8),(1197,9,29,22,8),(1198,9,30,22,8),(1199,9,40,22,8),(1200,10,33,26,8),(1201,10,34,26,8),(1202,10,44,26,8),(1203,11,36,30,8),(1204,11,37,30,8),(1205,11,45,30,8),(1206,12,38,34,8),(1207,12,39,34,8),(1208,12,41,34,8),(1209,8,25,19,82),(1210,8,26,19,82),(1211,9,29,23,82),(1212,9,30,23,82),(1213,9,40,23,82),(1214,10,33,27,82),(1215,10,34,27,82),(1216,11,36,31,82),(1217,11,37,31,82),(1218,11,45,31,82),(1219,8,25,17,82),(1220,8,26,17,82),(1221,9,29,21,82),(1222,9,30,21,82),(1223,9,40,21,82),(1224,7,21,16,82),(1225,12,41,33,82),(1226,12,41,34,82),(1227,12,41,35,82),(1228,12,41,36,82),(1229,12,39,36,55),(1230,12,39,33,55),(1231,12,39,34,55),(1232,12,39,35,55);

--
-- Table structure for table `country`
--

CREATE TABLE `country` (
  `id` int(11) NOT NULL AUTO_INCREMENT,
  `code` varchar(10) NOT NULL,
  `name` varchar(100) NOT NULL,
  `status` enum('Active','Inactive') NOT NULL DEFAULT 'Active',
  PRIMARY KEY (`id`)
) ENGINE=InnoDB AUTO_INCREMENT=355 DEFAULT CHARSET=latin1 COLLATE=latin1_swedish_ci;

--
-- Dumping data for table `country`
--

INSERT INTO `country` VALUES (354,'IN','India','Active');

--
-- Table structure for table `course_type`
--

CREATE TABLE `course_type` (
  `id` int(11) NOT NULL AUTO_INCREMENT,
  `name` varchar(255) NOT NULL,
  PRIMARY KEY (`id`)
) ENGINE=InnoDB AUTO_INCREMENT=5 DEFAULT CHARSET=utf8mb4 COLLATE=utf8mb4_general_ci;

--
-- Dumping data for table `course_type`
--

INSERT INTO `course_type` VALUES (1,'NEET'),(2,'Science'),(3,'Arts'),(4,'Gen');

--
-- Table structure for table `courses`
--

CREATE TABLE `courses` (
  `course_id` int(11) NOT NULL AUTO_INCREMENT,
  `course` varchar(100) NOT NULL,
  `code` varchar(10) NOT NULL,
  `grade` varchar(50) NOT NULL,
  `status` enum('Active','Inactive') NOT NULL DEFAULT 'Active',
  `createdBy` int(10) DEFAULT NULL,
  `createdDate` date DEFAULT NULL,
  PRIMARY KEY (`course_id`)
) ENGINE=InnoDB AUTO_INCREMENT=16 DEFAULT CHARSET=latin1 COLLATE=latin1_swedish_ci;

--
-- Dumping data for table `courses`
--

INSERT INTO `courses` VALUES (1,'Pre Nursery','PN','','Active',1,'2019-01-23'),(2,'Nursery','NR','','Active',1,'2019-01-23'),(3,'K.G','KG','','Active',1,'2019-01-23'),(4,'Class I','CI','Normal','Active',1,'2019-01-16'),(5,'Class II','CII','Normal','Active',1,'2019-01-16'),(6,'Class III','III','Normal','Active',1,'2019-01-16'),(7,'Class IV','CIV','Normal','Active',1,'2019-01-16'),(8,'Class V','CV','Normal','Active',1,'2019-01-16'),(9,'Class VI','CVI','Normal','Active',1,'2019-01-16'),(10,'Class VII','CVII','Normal','Active',1,'2019-01-16'),(11,'Class VIII','CVIII','Normal','Active',1,'2019-01-16'),(12,'Class IX','CIX','Normal','Active',1,'2019-01-16'),(13,'Class X','CX','Normal','Active',1,'2019-01-16'),(14,'Class XI','XI','Normal','Active',1,'2019-01-23'),(15,'Class XII','XII','Normal','Active',1,'2019-01-23');

--
-- Table structure for table `cwsn`
--

CREATE TABLE `cwsn` (
  `id` int(11) NOT NULL AUTO_INCREMENT,
  `name` varchar(55) NOT NULL,
  PRIMARY KEY (`id`)
) ENGINE=InnoDB AUTO_INCREMENT=11 DEFAULT CHARSET=latin1 COLLATE=latin1_swedish_ci;

--
-- Dumping data for table `cwsn`
--

INSERT INTO `cwsn` VALUES (0,'None'),(1,'Braille Books'),(2,'Braille Kit'),(3,'Low Vision Kit'),(4,'Hairing Aid'),(5,'Braces'),(6,'Crutches'),(7,'Wheel Chair'),(8,'Tri-cycle'),(9,'Calliper'),(10,'Others');

--
-- Table structure for table `dashlets`
--

CREATE TABLE `dashlets` (
  `id` int(11) NOT NULL AUTO_INCREMENT,
  `name` varchar(100) NOT NULL,
  `links` varchar(500) NOT NULL,
  `description` varchar(250) DEFAULT NULL,
  `status` enum('Active','Inactive') NOT NULL,
  `code` int(11) DEFAULT NULL,
  PRIMARY KEY (`id`)
) ENGINE=InnoDB DEFAULT CHARSET=latin1 COLLATE=latin1_swedish_ci;

--
-- Dumping data for table `dashlets`
--


--
-- Table structure for table `dashletsemp`
--

CREATE TABLE `dashletsemp` (
  `id` int(11) NOT NULL AUTO_INCREMENT,
  `name` varchar(100) NOT NULL,
  `links` varchar(500) NOT NULL,
  `description` varchar(250) DEFAULT NULL,
  `status` enum('Active','Inactive') NOT NULL,
  PRIMARY KEY (`id`)
) ENGINE=InnoDB DEFAULT CHARSET=latin1 COLLATE=latin1_swedish_ci;

--
-- Dumping data for table `dashletsemp`
--


--
-- Table structure for table `dashletsparent`
--

CREATE TABLE `dashletsparent` (
  `id` int(11) NOT NULL AUTO_INCREMENT,
  `name` varchar(100) NOT NULL,
  `links` varchar(500) NOT NULL,
  `description` varchar(250) DEFAULT NULL,
  `status` enum('Active','Inactive') NOT NULL,
  PRIMARY KEY (`id`)
) ENGINE=InnoDB DEFAULT CHARSET=latin1 COLLATE=latin1_swedish_ci;

--
-- Dumping data for table `dashletsparent`
--


--
-- Table structure for table `dashletsstud`
--

CREATE TABLE `dashletsstud` (
  `id` int(11) NOT NULL AUTO_INCREMENT,
  `name` varchar(100) NOT NULL,
  `links` varchar(500) NOT NULL,
  `description` varchar(250) DEFAULT NULL,
  `status` enum('Active','Inactive') NOT NULL,
  PRIMARY KEY (`id`)
) ENGINE=InnoDB DEFAULT CHARSET=latin1 COLLATE=latin1_swedish_ci;

--
-- Dumping data for table `dashletsstud`
--


--
-- Table structure for table `dateformate`
--

CREATE TABLE `dateformate` (
  `id` int(11) NOT NULL,
  `name` varchar(100) NOT NULL,
  `status` enum('Active','Inactive') NOT NULL,
  PRIMARY KEY (`id`)
) ENGINE=InnoDB DEFAULT CHARSET=latin1 COLLATE=latin1_swedish_ci;

--
-- Dumping data for table `dateformate`
--


--
-- Table structure for table `dateseparator`
--

CREATE TABLE `dateseparator` (
  `id` int(11) NOT NULL,
  `name` varchar(100) NOT NULL,
  `status` enum('Active','Inactive') NOT NULL,
  PRIMARY KEY (`id`)
) ENGINE=InnoDB DEFAULT CHARSET=latin1 COLLATE=latin1_swedish_ci;

--
-- Dumping data for table `dateseparator`
--


--
-- Table structure for table `day_of_week`
--

CREATE TABLE `day_of_week` (
  `id` int(11) NOT NULL AUTO_INCREMENT,
  `day` varchar(9) NOT NULL,
  PRIMARY KEY (`id`)
) ENGINE=InnoDB AUTO_INCREMENT=7 DEFAULT CHARSET=latin1 COLLATE=latin1_swedish_ci;

--
-- Dumping data for table `day_of_week`
--

INSERT INTO `day_of_week` VALUES (1,'Monday'),(2,'Tuesday'),(3,'Wednesday'),(4,'Thursday'),(5,'Friday'),(6,'Saturday');

--
-- Table structure for table `department`
--

CREATE TABLE `department` (
  `id` int(11) NOT NULL AUTO_INCREMENT,
  `dept_name` varchar(100) NOT NULL,
  `status` enum('Active','Inactive') NOT NULL,
  PRIMARY KEY (`id`)
) ENGINE=InnoDB AUTO_INCREMENT=4 DEFAULT CHARSET=latin1 COLLATE=latin1_swedish_ci;

--
-- Dumping data for table `department`
--

INSERT INTO `department` VALUES (1,'Academics','Active'),(2,'Accounts','Active'),(3,'Marketing','Active');

--
-- Table structure for table `disability`
--

CREATE TABLE `disability` (
  `id` int(11) NOT NULL AUTO_INCREMENT,
  `name` varchar(55) NOT NULL,
  PRIMARY KEY (`id`)
) ENGINE=InnoDB AUTO_INCREMENT=99 DEFAULT CHARSET=latin1 COLLATE=latin1_swedish_ci;

--
-- Dumping data for table `disability`
--

INSERT INTO `disability` VALUES (0,'Not Applicable'),(1,'Blindness'),(2,'Low-Vision'),(3,'Hairing Impairment'),(4,'Speech and Language'),(5,'Loco Motor Disability'),(6,'Mental Illness'),(7,'Specific Learning'),(8,'Cerebal Palsy'),(9,'Autism Spectrum'),(10,'Multiple Disability'),(11,'Leprosy Cured'),(12,'Dwarfism'),(13,'Intellectual Disability'),(14,'Muscular dystrophy'),(15,'Chronic Neurology'),(16,'Multiple sclerosis'),(17,'Thalassemia'),(18,'Hemophilia'),(19,'Sickle Cell Disease'),(21,'Parkinsons Disease'),(22,'Acid Attack Victim'),(98,'Others');

--
-- Table structure for table `discount`
--

CREATE TABLE `discount` (
  `id` int(11) NOT NULL AUTO_INCREMENT,
  `discountType` int(10) NOT NULL,
  `discountPercentage` varchar(55) NOT NULL,
  PRIMARY KEY (`id`),
  KEY `discountType` (`discountType`),
  CONSTRAINT `discount_ibfk_1` FOREIGN KEY (`discountType`) REFERENCES `studentcategory` (`id`)
) ENGINE=InnoDB DEFAULT CHARSET=latin1 COLLATE=latin1_swedish_ci;

--
-- Dumping data for table `discount`
--


--
-- Table structure for table `employeecategory`
--

CREATE TABLE `employeecategory` (
  `id` int(11) NOT NULL AUTO_INCREMENT,
  `emp_cat_name` varchar(100) NOT NULL,
  `emp_status` enum('Active','Inactive') NOT NULL,
  PRIMARY KEY (`id`)
) ENGINE=InnoDB AUTO_INCREMENT=4 DEFAULT CHARSET=latin1 COLLATE=latin1_swedish_ci;

--
-- Dumping data for table `employeecategory`
--

INSERT INTO `employeecategory` VALUES (1,'Administration','Active'),(2,'Teacher','Active'),(3,'Non-Teaching','Active');

--
-- Table structure for table `employeegrade`
--

CREATE TABLE `employeegrade` (
  `id` int(11) NOT NULL AUTO_INCREMENT,
  `grade_name` varchar(100) NOT NULL,
  `priority` varchar(50) NOT NULL,
  `Max_periods_pday` varchar(20) NOT NULL,
  `Max_periods_pweek` varchar(20) NOT NULL,
  `status` enum('Active','Inactive') NOT NULL,
  PRIMARY KEY (`id`)
) ENGINE=InnoDB DEFAULT CHARSET=latin1 COLLATE=latin1_swedish_ci;

--
-- Dumping data for table `employeegrade`
--


--
-- Table structure for table `employeeposition`
--

CREATE TABLE `employeeposition` (
  `id` int(11) NOT NULL AUTO_INCREMENT,
  `category` int(11) NOT NULL,
  `position_name` varchar(50) NOT NULL,
  `status` enum('Active','Inactive') NOT NULL,
  PRIMARY KEY (`id`)
) ENGINE=InnoDB DEFAULT CHARSET=latin1 COLLATE=latin1_swedish_ci;

--
-- Dumping data for table `employeeposition`
--


--
-- Table structure for table `employeeteaching`
--

CREATE TABLE `employeeteaching` (
  `id` int(11) NOT NULL AUTO_INCREMENT,
  `username` varchar(100) NOT NULL,
  `department` int(11) NOT NULL,
  `namedepartment` varchar(250) NOT NULL,
  `batch` int(11) DEFAULT NULL,
  `status` enum('Active','Inactive') NOT NULL,
  PRIMARY KEY (`id`)
) ENGINE=InnoDB DEFAULT CHARSET=latin1 COLLATE=latin1_swedish_ci;

--
-- Dumping data for table `employeeteaching`
--


--
-- Table structure for table `exam`
--

CREATE TABLE `exam` (
  `id` int(11) NOT NULL AUTO_INCREMENT,
  `exam_name` varchar(500) NOT NULL,
  `no_of_types` int(11) NOT NULL,
  PRIMARY KEY (`id`)
) ENGINE=InnoDB DEFAULT CHARSET=latin1 COLLATE=latin1_swedish_ci;

--
-- Dumping data for table `exam`
--


--
-- Table structure for table `exam_full_attendance`
--

CREATE TABLE `exam_full_attendance` (
  `id` int(11) NOT NULL AUTO_INCREMENT,
  `exam_fk` int(11) DEFAULT NULL,
  `exam_group_fk` int(11) DEFAULT NULL,
  `full_attendance` mediumint(9) NOT NULL,
  `created_by` varchar(200) NOT NULL,
  `updated_by` varchar(200) DEFAULT NULL,
  `created_date` date NOT NULL,
  `updated_date` date DEFAULT NULL,
  PRIMARY KEY (`id`)
) ENGINE=InnoDB AUTO_INCREMENT=50 DEFAULT CHARSET=latin1 COLLATE=latin1_swedish_ci;

--
-- Dumping data for table `exam_full_attendance`
--

INSERT INTO `exam_full_attendance` VALUES (1,NULL,3,218,'admin',NULL,'2020-03-18',NULL),(2,NULL,21,218,'admin',NULL,'2020-03-18',NULL),(3,NULL,18,218,'admin','roshni','2020-03-18','2020-03-18'),(4,NULL,15,218,'admin',NULL,'2020-03-18',NULL),(5,NULL,12,218,'admin',NULL,'2020-03-18',NULL),(6,NULL,6,218,'admin',NULL,'2020-03-18',NULL),(7,NULL,9,218,'admin',NULL,'2020-03-18',NULL),(8,NULL,22,120,'admin',NULL,'2021-03-05',NULL),(9,NULL,75,123,'vineeta',NULL,'2022-10-19',NULL),(10,NULL,81,122,'hemanta',NULL,'2022-10-20',NULL),(11,NULL,80,122,'surjalata','rajendro','2022-10-20','2022-10-20'),(12,NULL,84,122,'krishnakumari',NULL,'2022-10-20',NULL),(13,NULL,82,122,'sony',NULL,'2022-10-20',NULL),(14,NULL,77,123,'bronson','bronson','2022-10-20','2022-10-20'),(15,NULL,104,237,'admin','admin','2023-03-18','2023-03-20'),(16,NULL,117,235,'sony','sony','2023-03-18','2023-03-20'),(17,NULL,49,238,'admin',NULL,'2023-03-18',NULL),(18,NULL,114,237,'admin','sunanda','2023-03-19','2023-03-20'),(19,NULL,90,235,'deviya','deviya','2023-03-20','2023-03-20'),(20,NULL,101,237,'admin','admin','2023-03-20','2023-03-20'),(21,NULL,107,237,'admin','bronson','2023-03-20','2023-03-20'),(22,NULL,110,237,'admin','admin','2023-03-20','2023-03-20'),(23,NULL,120,235,'admin','bishwalata','2023-03-20','2023-03-20'),(24,NULL,123,235,'admin','sunanda','2023-03-20','2023-03-20'),(25,NULL,124,236,'admin','sophia','2023-03-20','2023-03-21'),(26,NULL,182,189,'sony','surjalata','2024-03-20','2024-03-20'),(27,NULL,186,165,'gyaneshwor','nganthoi','2024-03-20','2024-03-21'),(28,NULL,179,189,'veronica','siddhartha','2024-03-20','2024-03-22'),(29,NULL,176,189,'james','admin','2024-03-20','2024-03-21'),(30,NULL,173,189,'michael','kreena','2024-03-20','2024-03-21'),(31,NULL,185,189,'babina','rajendro','2024-03-20','2024-03-20'),(32,NULL,170,189,'monita','jubika','2024-03-20','2024-03-21'),(33,NULL,164,187,'sanalembi','sanalembi','2024-03-20','2024-03-21'),(34,NULL,150,189,'anjali',NULL,'2024-03-20',NULL),(35,NULL,167,187,'priyadarshini','priyadarshini','2024-03-21','2024-03-21'),(36,NULL,138,189,'anjali',NULL,'2024-03-21',NULL),(37,NULL,188,147,'vikram','guneshwar','2024-03-21','2024-05-02'),(38,NULL,155,165,'siddhartha',NULL,'2024-03-21',NULL),(39,NULL,225,204,'sujata','sujata','2025-03-22','2025-03-22'),(40,NULL,233,201,'michael','rajendro','2025-03-22','2025-03-22'),(41,NULL,234,162,'admin',NULL,'2025-03-22',NULL),(42,NULL,242,204,'anjali','sujata','2025-03-22','2025-03-22'),(43,NULL,240,204,'jubika','dinachandra','2025-03-22','2025-03-25'),(44,NULL,238,204,'jubika','jubika','2025-03-22','2025-03-24'),(45,NULL,236,202,'priyadarshini','dayapati','2025-03-24','2025-03-24'),(46,NULL,232,202,'Monica','sujitra','2025-03-24','2025-03-25'),(47,NULL,244,205,'dinachandra','veronica','2025-03-24','2025-03-25'),(48,NULL,248,205,'margaret','shantimala','2025-03-24','2025-03-25'),(49,NULL,246,205,'dayarani','sony','2025-03-24','2025-03-25');

--
-- Table structure for table `exam_group`
--

CREATE TABLE `exam_group` (
  `id` int(11) NOT NULL AUTO_INCREMENT,
  `exam_fk` int(11) DEFAULT NULL COMMENT 'if null, it means this one is also exam_group (Eg. Term1)',
  `grouped_exam_fk` int(11) DEFAULT NULL COMMENT 'fk to a grouped exam (Eg.: Term1). If this is set, exam_fk should be NULL',
  `weightage` tinyint(4) NOT NULL DEFAULT 100 COMMENT 'weightage in percent',
  `exam_group_master_fk` int(11) NOT NULL,
  `created_by` int(11) NOT NULL,
  `created_date` date NOT NULL,
  PRIMARY KEY (`id`),
  KEY `exam_fk` (`exam_fk`),
  CONSTRAINT `exam_group_ibfk_2` FOREIGN KEY (`exam_fk`) REFERENCES `exam_master` (`id`)
) ENGINE=InnoDB AUTO_INCREMENT=723 DEFAULT CHARSET=latin1 COLLATE=latin1_swedish_ci;

--
-- Dumping data for table `exam_group`
--

INSERT INTO `exam_group` VALUES (2,2,NULL,100,1,1,'2020-02-22'),(3,31,NULL,100,1,1,'2020-02-22'),(4,121,NULL,100,1,1,'2020-03-09'),(5,48,NULL,100,1,1,'2020-02-22'),(6,58,NULL,50,2,1,'2020-02-22'),(7,107,NULL,100,2,1,'2020-02-22'),(8,128,NULL,100,2,1,'2020-03-09'),(9,85,NULL,100,2,1,'2020-02-22'),(10,NULL,1,50,3,1,'2020-02-22'),(11,NULL,2,50,3,1,'2020-02-22'),(12,3,NULL,100,4,1,'2020-02-22'),(13,32,NULL,100,4,1,'2020-02-22'),(14,122,NULL,100,4,1,'2020-03-09'),(15,49,NULL,100,4,1,'2020-02-22'),(16,59,NULL,50,5,1,'2020-02-22'),(17,108,NULL,100,5,1,'2020-02-22'),(18,129,NULL,100,5,1,'2020-03-09'),(19,86,NULL,100,5,1,'2020-02-22'),(20,NULL,4,50,6,1,'2020-02-22'),(21,NULL,5,50,6,1,'2020-02-22'),(22,4,NULL,100,7,1,'2020-02-22'),(23,33,NULL,100,7,1,'2020-02-22'),(24,123,NULL,100,7,1,'2020-03-09'),(25,50,NULL,100,7,1,'2020-02-22'),(26,60,NULL,50,8,1,'2020-02-22'),(27,109,NULL,100,8,1,'2020-02-22'),(28,130,NULL,100,8,1,'2020-03-09'),(29,87,NULL,100,8,1,'2020-02-22'),(30,NULL,7,50,9,1,'2020-02-22'),(31,NULL,8,50,9,1,'2020-02-22'),(32,5,NULL,100,10,1,'2020-02-22'),(33,34,NULL,100,10,1,'2020-02-22'),(34,124,NULL,100,10,1,'2020-03-09'),(35,51,NULL,100,10,1,'2020-02-22'),(36,61,NULL,50,11,1,'2020-02-22'),(37,110,NULL,100,11,1,'2020-02-22'),(38,131,NULL,100,11,1,'2020-03-09'),(39,88,NULL,100,11,1,'2020-02-22'),(40,NULL,10,50,12,1,'2020-02-22'),(41,NULL,11,50,12,1,'2020-02-22'),(42,6,NULL,100,13,1,'2020-02-22'),(43,35,NULL,100,13,1,'2020-02-22'),(44,125,NULL,100,13,1,'2020-03-09'),(45,52,NULL,100,13,1,'2020-02-22'),(46,62,NULL,50,14,1,'2020-02-22'),(47,111,NULL,100,14,1,'2020-02-22'),(48,132,NULL,100,14,1,'2020-03-09'),(49,89,NULL,100,14,1,'2020-02-22'),(50,NULL,13,50,15,1,'2020-02-22'),(51,NULL,14,50,15,1,'2020-02-22'),(52,7,NULL,100,16,1,'2020-02-22'),(53,36,NULL,100,16,1,'2020-02-22'),(54,126,NULL,100,16,1,'2020-03-09'),(55,53,NULL,100,16,1,'2020-02-22'),(56,63,NULL,50,17,1,'2020-02-22'),(57,112,NULL,100,17,1,'2020-02-22'),(58,133,NULL,100,17,1,'2020-03-09'),(59,90,NULL,100,17,1,'2020-02-22'),(60,NULL,16,50,18,1,'2020-02-22'),(61,NULL,17,50,18,1,'2020-02-22'),(62,8,NULL,100,19,1,'2020-02-22'),(63,37,NULL,100,19,1,'2020-02-22'),(64,127,NULL,100,19,1,'2020-03-09'),(65,54,NULL,100,19,1,'2020-02-22'),(66,64,NULL,50,20,1,'2020-02-22'),(67,113,NULL,100,20,1,'2020-02-22'),(68,134,NULL,100,20,1,'2020-03-09'),(69,91,NULL,100,20,1,'2020-02-22'),(70,NULL,19,50,21,1,'2020-02-22'),(71,NULL,20,50,21,1,'2020-02-22'),(72,140,NULL,100,22,1,'2021-02-26'),(73,151,NULL,100,22,1,'2021-02-26'),(74,159,NULL,100,22,1,'2021-02-26'),(75,164,NULL,100,22,1,'2021-02-26'),(76,169,NULL,100,22,1,'2021-02-26'),(77,141,NULL,100,23,1,'2021-02-26'),(78,152,NULL,100,23,1,'2021-02-26'),(79,160,NULL,100,23,1,'2021-02-26'),(80,165,NULL,100,23,1,'2021-02-26'),(81,170,NULL,100,23,1,'2021-02-26'),(82,142,NULL,100,24,1,'2021-02-26'),(83,153,NULL,100,24,1,'2021-02-26'),(84,161,NULL,100,24,1,'2021-02-26'),(85,166,NULL,100,24,1,'2021-02-26'),(86,171,NULL,100,24,1,'2021-02-26'),(87,143,NULL,100,25,1,'2021-02-26'),(88,154,NULL,100,25,1,'2021-02-26'),(89,162,NULL,100,25,1,'2021-02-26'),(90,167,NULL,100,25,1,'2021-02-26'),(91,172,NULL,100,25,1,'2021-02-26'),(92,144,NULL,100,26,1,'2021-02-26'),(93,155,NULL,100,26,1,'2021-02-26'),(94,163,NULL,100,26,1,'2021-02-26'),(95,168,NULL,100,26,1,'2021-02-26'),(96,173,NULL,100,26,1,'2021-02-26'),(97,177,NULL,100,27,1,'2021-02-26'),(98,174,NULL,100,27,1,'2021-02-26'),(99,180,NULL,100,27,1,'2021-02-26'),(100,145,NULL,100,27,1,'2021-02-26'),(101,186,NULL,50,28,1,'2021-02-26'),(102,183,NULL,100,28,1,'2021-02-26'),(103,189,NULL,100,28,1,'2021-02-26'),(104,156,NULL,100,28,1,'2021-02-26'),(105,NULL,27,50,29,1,'2021-02-26'),(106,NULL,28,50,29,1,'2021-02-26'),(107,178,NULL,100,30,1,'2021-02-26'),(108,175,NULL,100,30,1,'2021-02-26'),(109,181,NULL,100,30,1,'2021-02-26'),(110,146,NULL,100,30,1,'2021-02-26'),(111,187,NULL,50,31,1,'2021-02-26'),(112,184,NULL,100,31,1,'2021-02-26'),(113,190,NULL,100,31,1,'2021-02-26'),(114,157,NULL,100,31,1,'2021-02-26'),(115,NULL,30,50,32,1,'2021-02-26'),(116,NULL,31,50,32,1,'2021-02-26'),(117,179,NULL,100,33,1,'2021-02-26'),(118,176,NULL,100,33,1,'2021-02-26'),(119,182,NULL,100,33,1,'2021-02-26'),(120,147,NULL,100,33,1,'2021-02-26'),(121,188,NULL,50,34,1,'2021-02-26'),(122,185,NULL,100,34,1,'2021-02-26'),(123,191,NULL,100,34,1,'2021-02-26'),(124,158,NULL,100,34,1,'2021-02-26'),(125,NULL,33,50,35,1,'2021-02-26'),(126,NULL,34,50,35,1,'2021-02-26'),(127,137,NULL,100,36,1,'2021-03-18'),(128,148,NULL,100,36,1,'2021-03-18'),(129,138,NULL,100,37,1,'2021-03-18'),(130,149,NULL,100,37,1,'2021-03-18'),(131,139,NULL,100,38,1,'2021-03-18'),(132,150,NULL,100,38,1,'2021-03-18'),(133,215,NULL,100,39,1,'2022-01-31'),(134,240,NULL,100,39,1,'2022-01-31'),(135,248,NULL,100,39,1,'2022-01-31'),(136,224,NULL,100,39,1,'2022-01-31'),(137,260,NULL,50,40,1,'2022-01-31'),(138,268,NULL,100,40,1,'2022-01-31'),(139,276,NULL,100,40,1,'2022-01-31'),(140,284,NULL,100,40,1,'2022-01-31'),(141,211,NULL,100,41,1,'2022-01-31'),(142,236,NULL,100,41,1,'2022-01-31'),(143,244,NULL,100,41,1,'2022-01-31'),(144,220,NULL,100,41,1,'2022-01-31'),(145,256,NULL,50,42,1,'2022-01-31'),(146,264,NULL,100,42,1,'2022-01-31'),(147,272,NULL,100,42,1,'2022-01-31'),(148,280,NULL,100,42,1,'2022-01-31'),(149,NULL,41,50,43,1,'2022-01-31'),(150,NULL,42,50,43,1,'2022-01-31'),(151,212,NULL,100,44,1,'2022-01-31'),(152,237,NULL,100,44,1,'2022-01-31'),(153,245,NULL,100,44,1,'2022-01-31'),(154,221,NULL,100,44,1,'2022-01-31'),(155,257,NULL,50,45,1,'2022-01-31'),(156,265,NULL,100,45,1,'2022-01-31'),(157,273,NULL,100,45,1,'2022-01-31'),(158,281,NULL,100,45,1,'2022-01-31'),(159,NULL,44,50,46,1,'2022-01-31'),(160,NULL,45,50,46,1,'2022-01-31'),(161,213,NULL,100,47,1,'2022-01-31'),(162,238,NULL,100,47,1,'2022-01-31'),(163,246,NULL,100,47,1,'2022-01-31'),(164,222,NULL,100,47,1,'2022-01-31'),(165,258,NULL,50,48,1,'2022-01-31'),(166,266,NULL,100,48,1,'2022-01-31'),(167,274,NULL,100,48,1,'2022-01-31'),(168,282,NULL,100,48,1,'2022-01-31'),(169,NULL,47,50,49,1,'2022-01-31'),(170,NULL,48,50,49,1,'2022-01-31'),(171,214,NULL,100,50,1,'2022-01-31'),(172,239,NULL,100,50,1,'2022-01-31'),(173,247,NULL,100,50,1,'2022-01-31'),(174,223,NULL,100,50,1,'2022-01-31'),(175,259,NULL,50,51,1,'2022-01-31'),(176,267,NULL,100,51,1,'2022-01-31'),(177,275,NULL,100,51,1,'2022-01-31'),(178,283,NULL,100,51,1,'2022-01-31'),(179,NULL,50,50,52,1,'2022-01-31'),(180,NULL,51,50,52,1,'2022-01-31'),(181,NULL,39,50,53,1,'2022-01-31'),(182,NULL,40,50,53,1,'2022-01-31'),(183,216,NULL,100,54,1,'2022-01-31'),(184,241,NULL,100,54,1,'2022-01-31'),(185,249,NULL,100,54,1,'2022-01-31'),(186,225,NULL,100,54,1,'2022-01-31'),(187,261,NULL,50,55,1,'2022-01-31'),(188,269,NULL,100,55,1,'2022-01-31'),(189,277,NULL,100,55,1,'2022-01-31'),(190,285,NULL,100,55,1,'2022-01-31'),(191,NULL,54,50,56,1,'2022-01-31'),(192,NULL,55,50,56,1,'2022-01-31'),(193,217,NULL,100,57,1,'2022-01-31'),(194,242,NULL,100,57,1,'2022-01-31'),(195,250,NULL,100,57,1,'2022-01-31'),(196,226,NULL,100,57,1,'2022-01-31'),(197,262,NULL,50,58,1,'2022-01-31'),(198,270,NULL,100,58,1,'2022-01-31'),(199,278,NULL,100,58,1,'2022-01-31'),(200,286,NULL,100,58,1,'2022-01-31'),(201,NULL,57,50,59,1,'2022-01-31'),(202,NULL,58,50,59,1,'2022-01-31'),(203,218,NULL,100,60,1,'2022-01-31'),(204,243,NULL,100,60,1,'2022-01-31'),(205,251,NULL,100,60,1,'2022-01-31'),(206,227,NULL,100,60,1,'2022-01-31'),(207,263,NULL,50,61,1,'2022-01-31'),(208,271,NULL,100,61,1,'2022-01-31'),(209,279,NULL,100,61,1,'2022-01-31'),(210,287,NULL,100,61,1,'2022-01-31'),(211,NULL,60,50,62,1,'2022-01-31'),(212,NULL,61,50,62,1,'2022-01-31'),(213,252,NULL,100,63,1,'2022-03-09'),(214,253,NULL,100,63,1,'2022-03-09'),(215,254,NULL,100,63,1,'2022-03-09'),(216,255,NULL,100,63,1,'2022-03-09'),(217,252,NULL,50,64,1,'2022-03-09'),(218,253,NULL,100,64,1,'2022-03-09'),(219,254,NULL,50,65,1,'2022-03-09'),(220,255,NULL,50,65,1,'2022-03-09'),(221,NULL,64,50,66,1,'2022-03-09'),(222,NULL,65,50,66,1,'2022-03-09'),(223,202,NULL,100,67,1,'2022-03-09'),(224,205,NULL,100,67,1,'2022-03-09'),(225,208,NULL,100,67,1,'2022-03-09'),(226,203,NULL,100,68,1,'2022-03-09'),(227,206,NULL,100,68,1,'2022-03-09'),(228,209,NULL,100,68,1,'2022-03-09'),(229,204,NULL,100,69,1,'2022-03-09'),(230,207,NULL,100,69,1,'2022-03-09'),(231,210,NULL,100,69,1,'2022-03-09'),(232,288,NULL,100,70,1,'2022-10-19'),(233,298,NULL,100,70,1,'2022-10-19'),(234,308,NULL,100,70,1,'2022-10-19'),(235,318,NULL,100,70,1,'2022-10-19'),(236,289,NULL,100,71,1,'2022-10-19'),(237,299,NULL,100,71,1,'2022-10-19'),(238,309,NULL,100,71,1,'2022-10-19'),(239,319,NULL,100,71,1,'2022-10-19'),(240,288,NULL,50,72,1,'2022-10-19'),(241,298,NULL,100,72,1,'2022-10-19'),(242,308,NULL,100,72,1,'2022-10-19'),(243,318,NULL,100,72,1,'2022-10-19'),(244,288,NULL,50,73,1,'2022-10-19'),(245,298,NULL,50,73,1,'2022-10-19'),(246,308,NULL,100,73,1,'2022-10-19'),(247,318,NULL,100,73,1,'2022-10-19'),(248,288,NULL,50,74,1,'2022-10-19'),(249,298,NULL,50,74,1,'2022-10-19'),(250,308,NULL,50,74,1,'2022-10-19'),(251,318,NULL,100,74,1,'2022-10-19'),(252,288,NULL,100,75,1,'2022-10-19'),(253,298,NULL,100,75,1,'2022-10-19'),(254,308,NULL,100,75,1,'2022-10-19'),(255,318,NULL,100,75,1,'2022-10-19'),(256,289,NULL,100,76,1,'2022-10-19'),(257,299,NULL,100,76,1,'2022-10-19'),(258,309,NULL,100,76,1,'2022-10-19'),(259,319,NULL,100,76,1,'2022-10-19'),(260,290,NULL,100,77,1,'2022-10-19'),(261,300,NULL,100,77,1,'2022-10-19'),(262,310,NULL,100,77,1,'2022-10-19'),(263,320,NULL,100,77,1,'2022-10-19'),(264,291,NULL,100,78,1,'2022-10-19'),(265,301,NULL,100,78,1,'2022-10-19'),(266,311,NULL,100,78,1,'2022-10-19'),(267,321,NULL,100,78,1,'2022-10-19'),(268,292,NULL,100,79,1,'2022-10-19'),(269,302,NULL,100,79,1,'2022-10-19'),(270,312,NULL,100,79,1,'2022-10-19'),(271,322,NULL,100,79,1,'2022-10-19'),(272,295,NULL,100,80,1,'2022-10-19'),(273,305,NULL,100,80,1,'2022-10-19'),(274,315,NULL,100,80,1,'2022-10-19'),(275,325,NULL,100,80,1,'2022-10-19'),(276,294,NULL,100,81,1,'2022-10-19'),(277,304,NULL,100,81,1,'2022-10-19'),(278,314,NULL,100,81,1,'2022-10-19'),(279,324,NULL,100,81,1,'2022-10-19'),(280,293,NULL,100,82,1,'2022-10-19'),(281,303,NULL,100,82,1,'2022-10-19'),(282,313,NULL,100,82,1,'2022-10-19'),(283,323,NULL,100,82,1,'2022-10-19'),(284,296,NULL,100,83,1,'2022-10-19'),(285,306,NULL,100,83,1,'2022-10-19'),(286,316,NULL,100,83,1,'2022-10-19'),(287,326,NULL,100,83,1,'2022-10-19'),(288,327,NULL,100,84,1,'2022-10-19'),(289,331,NULL,50,85,1,'2022-12-10'),(290,332,NULL,50,86,1,'2022-12-10'),(291,333,NULL,50,87,1,'2022-12-10'),(292,334,NULL,50,88,1,'2022-12-10'),(293,335,NULL,50,89,1,'2022-12-10'),(294,336,NULL,50,90,1,'2022-12-10'),(295,337,NULL,50,91,1,'2022-12-10'),(296,338,NULL,50,92,1,'2022-12-10'),(297,339,NULL,50,93,1,'2022-12-10'),(298,380,NULL,50,94,1,'2023-01-06'),(299,381,NULL,50,95,1,'2023-02-06'),(300,288,NULL,50,96,1,'2023-03-14'),(301,298,NULL,50,96,1,'2023-03-14'),(302,308,NULL,100,96,1,'2023-03-14'),(303,318,NULL,100,96,1,'2023-03-14'),(304,288,NULL,50,97,1,'2023-03-14'),(305,298,NULL,50,97,1,'2023-03-14'),(306,308,NULL,50,97,1,'2023-03-14'),(307,318,NULL,100,97,1,'2023-03-14'),(308,288,NULL,50,98,1,'2023-03-14'),(309,298,NULL,50,98,1,'2023-03-14'),(310,308,NULL,100,98,1,'2023-03-14'),(311,318,NULL,100,98,1,'2023-03-14'),(312,288,NULL,50,99,1,'2023-03-14'),(313,298,NULL,50,99,1,'2023-03-14'),(314,308,NULL,50,99,1,'2023-03-14'),(315,318,NULL,100,99,1,'2023-03-14'),(316,331,NULL,50,100,1,'2023-03-14'),(317,392,NULL,50,100,1,'2023-03-14'),(318,401,NULL,50,100,1,'2023-03-14'),(319,382,NULL,50,100,1,'2023-03-14'),(320,NULL,99,50,101,1,'2023-03-14'),(321,NULL,100,50,101,1,'2023-03-14'),(322,289,NULL,50,102,1,'2023-03-14'),(323,299,NULL,50,102,1,'2023-03-14'),(324,309,NULL,100,102,1,'2023-03-14'),(325,319,NULL,100,102,1,'2023-03-14'),(326,332,NULL,50,103,1,'2023-03-14'),(327,393,NULL,50,103,1,'2023-03-14'),(328,402,NULL,50,103,1,'2023-03-14'),(329,383,NULL,100,103,1,'2023-03-14'),(330,NULL,102,50,104,1,'2023-03-14'),(331,NULL,103,50,104,1,'2023-03-14'),(332,290,NULL,50,105,1,'2023-03-14'),(333,300,NULL,50,105,1,'2023-03-14'),(334,310,NULL,100,105,1,'2023-03-14'),(335,320,NULL,100,105,1,'2023-03-14'),(336,333,NULL,50,106,1,'2023-03-14'),(337,394,NULL,50,106,1,'2023-03-14'),(338,403,NULL,50,106,1,'2023-03-14'),(339,384,NULL,100,106,1,'2023-03-14'),(340,NULL,105,50,107,1,'2023-03-14'),(341,NULL,106,50,107,1,'2023-03-14'),(342,291,NULL,50,108,1,'2023-03-14'),(343,301,NULL,50,108,1,'2023-03-14'),(344,311,NULL,100,108,1,'2023-03-14'),(345,321,NULL,100,108,1,'2023-03-14'),(346,334,NULL,50,109,1,'2023-03-14'),(347,395,NULL,50,109,1,'2023-03-14'),(348,404,NULL,50,109,1,'2023-03-14'),(349,385,NULL,100,109,1,'2023-03-14'),(350,NULL,108,50,110,1,'2023-03-14'),(351,NULL,109,50,110,1,'2023-03-14'),(352,292,NULL,50,111,1,'2023-03-14'),(353,302,NULL,50,111,1,'2023-03-14'),(354,312,NULL,100,111,1,'2023-03-14'),(355,322,NULL,100,111,1,'2023-03-14'),(356,292,NULL,50,112,1,'2023-03-14'),(357,302,NULL,50,112,1,'2023-03-14'),(358,312,NULL,50,112,1,'2023-03-14'),(359,322,NULL,100,112,1,'2023-03-14'),(360,335,NULL,50,113,1,'2023-03-14'),(361,396,NULL,50,113,1,'2023-03-14'),(362,405,NULL,50,113,1,'2023-03-14'),(363,386,NULL,50,113,1,'2023-03-14'),(364,NULL,112,50,114,1,'2023-03-14'),(365,NULL,113,50,114,1,'2023-03-14'),(366,293,NULL,50,115,1,'2023-03-14'),(367,303,NULL,50,115,1,'2023-03-14'),(368,313,NULL,100,115,1,'2023-03-14'),(369,323,NULL,100,115,1,'2023-03-14'),(370,336,NULL,50,116,1,'2023-03-14'),(371,397,NULL,50,116,1,'2023-03-14'),(372,406,NULL,50,116,1,'2023-03-14'),(373,387,NULL,100,116,1,'2023-03-14'),(374,NULL,115,50,117,1,'2023-03-14'),(375,NULL,116,50,117,1,'2023-03-14'),(376,294,NULL,50,118,1,'2023-03-14'),(377,304,NULL,50,118,1,'2023-03-14'),(378,314,NULL,100,118,1,'2023-03-14'),(379,324,NULL,100,118,1,'2023-03-14'),(380,337,NULL,50,119,1,'2023-03-14'),(381,398,NULL,50,119,1,'2023-03-14'),(382,407,NULL,50,119,1,'2023-03-14'),(383,388,NULL,100,119,1,'2023-03-14'),(384,NULL,118,50,120,1,'2023-03-14'),(385,NULL,119,50,120,1,'2023-03-14'),(386,295,NULL,50,121,1,'2023-03-14'),(387,305,NULL,50,121,1,'2023-03-14'),(388,315,NULL,100,121,1,'2023-03-14'),(389,325,NULL,100,121,1,'2023-03-14'),(390,338,NULL,50,122,1,'2023-03-14'),(391,399,NULL,50,122,1,'2023-03-14'),(392,408,NULL,50,122,1,'2023-03-14'),(393,389,NULL,100,122,1,'2023-03-14'),(394,NULL,121,50,123,1,'2023-03-14'),(395,NULL,122,50,123,1,'2023-03-14'),(396,339,NULL,50,124,1,'2023-03-14'),(397,400,NULL,50,124,1,'2023-03-14'),(398,409,NULL,100,124,1,'2023-03-14'),(399,390,NULL,100,124,1,'2023-03-14'),(400,410,NULL,100,125,1,'2023-08-17'),(401,411,NULL,100,126,1,'2023-08-17'),(402,412,NULL,100,127,1,'2023-08-17'),(403,413,NULL,100,128,1,'2023-08-17'),(404,414,NULL,100,129,1,'2023-08-17'),(405,415,NULL,100,130,1,'2023-08-17'),(406,416,NULL,100,131,1,'2023-08-17'),(407,417,NULL,100,132,1,'2023-08-17'),(408,418,NULL,100,133,1,'2023-08-17'),(409,419,NULL,100,134,1,'2023-08-17'),(410,410,NULL,50,135,1,'2023-09-14'),(411,430,NULL,10,135,1,'2023-09-14'),(412,440,NULL,5,135,1,'2023-09-14'),(413,450,NULL,5,135,1,'2023-09-14'),(414,411,NULL,50,136,1,'2023-09-14'),(415,431,NULL,10,136,1,'2023-09-14'),(416,441,NULL,5,136,1,'2023-09-14'),(417,451,NULL,5,136,1,'2023-09-14'),(418,412,NULL,50,137,1,'2023-09-14'),(419,432,NULL,10,137,1,'2023-09-14'),(420,442,NULL,5,137,1,'2023-09-14'),(421,452,NULL,5,137,1,'2023-09-14'),(422,413,NULL,50,138,1,'2023-09-14'),(423,433,NULL,10,138,1,'2023-09-14'),(424,443,NULL,5,138,1,'2023-09-14'),(425,453,NULL,5,138,1,'2023-09-14'),(426,414,NULL,50,139,1,'2023-09-14'),(427,434,NULL,10,139,1,'2023-09-14'),(428,444,NULL,100,139,1,'2023-09-14'),(429,454,NULL,100,139,1,'2023-09-14'),(430,415,NULL,50,140,1,'2023-09-14'),(431,435,NULL,100,140,1,'2023-09-14'),(432,445,NULL,100,140,1,'2023-09-14'),(433,455,NULL,100,140,1,'2023-09-14'),(434,416,NULL,50,141,1,'2023-09-14'),(435,436,NULL,100,141,1,'2023-09-14'),(436,446,NULL,100,141,1,'2023-09-14'),(437,456,NULL,100,141,1,'2023-09-14'),(438,417,NULL,50,142,1,'2023-09-14'),(439,437,NULL,100,142,1,'2023-09-14'),(440,447,NULL,100,142,1,'2023-09-14'),(441,457,NULL,100,142,1,'2023-09-14'),(443,459,NULL,50,144,1,'2023-09-14'),(444,418,NULL,50,145,1,'2023-10-23'),(445,462,NULL,50,145,1,'2023-10-23'),(446,461,NULL,100,145,1,'2023-10-23'),(447,458,NULL,100,145,1,'2023-10-23'),(448,460,NULL,100,146,1,'2023-10-23'),(449,463,NULL,50,147,1,'2023-12-01'),(450,464,NULL,50,148,1,'2023-12-01'),(451,465,NULL,50,149,1,'2023-12-01'),(452,466,NULL,50,150,1,'2023-12-01'),(453,467,NULL,50,151,1,'2023-12-01'),(454,468,NULL,50,152,1,'2023-12-01'),(455,469,NULL,50,153,1,'2023-12-01'),(456,470,NULL,50,154,1,'2023-12-01'),(457,471,NULL,50,155,1,'2023-12-01'),(458,472,NULL,50,156,1,'2023-12-01'),(459,473,NULL,50,157,1,'2024-01-27'),(460,474,NULL,50,158,1,'2024-02-01'),(485,410,NULL,50,162,1,'2024-03-06'),(486,430,NULL,50,162,1,'2024-03-06'),(487,440,NULL,50,162,1,'2024-03-06'),(488,450,NULL,100,162,1,'2024-03-06'),(489,463,NULL,50,163,1,'2024-03-06'),(490,475,NULL,50,163,1,'2024-03-06'),(491,484,NULL,50,163,1,'2024-03-06'),(492,493,NULL,50,163,1,'2024-03-06'),(493,NULL,162,50,164,1,'2024-03-06'),(494,NULL,163,50,164,1,'2024-03-06'),(495,411,NULL,50,165,1,'2024-03-06'),(496,431,NULL,50,165,1,'2024-03-06'),(497,441,NULL,50,165,1,'2024-03-06'),(498,451,NULL,100,165,1,'2024-03-06'),(499,464,NULL,50,166,1,'2024-03-06'),(500,476,NULL,50,166,1,'2024-03-06'),(501,485,NULL,50,166,1,'2024-03-06'),(502,494,NULL,50,166,1,'2024-03-06'),(503,NULL,165,50,167,1,'2024-03-06'),(504,NULL,166,50,167,1,'2024-03-06'),(505,412,NULL,50,168,1,'2024-03-06'),(506,432,NULL,50,168,1,'2024-03-06'),(507,442,NULL,50,168,1,'2024-03-06'),(508,452,NULL,100,168,1,'2024-03-06'),(509,465,NULL,50,169,1,'2024-03-06'),(510,477,NULL,50,169,1,'2024-03-06'),(511,486,NULL,50,169,1,'2024-03-06'),(512,495,NULL,50,169,1,'2024-03-06'),(513,NULL,168,50,170,1,'2024-03-06'),(514,NULL,169,50,170,1,'2024-03-06'),(515,413,NULL,50,171,1,'2024-03-06'),(516,433,NULL,50,171,1,'2024-03-06'),(517,443,NULL,50,171,1,'2024-03-06'),(518,453,NULL,100,171,1,'2024-03-06'),(519,466,NULL,50,172,1,'2024-03-06'),(520,478,NULL,50,172,1,'2024-03-06'),(521,487,NULL,50,172,1,'2024-03-06'),(522,496,NULL,50,172,1,'2024-03-06'),(523,NULL,171,50,173,1,'2024-03-06'),(524,NULL,172,50,173,1,'2024-03-06'),(525,414,NULL,50,174,1,'2024-03-06'),(526,434,NULL,50,174,1,'2024-03-06'),(527,444,NULL,50,174,1,'2024-03-06'),(528,454,NULL,100,174,1,'2024-03-06'),(529,467,NULL,50,175,1,'2024-03-06'),(530,479,NULL,50,175,1,'2024-03-06'),(531,488,NULL,50,175,1,'2024-03-06'),(532,497,NULL,50,175,1,'2024-03-06'),(533,NULL,174,50,176,1,'2024-03-06'),(534,NULL,175,50,176,1,'2024-03-06'),(535,415,NULL,50,177,1,'2024-03-06'),(536,435,NULL,50,177,1,'2024-03-06'),(537,445,NULL,50,177,1,'2024-03-06'),(538,455,NULL,100,177,1,'2024-03-06'),(539,468,NULL,50,178,1,'2024-03-06'),(540,480,NULL,50,178,1,'2024-03-06'),(541,489,NULL,50,178,1,'2024-03-06'),(542,498,NULL,50,178,1,'2024-03-06'),(543,NULL,177,50,179,1,'2024-03-06'),(544,NULL,178,50,179,1,'2024-03-06'),(545,416,NULL,50,180,1,'2024-03-06'),(546,436,NULL,50,180,1,'2024-03-06'),(547,446,NULL,50,180,1,'2024-03-06'),(548,456,NULL,100,180,1,'2024-03-06'),(549,469,NULL,50,181,1,'2024-03-06'),(550,481,NULL,50,181,1,'2024-03-06'),(551,490,NULL,50,181,1,'2024-03-06'),(552,499,NULL,50,181,1,'2024-03-06'),(553,NULL,180,50,182,1,'2024-03-06'),(554,NULL,181,50,182,1,'2024-03-06'),(555,417,NULL,50,183,1,'2024-03-06'),(556,437,NULL,50,183,1,'2024-03-06'),(557,447,NULL,50,183,1,'2024-03-06'),(558,457,NULL,100,183,1,'2024-03-06'),(559,470,NULL,50,184,1,'2024-03-06'),(560,482,NULL,50,184,1,'2024-03-06'),(561,491,NULL,50,184,1,'2024-03-06'),(562,500,NULL,50,184,1,'2024-03-06'),(563,NULL,183,50,185,1,'2024-03-06'),(564,NULL,184,50,185,1,'2024-03-06'),(565,471,NULL,50,186,1,'2024-03-06'),(566,483,NULL,50,186,1,'2024-03-06'),(567,492,NULL,50,186,1,'2024-03-06'),(568,501,NULL,100,186,1,'2024-03-06'),(570,503,NULL,50,188,1,'2024-03-06'),(571,505,NULL,100,189,1,'2024-06-06'),(572,508,NULL,100,190,1,'2024-06-06'),(573,506,NULL,100,191,1,'2024-06-06'),(574,507,NULL,100,192,1,'2024-06-06'),(575,509,NULL,100,193,1,'2024-06-06'),(576,510,NULL,100,194,1,'2024-06-06'),(577,514,NULL,100,195,1,'2024-06-07'),(578,512,NULL,100,196,1,'2024-06-07'),(579,511,NULL,100,197,1,'2024-06-07'),(580,513,NULL,100,198,1,'2024-06-07'),(581,521,NULL,100,199,1,'2024-06-11'),(618,505,NULL,50,209,1,'2024-09-05'),(619,534,NULL,100,209,1,'2024-09-05'),(620,545,NULL,100,209,1,'2024-09-05'),(621,522,NULL,100,209,1,'2024-09-05'),(622,506,NULL,50,210,1,'2024-09-05'),(623,535,NULL,100,210,1,'2024-09-05'),(624,546,NULL,100,210,1,'2024-09-05'),(625,523,NULL,100,210,1,'2024-09-05'),(626,507,NULL,50,211,1,'2024-09-05'),(627,536,NULL,100,211,1,'2024-09-05'),(628,547,NULL,100,211,1,'2024-09-05'),(629,524,NULL,100,211,1,'2024-09-05'),(630,508,NULL,50,212,1,'2024-09-05'),(631,537,NULL,100,212,1,'2024-09-05'),(632,548,NULL,100,212,1,'2024-09-05'),(633,525,NULL,100,212,1,'2024-09-05'),(634,509,NULL,50,213,1,'2024-09-05'),(635,538,NULL,100,213,1,'2024-09-05'),(636,549,NULL,100,213,1,'2024-09-05'),(637,526,NULL,100,213,1,'2024-09-05'),(638,510,NULL,50,214,1,'2024-09-05'),(639,539,NULL,100,214,1,'2024-09-05'),(640,550,NULL,100,214,1,'2024-09-05'),(641,527,NULL,100,214,1,'2024-09-05'),(642,511,NULL,50,215,1,'2024-09-05'),(643,540,NULL,100,215,1,'2024-09-05'),(644,551,NULL,100,215,1,'2024-09-05'),(645,528,NULL,100,215,1,'2024-09-05'),(646,512,NULL,50,216,1,'2024-09-05'),(647,541,NULL,100,216,1,'2024-09-05'),(648,552,NULL,100,216,1,'2024-09-05'),(649,529,NULL,100,216,1,'2024-09-05'),(650,513,NULL,50,217,1,'2024-09-05'),(651,542,NULL,100,217,1,'2024-09-05'),(652,553,NULL,100,217,1,'2024-09-05'),(653,530,NULL,100,217,1,'2024-09-05'),(654,531,NULL,50,218,1,'2024-10-10'),(655,533,NULL,100,219,1,'2024-10-11'),(656,532,NULL,50,220,1,'2024-10-11'),(657,559,NULL,50,221,1,'2024-10-31'),(658,560,NULL,50,222,1,'2024-10-31'),(659,561,NULL,50,223,1,'2024-10-31'),(660,562,NULL,50,224,1,'2024-10-31'),(661,563,NULL,50,225,1,'2024-10-31'),(662,564,NULL,50,226,1,'2024-10-31'),(663,565,NULL,50,227,1,'2024-10-31'),(664,566,NULL,50,228,1,'2024-10-31'),(665,567,NULL,50,229,1,'2024-10-31'),(666,505,NULL,50,230,1,'2025-03-20'),(667,534,NULL,50,230,1,'2025-03-20'),(668,545,NULL,50,230,1,'2025-03-20'),(669,522,NULL,100,230,1,'2025-03-20'),(670,559,NULL,50,231,1,'2025-03-20'),(671,579,NULL,50,231,1,'2025-03-20'),(672,570,NULL,50,231,1,'2025-03-20'),(673,588,NULL,50,231,1,'2025-03-20'),(674,NULL,209,50,232,1,'2025-03-20'),(675,NULL,231,50,232,1,'2025-03-20'),(676,567,NULL,50,233,1,'2025-03-21'),(677,587,NULL,50,233,1,'2025-03-21'),(678,578,NULL,50,233,1,'2025-03-21'),(679,596,NULL,100,233,1,'2025-03-21'),(680,597,NULL,50,234,1,'2025-03-21'),(681,560,NULL,50,235,1,'2025-03-22'),(682,580,NULL,50,235,1,'2025-03-22'),(683,571,NULL,50,235,1,'2025-03-22'),(684,589,NULL,100,235,1,'2025-03-22'),(685,NULL,210,50,236,1,'2025-03-22'),(686,NULL,235,50,236,1,'2025-03-22'),(687,561,NULL,50,237,1,'2025-03-22'),(688,581,NULL,50,237,1,'2025-03-22'),(689,572,NULL,50,237,1,'2025-03-22'),(690,590,NULL,100,237,1,'2025-03-22'),(691,NULL,211,50,238,1,'2025-03-22'),(692,NULL,237,50,238,1,'2025-03-22'),(693,562,NULL,50,239,1,'2025-03-22'),(694,582,NULL,50,239,1,'2025-03-22'),(695,573,NULL,50,239,1,'2025-03-22'),(696,591,NULL,100,239,1,'2025-03-22'),(697,NULL,212,50,240,1,'2025-03-22'),(698,NULL,239,50,240,1,'2025-03-22'),(699,563,NULL,50,241,1,'2025-03-22'),(700,583,NULL,50,241,1,'2025-03-22'),(701,574,NULL,50,241,1,'2025-03-22'),(702,592,NULL,100,241,1,'2025-03-22'),(703,NULL,213,50,242,1,'2025-03-22'),(704,NULL,241,50,242,1,'2025-03-22'),(705,564,NULL,50,243,1,'2025-03-22'),(706,584,NULL,50,243,1,'2025-03-22'),(707,575,NULL,50,243,1,'2025-03-22'),(708,593,NULL,100,243,1,'2025-03-22'),(709,NULL,214,50,244,1,'2025-03-22'),(710,NULL,243,50,244,1,'2025-03-22'),(711,565,NULL,50,245,1,'2025-03-22'),(712,585,NULL,50,245,1,'2025-03-22'),(713,576,NULL,50,245,1,'2025-03-22'),(714,594,NULL,100,245,1,'2025-03-22'),(715,NULL,215,50,246,1,'2025-03-22'),(716,NULL,245,50,246,1,'2025-03-22'),(717,566,NULL,50,247,1,'2025-03-22'),(718,586,NULL,50,247,1,'2025-03-22'),(719,577,NULL,50,247,1,'2025-03-22'),(720,595,NULL,100,247,1,'2025-03-22'),(721,NULL,216,50,248,1,'2025-03-22'),(722,NULL,247,50,248,1,'2025-03-22');

--
-- Table structure for table `exam_group_master`
--

CREATE TABLE `exam_group_master` (
  `id` int(11) NOT NULL AUTO_INCREMENT,
  `exam_name` varchar(100) NOT NULL,
  `course` int(11) NOT NULL,
  `batch` int(11) NOT NULL,
  `exam_group_date` date NOT NULL,
  `created_by` int(11) NOT NULL,
  `created_date` date NOT NULL,
  PRIMARY KEY (`id`),
  KEY `batch` (`batch`),
  KEY `course` (`course`),
  CONSTRAINT `exam_group_master_ibfk_1` FOREIGN KEY (`batch`) REFERENCES `batch` (`id`),
  CONSTRAINT `exam_group_master_ibfk_2` FOREIGN KEY (`course`) REFERENCES `courses` (`course_id`)
) ENGINE=InnoDB AUTO_INCREMENT=249 DEFAULT CHARSET=latin1 COLLATE=latin1_swedish_ci;

--
-- Dumping data for table `exam_group_master`
--

INSERT INTO `exam_group_master` VALUES (1,'Term 1',4,4,'2020-02-24',1,'2020-02-22'),(2,'Term 2',4,4,'2020-02-24',1,'2020-02-22'),(3,'Final Examination',4,4,'2020-02-22',1,'2020-02-22'),(4,'Term 1',5,5,'2020-02-24',1,'2020-02-22'),(5,'Term 2',5,5,'2020-02-24',1,'2020-02-22'),(6,'Final Examination',5,5,'2020-02-24',1,'2020-02-22'),(7,'Term 1',6,6,'2020-02-22',1,'2020-02-22'),(8,'Term 2',6,6,'2020-02-24',1,'2020-02-22'),(9,'Final Examination',6,6,'2020-02-24',1,'2020-02-22'),(10,'Term 1',7,8,'2020-02-24',1,'2020-02-22'),(11,'Term 2',7,8,'2020-02-22',1,'2020-02-22'),(12,'Final Examination',7,8,'2020-02-24',1,'2020-02-22'),(13,'Term 1',8,9,'2020-02-24',1,'2020-02-22'),(14,'Term 2',8,9,'2020-02-24',1,'2020-02-22'),(15,'Final Examination',8,9,'2020-02-24',1,'2020-02-22'),(16,'Term 1',9,10,'2020-02-24',1,'2020-02-22'),(17,'Term 2',9,10,'2020-02-24',1,'2020-02-22'),(18,'Final Examination',9,10,'2020-02-24',1,'2020-02-22'),(19,'Term 1',10,11,'2020-02-24',1,'2020-02-22'),(20,'Term 2',10,11,'2020-02-24',1,'2020-02-22'),(21,'Final Examination',10,11,'2020-02-24',1,'2020-02-22'),(22,'Final Assessment',4,18,'2021-02-26',1,'2021-02-26'),(23,'Final Assessment',5,19,'2021-02-26',1,'2021-02-26'),(24,'Final Assessment',6,20,'2021-02-26',1,'2021-02-26'),(25,'Final Assessment',7,21,'2021-02-26',1,'2021-02-26'),(26,'Final Assessment',8,22,'2021-02-26',1,'2021-02-26'),(27,'Term I',9,23,'2021-02-26',1,'2021-02-26'),(28,'Term II',9,23,'2021-02-26',1,'2021-02-26'),(29,'Final Assessment',9,23,'2021-02-26',1,'2021-02-26'),(30,'Term I',10,24,'2021-02-26',1,'2021-02-26'),(31,'Term II',10,24,'2021-02-26',1,'2021-02-26'),(32,'Final Assessment',10,24,'2021-02-26',1,'2021-02-26'),(33,'Term I',11,25,'2021-02-26',1,'2021-02-26'),(34,'Term II',11,25,'2021-02-26',1,'2021-02-26'),(35,'Final Assessment',11,25,'2021-02-26',1,'2021-02-26'),(36,'Final Assesment',1,15,'2021-03-18',1,'2021-03-18'),(37,'Final Assessment',2,16,'2021-03-18',1,'2021-03-18'),(38,'Final Assessment',3,17,'2021-03-18',1,'2021-03-18'),(39,'Term 1',8,35,'2022-01-31',1,'2022-01-31'),(40,'Term 2',8,35,'2022-01-31',1,'2022-01-31'),(41,'Term 1',4,31,'2022-01-31',1,'2022-01-31'),(42,'Term 2',4,31,'2022-01-31',1,'2022-01-31'),(43,'Final Examination',4,31,'2022-01-31',1,'2022-01-31'),(44,'Term 1',5,32,'2022-01-31',1,'2022-01-31'),(45,'Term 2',5,32,'2022-01-31',1,'2022-01-31'),(46,'Final Examination',5,32,'2022-01-31',1,'2022-01-31'),(47,'Term 1',6,33,'2022-01-31',1,'2022-01-31'),(48,'Term 2',6,33,'2022-01-31',1,'2022-01-31'),(49,'Final Examination',6,33,'2022-01-31',1,'2022-01-31'),(50,'Term 1',7,34,'2022-01-31',1,'2022-01-31'),(51,'Term 2',7,34,'2022-01-31',1,'2022-01-31'),(52,'Final Examination',7,34,'2022-01-31',1,'2022-01-31'),(53,'Final Examination',8,35,'2022-01-31',1,'2022-01-31'),(54,'Term 1',9,36,'2022-01-31',1,'2022-01-31'),(55,'Term 2',9,36,'2022-01-31',1,'2022-01-31'),(56,'Final Examination',9,36,'2022-01-31',1,'2022-01-31'),(57,'Term 1',10,37,'2022-01-31',1,'2022-01-31'),(58,'Term 2',10,37,'2022-01-31',1,'2022-01-31'),(59,'Final Examination',10,37,'2022-01-31',1,'2022-01-31'),(60,'Term 1',11,38,'2022-01-31',1,'2022-01-31'),(61,'Term 2',11,38,'2022-01-31',1,'2022-01-31'),(62,'Final Examination',11,38,'2022-01-31',1,'2022-01-31'),(64,'Term I',12,39,'2022-03-09',1,'2022-03-09'),(65,'Term II',12,39,'2022-03-09',1,'2022-03-09'),(66,'Final Examination',12,39,'2022-03-09',1,'2022-03-09'),(67,'Final Examination',1,28,'2022-03-09',1,'2022-03-09'),(68,'Final Examination',2,29,'2022-03-09',1,'2022-03-09'),(69,'Final Examination',3,30,'2022-03-09',1,'2022-03-09'),(75,'Half Yearly Examination',4,44,'2022-10-17',1,'2022-10-19'),(76,'Half Yearly Examination',5,45,'2022-10-19',1,'2022-10-19'),(77,'Half Yearly Examination',6,46,'2022-10-19',1,'2022-10-19'),(78,'Half Yearly Examination',7,47,'2022-10-19',1,'2022-10-19'),(79,'Half Yearly Examination',8,48,'2022-10-19',1,'2022-10-19'),(80,'Half Yearly Examination',11,51,'2022-10-19',1,'2022-10-19'),(81,'Half Yearly Examination',10,50,'2022-10-19',1,'2022-10-19'),(82,'Half Yearly Examination',9,49,'2022-10-19',1,'2022-10-19'),(83,'Half Yearly Examination',12,52,'2022-10-19',1,'2022-10-19'),(84,'Half Yearly Examination',13,53,'2022-10-19',1,'2022-10-19'),(85,'Periodic Test - II',4,44,'2022-12-10',1,'2022-12-10'),(86,'Periodic Test - II',5,45,'2022-12-10',1,'2022-12-10'),(87,'Periodic Test - II',6,46,'2022-12-10',1,'2022-12-10'),(88,'Periodic Test - II',7,47,'2022-12-10',1,'2022-12-10'),(89,'Periodic Test - II',8,48,'2022-12-10',1,'2022-12-10'),(90,'Periodic Test - II',9,49,'2022-12-10',1,'2022-12-10'),(91,'Periodic Test - II',10,50,'2022-12-10',1,'2022-12-10'),(92,'Periodic Test - II',11,51,'2022-12-10',1,'2022-12-10'),(93,'Periodic Test - II',12,52,'2022-12-10',1,'2022-12-10'),(94,'Pre Board I',13,53,'2023-01-06',1,'2023-01-06'),(95,'Pre Board II',13,53,'2023-02-06',1,'2023-02-06'),(98,'Term 1',4,44,'2023-03-14',1,'2023-03-14'),(99,'Term-I',4,44,'2023-03-14',1,'2023-03-14'),(100,'Term-II',4,44,'2023-03-14',1,'2023-03-14'),(101,'Annual Exam',4,44,'2023-03-14',1,'2023-03-14'),(102,'Term-I',5,45,'2023-03-14',1,'2023-03-14'),(103,'Term-II',5,45,'2023-03-14',1,'2023-03-14'),(104,'Annual Exam',5,45,'2023-03-14',1,'2023-03-14'),(105,'Term-I',6,46,'2023-03-14',1,'2023-03-14'),(106,'Term-II',6,46,'2023-03-14',1,'2023-03-14'),(107,'Annual Exam',6,46,'2023-03-14',1,'2023-03-14'),(108,'Term-I',7,47,'2023-03-14',1,'2023-03-14'),(109,'Term-II',7,47,'2023-03-14',1,'2023-03-14'),(110,'Annual Exam',7,47,'2023-03-14',1,'2023-03-14'),(112,'Term-II',8,48,'2023-03-14',1,'2023-03-14'),(113,'Term-I',8,48,'2023-03-14',1,'2023-03-14'),(114,'Annual Exam',8,48,'2023-03-14',1,'2023-03-14'),(115,'Term-I',9,49,'2023-03-14',1,'2023-03-14'),(116,'Term-II',9,49,'2023-03-14',1,'2023-03-14'),(117,'Annual Exam',9,49,'2023-03-14',1,'2023-03-14'),(118,'Term-I',10,50,'2023-03-14',1,'2023-03-14'),(119,'Term-II',10,50,'2023-03-14',1,'2023-03-14'),(120,'Annual Exam',10,50,'2023-03-14',1,'2023-03-14'),(121,'Term-I',11,51,'2023-03-14',1,'2023-03-14'),(122,'Term-II',11,51,'2023-03-14',1,'2023-03-14'),(123,'Annual Exam',11,51,'2023-03-14',1,'2023-03-14'),(124,'Annual Exam',12,52,'2023-03-14',1,'2023-03-14'),(125,'Periodic Test I',4,57,'2023-08-17',1,'2023-08-17'),(126,'Periodic Test I',5,58,'2023-08-17',1,'2023-08-17'),(127,'Periodic Test I',6,59,'2023-08-17',1,'2023-08-17'),(128,'Periodic Test I',7,60,'2023-08-17',1,'2023-08-17'),(129,'Periodic Test I',8,61,'2023-08-17',1,'2023-08-17'),(130,'Periodic Test I',9,62,'2023-08-17',1,'2023-08-17'),(131,'Periodic Test I',10,63,'2023-08-17',1,'2023-08-17'),(132,'Periodic Test I',11,64,'2023-08-17',1,'2023-08-17'),(133,'Periodic Test I',12,65,'2023-08-17',1,'2023-08-17'),(134,'Periodic Test I',13,66,'2023-08-17',1,'2023-08-17'),(135,'Half Yearly Examination',4,57,'2023-09-14',1,'2023-09-14'),(136,'Half Yearly Examination',5,58,'2023-09-14',1,'2023-09-14'),(137,'Half Yearly Examination',6,59,'2023-09-14',1,'2023-09-14'),(138,'Half Yearly Examination',7,60,'2023-09-14',1,'2023-09-14'),(139,'Half Yearly Examination',8,61,'2023-09-14',1,'2023-09-14'),(140,'Half Yearly Examination',9,62,'2023-09-14',1,'2023-09-14'),(141,'Half Yearly Examination',10,63,'2023-09-14',1,'2023-09-14'),(142,'Half Yearly Examination',11,64,'2023-09-14',1,'2023-09-14'),(144,'Half Yearly Examination',13,66,'2023-09-14',1,'2023-09-14'),(145,'Half Yearly Examination',12,65,'2023-10-23',1,'2023-10-23'),(146,'Unit Test - I',14,67,'2023-10-23',1,'2023-10-23'),(147,'Periodic Test II',4,57,'2023-12-01',1,'2023-12-01'),(148,'Periodic Test II',5,58,'2023-12-01',1,'2023-12-01'),(149,'Periodic Test II',6,59,'2023-12-01',1,'2023-12-01'),(150,'Periodic Test II',7,60,'2023-12-01',1,'2023-12-01'),(151,'Periodic Test II',8,61,'2023-12-01',1,'2023-12-01'),(152,'Periodic Test II',9,62,'2023-12-01',1,'2023-12-01'),(153,'Periodic Test II',10,63,'2023-12-01',1,'2023-12-01'),(154,'Periodic Test II',11,64,'2023-12-01',1,'2023-12-01'),(155,'Periodic Test II',12,65,'2023-12-01',1,'2023-12-01'),(156,'Periodic Test II',13,66,'2023-12-01',1,'2023-12-01'),(157,'Unit Test - II',14,67,'2024-01-27',1,'2024-01-27'),(158,'Pre Board',13,66,'2024-02-01',1,'2024-02-01'),(162,'Term I',4,57,'2024-03-06',1,'2024-03-06'),(163,'Term II',4,57,'2024-03-06',1,'2024-03-06'),(164,'Annual Exam',4,57,'2024-03-06',1,'2024-03-06'),(165,'Term I',5,58,'2024-03-06',1,'2024-03-06'),(166,'Term II',5,58,'2024-03-06',1,'2024-03-06'),(167,'Annual Exam',5,58,'2024-03-06',1,'2024-03-06'),(168,'Term I',6,59,'2024-03-06',1,'2024-03-06'),(169,'Term II',6,59,'2024-03-06',1,'2024-03-06'),(170,'Annual Exam',6,59,'2024-03-06',1,'2024-03-06'),(171,'Term I',7,60,'2024-03-06',1,'2024-03-06'),(172,'Term II',7,60,'2024-03-06',1,'2024-03-06'),(173,'Annual Exam',7,60,'2024-03-06',1,'2024-03-06'),(174,'Term I',8,61,'2024-03-06',1,'2024-03-06'),(175,'Term II',8,61,'2024-03-06',1,'2024-03-06'),(176,'Annual Exam',8,61,'2024-03-06',1,'2024-03-06'),(177,'Term I',9,62,'2024-03-06',1,'2024-03-06'),(178,'Term II',9,62,'2024-03-06',1,'2024-03-06'),(179,'Annual Exam',9,62,'2024-03-06',1,'2024-03-06'),(180,'Term I',10,63,'2024-03-06',1,'2024-03-06'),(181,'Term II',10,63,'2024-03-06',1,'2024-03-06'),(182,'Annual Exam',10,63,'2024-03-06',1,'2024-03-06'),(183,'Term I',11,64,'2024-03-06',1,'2024-03-06'),(184,'Term II',11,64,'2024-03-06',1,'2024-03-06'),(185,'Annual Exam',11,64,'2024-03-06',1,'2024-03-06'),(186,'Annual Exam',12,65,'2024-03-06',1,'2024-03-06'),(188,'Annual Exam',14,67,'2024-03-06',1,'2024-03-06'),(189,'Periodic Test I',4,71,'2024-06-06',1,'2024-06-06'),(190,'Periodic Test I',7,74,'2024-06-06',1,'2024-06-06'),(191,'Periodic Test I',5,72,'2024-06-06',1,'2024-06-06'),(192,'Periodic Test I',6,73,'2024-06-06',1,'2024-06-06'),(193,'Periodic Test I',8,75,'2024-06-06',1,'2024-06-06'),(194,'Periodic Test I',9,76,'2024-06-06',1,'2024-06-06'),(195,'Periodic Test I',13,80,'2024-06-07',1,'2024-06-07'),(196,'Periodic Test I',11,78,'2024-06-07',1,'2024-06-07'),(197,'Periodic Test I',10,77,'2024-06-07',1,'2024-06-07'),(198,'Periodic Test I',12,79,'2024-06-07',1,'2024-06-07'),(199,'Unit Test-I',15,82,'2024-06-11',1,'2024-06-11'),(209,'Half Yearly Examination',4,71,'2024-09-05',1,'2024-09-05'),(210,'Half Yearly Examination',5,72,'2024-09-05',1,'2024-09-05'),(211,'Half Yearly Examination',6,73,'2024-09-05',1,'2024-09-05'),(212,'Half Yearly Examination',7,74,'2024-09-05',1,'2024-09-05'),(213,'Half Yearly Examination',8,75,'2024-09-05',1,'2024-09-05'),(214,'Half Yearly Examination',9,76,'2024-09-05',1,'2024-09-05'),(215,'Half Yearly Examination',10,77,'2024-09-05',1,'2024-09-05'),(216,'Half Yearly Examination',11,78,'2024-09-05',1,'2024-09-05'),(217,'Half Yearly Examination',12,79,'2024-09-05',1,'2024-09-05'),(218,'Half Yearly Examination',13,80,'2024-10-10',1,'2024-10-10'),(219,'Unit Test - I',14,81,'2024-10-11',1,'2024-10-11'),(220,'Half Yearly Examination',15,82,'2024-10-11',1,'2024-10-11'),(221,'Periodic Test II',4,71,'2024-11-15',1,'2024-10-31'),(222,'Periodic Test II',5,72,'2024-11-15',1,'2024-10-31'),(223,'Periodic Test II',6,73,'2024-11-15',1,'2024-10-31'),(224,'Periodic Test II',7,74,'2024-10-15',1,'2024-10-31'),(225,'Periodic Test II',8,75,'2024-11-15',1,'2024-10-31'),(226,'Periodic Test II',9,76,'2024-11-15',1,'2024-10-31'),(227,'Periodic Test II',10,77,'2024-11-15',1,'2024-10-31'),(228,'Periodic Test II',11,78,'2024-11-15',1,'2024-10-31'),(229,'Periodic Test II',12,79,'2024-11-15',1,'2024-10-31'),(231,'Term II',4,71,'2025-03-20',1,'2025-03-20'),(232,'Annual Exam',4,71,'2025-03-20',1,'2025-03-20'),(233,'Annual Exam',12,79,'2025-03-21',1,'2025-03-21'),(234,'Annual Exam',14,81,'2025-03-21',1,'2025-03-21'),(235,'Term II',5,72,'2025-03-22',1,'2025-03-22'),(236,'Annual Exam',5,72,'2025-03-22',1,'2025-03-22'),(237,'Term II',6,73,'2025-03-22',1,'2025-03-22'),(238,'Annual Exam',6,73,'2025-03-22',1,'2025-03-22'),(239,'Term II',7,74,'2025-03-22',1,'2025-03-22'),(240,'Annual Exam',7,74,'2025-03-22',1,'2025-03-22'),(241,'Term II',8,75,'2025-03-22',1,'2025-03-22'),(242,'Annual Exam',8,75,'2025-03-22',1,'2025-03-22'),(243,'Term II',9,76,'2025-03-22',1,'2025-03-22'),(244,'Annual Exam',9,76,'2025-03-22',1,'2025-03-22'),(245,'Term II',10,77,'2025-03-22',1,'2025-03-22'),(246,'Annual Exam',10,77,'2025-03-22',1,'2025-03-22'),(247,'Term II',11,78,'2025-03-22',1,'2025-03-22'),(248,'Annual Exam',11,78,'2025-03-22',1,'2025-03-22');

--
-- Table structure for table `exam_marks`
--

CREATE TABLE `exam_marks` (
  `id` int(11) NOT NULL AUTO_INCREMENT,
  `studentFk` int(11) NOT NULL,
  `section` int(11) DEFAULT NULL,
  `examFk` int(11) NOT NULL,
  `examSubjectFk` int(11) NOT NULL,
  `grade` char(2) DEFAULT NULL,
  `mark` decimal(8,2) DEFAULT NULL,
  `result` varchar(50) DEFAULT NULL,
  `pracMark` tinyint(4) DEFAULT NULL,
  `pracResult` varchar(50) DEFAULT NULL,
  `attendance` char(1) NOT NULL DEFAULT 'P',
  `createdBy` int(10) DEFAULT NULL,
  `createdDate` date DEFAULT NULL,
  `updatedBy` int(11) DEFAULT NULL,
  `updatedDate` date DEFAULT NULL,
  PRIMARY KEY (`id`),
  KEY `studentFk` (`studentFk`),
  KEY `examSubjectFk` (`examSubjectFk`),
  KEY `examFk` (`examFk`),
  CONSTRAINT `exam_marks_ibfk_1` FOREIGN KEY (`studentFk`) REFERENCES `student` (`id`),
  CONSTRAINT `exam_marks_ibfk_2` FOREIGN KEY (`examSubjectFk`) REFERENCES `exam_subjects` (`id`),
  CONSTRAINT `exam_marks_ibfk_3` FOREIGN KEY (`examFk`) REFERENCES `exam_master` (`id`)
) ENGINE=InnoDB AUTO_INCREMENT=411534 DEFAULT CHARSET=latin1 COLLATE=latin1_swedish_ci;

--
-- Dumping data for table `exam_marks`
--

INSERT INTO `exam_marks` VALUES (1,155,13,3,15,NULL,34.00,'P',NULL,NULL,'0',196,'2019-07-01',NULL,NULL),(2,141,13,3,15,NULL,24.00,'P',NULL,NULL,'0',196,'2019-07-01',NULL,NULL),(3,150,13,3,15,NULL,39.00,'P',NULL,NULL,'0',196,'2019-07-01',NULL,NULL),(4,142,13,3,15,NULL,40.00,'P',NULL,NULL,'0',196,'2019-07-01',NULL,NULL),(5,169,13,3,15,NULL,39.00,'P',NULL,NULL,'0',196,'2019-07-01',NULL,NULL),(6,146,13,3,15,NULL,18.00,'P',NULL,NULL,'0',196,'2019-07-01',NULL,NULL),(7,136,13,3,15,NULL,21.00,'P',NULL,NULL,'0',196,'2019-07-01',NULL,NULL),(8,139,13,3,15,NULL,22.00,'P',NULL,NULL,'0',196,'2019-07-01',NULL,NULL),(9,153,13,3,15,NULL,40.00,'P',NULL,NULL,'0',196,'2019-07-01',NULL,NULL),(10,167,13,3,15,NULL,22.00,'P',NULL,NULL,'0',196,'2019-07-01',NULL,NULL),(11,4,8,2,1,NULL,35.00,'P',NULL,NULL,'0',1,'2019-07-01',178,'2019-07-02'),(12,4,8,2,2,NULL,33.00,'P',NULL,NULL,'0',1,'2019-07-01',179,'2019-07-05'),(13,4,8,2,3,NULL,35.00,'P',NULL,NULL,'0',1,'2019-07-01',180,'2019-07-03'),(14,4,8,2,4,NULL,36.00,'P',NULL,NULL,'0',1,'2019-07-01',178,'2019-07-02'),(15,155,13,3,11,NULL,39.00,'P',NULL,NULL,'0',197,'2019-07-01',NULL,NULL),(16,141,13,3,11,NULL,30.00,'P',NULL,NULL,'0',197,'2019-07-01',NULL,NULL),(17,150,13,3,11,NULL,38.00,'P',NULL,NULL,'0',197,'2019-07-01',NULL,NULL),(18,142,13,3,11,NULL,39.00,'P',NULL,NULL,'0',197,'2019-07-01',NULL,NULL),(19,169,13,3,11,NULL,36.00,'P',NULL,NULL,'0',197,'2019-07-01',NULL,NULL),(20,146,13,3,11,NULL,27.00,'P',NULL,NULL,'0',197,'2019-07-01',NULL,NULL),(21,136,13,3,11,NULL,21.00,'P',NULL,NULL,'0',197,'2019-07-01',NULL,NULL),(22,139,13,3,11,NULL,27.00,'P',NULL,NULL,'0',197,'2019-07-01',NULL,NULL),(23,153,13,3,11,NULL,31.00,'P',NULL,NULL,'0',197,'2019-07-01',NULL,NULL),(24,167,13,3,11,NULL,21.00,'P',NULL,NULL,'0',197,'2019-07-01',NULL,NULL),(25,165,13,3,11,NULL,33.00,'P',NULL,NULL,'0',197,'2019-07-01',NULL,NULL),(26,154,13,3,11,NULL,36.00,'P',NULL,NULL,'0',197,'2019-07-01',NULL,NULL),(27,149,13,3,11,NULL,25.00,'P',NULL,NULL,'0',197,'2019-07-01',NULL,NULL),(28,152,13,3,11,NULL,40.00,'P',NULL,NULL,'0',197,'2019-07-01',NULL,NULL),(29,138,13,3,11,NULL,34.00,'P',NULL,NULL,'0',197,'2019-07-01',NULL,NULL),(30,137,13,3,11,NULL,38.00,'P',NULL,NULL,'0',197,'2019-07-01',NULL,NULL),(31,144,13,3,11,NULL,0.00,'F',NULL,NULL,'1',197,'2019-07-01',NULL,NULL),(32,346,21,5,34,NULL,0.00,'F',NULL,NULL,'0',204,'2019-07-02',NULL,NULL),(33,332,21,5,34,NULL,26.00,'P',NULL,NULL,'0',204,'2019-07-02',NULL,NULL),(34,342,21,5,34,NULL,36.00,'P',NULL,NULL,'0',204,'2019-07-02',NULL,NULL),(35,334,21,5,34,NULL,30.00,'P',NULL,NULL,'0',204,'2019-07-02',NULL,NULL),(36,324,21,5,34,NULL,25.00,'P',NULL,NULL,'0',204,'2019-07-02',NULL,NULL),(37,328,21,5,34,NULL,35.00,'P',NULL,NULL,'0',204,'2019-07-02',NULL,NULL),(38,326,21,5,34,NULL,37.00,'P',NULL,NULL,'0',204,'2019-07-02',NULL,NULL),(39,325,21,5,34,NULL,35.00,'P',NULL,NULL,'0',204,'2019-07-02',NULL,NULL),(40,344,21,5,34,NULL,30.00,'P',NULL,NULL,'0',204,'2019-07-02',NULL,NULL),(41,341,21,5,34,NULL,34.00,'P',NULL,NULL,'0',204,'2019-07-02',NULL,NULL),(42,335,21,5,34,NULL,0.00,'F',NULL,NULL,'1',204,'2019-07-02',NULL,NULL),(43,323,21,5,34,NULL,37.00,'P',NULL,NULL,'0',204,'2019-07-02',NULL,NULL),(44,340,21,5,34,NULL,31.00,'P',NULL,NULL,'0',204,'2019-07-02',NULL,NULL),(45,311,21,5,34,NULL,26.00,'P',NULL,NULL,'0',204,'2019-07-02',NULL,NULL),(46,333,21,5,34,NULL,34.00,'P',NULL,NULL,'0',204,'2019-07-02',NULL,NULL),(47,345,21,5,34,NULL,15.00,'P',NULL,NULL,'0',204,'2019-07-02',NULL,NULL),(48,329,21,5,34,NULL,16.00,'P',NULL,NULL,'0',204,'2019-07-02',NULL,NULL),(49,336,21,5,34,NULL,30.00,'P',NULL,NULL,'0',204,'2019-07-02',NULL,NULL),(50,330,21,5,34,NULL,26.00,'P',NULL,NULL,'0',204,'2019-07-02',NULL,NULL),(51,339,21,5,34,NULL,21.00,'P',NULL,NULL,'0',204,'2019-07-02',NULL,NULL),(52,338,21,5,34,NULL,9.00,'F',NULL,NULL,'0',204,'2019-07-02',NULL,NULL),(53,320,21,5,34,NULL,40.00,'P',NULL,NULL,'0',204,'2019-07-02',NULL,NULL),(54,313,21,5,34,NULL,39.00,'P',NULL,NULL,'0',204,'2019-07-02',NULL,NULL),(55,322,21,5,34,NULL,18.00,'P',NULL,NULL,'0',204,'2019-07-02',NULL,NULL),(56,316,21,5,34,NULL,33.00,'P',NULL,NULL,'0',204,'2019-07-02',NULL,NULL),(57,343,21,5,34,NULL,19.00,'P',NULL,NULL,'0',204,'2019-07-02',NULL,NULL),(58,331,21,5,34,NULL,5.00,'F',NULL,NULL,'0',204,'2019-07-02',NULL,NULL),(59,315,21,5,34,NULL,30.00,'P',NULL,NULL,'0',204,'2019-07-02',NULL,NULL),(60,312,21,5,34,NULL,16.00,'P',NULL,NULL,'0',204,'2019-07-02',NULL,NULL),(61,321,21,5,34,NULL,37.00,'P',NULL,NULL,'0',204,'2019-07-02',NULL,NULL),(62,327,21,5,34,NULL,31.00,'P',NULL,NULL,'0',204,'2019-07-02',NULL,NULL),(63,319,21,5,34,NULL,32.00,'P',NULL,NULL,'0',204,'2019-07-02',NULL,NULL),(64,318,21,5,34,NULL,24.00,'P',NULL,NULL,'0',204,'2019-07-02',NULL,NULL),(65,351,21,5,34,NULL,25.00,'P',NULL,NULL,'0',204,'2019-07-02',NULL,NULL),(66,314,21,5,34,NULL,11.00,'F',NULL,NULL,'0',204,'2019-07-02',NULL,NULL),(67,337,21,5,34,NULL,14.00,'P',NULL,NULL,'0',204,'2019-07-02',NULL,NULL),(68,317,21,5,34,NULL,14.00,'P',NULL,NULL,'0',204,'2019-07-02',NULL,NULL),(69,349,21,5,34,NULL,23.00,'P',NULL,NULL,'0',204,'2019-07-02',NULL,NULL),(70,347,21,5,34,NULL,34.00,'P',NULL,NULL,'0',204,'2019-07-02',NULL,NULL),(71,348,21,5,34,NULL,37.00,'P',NULL,NULL,'0',204,'2019-07-02',NULL,NULL),(72,350,21,5,34,NULL,28.00,'P',NULL,NULL,'0',204,'2019-07-02',NULL,NULL),(73,352,21,5,34,NULL,35.00,'P',NULL,NULL,'0',204,'2019-07-02',NULL,NULL),(74,353,21,5,34,NULL,29.00,'P',NULL,NULL,'0',204,'2019-07-02',NULL,NULL),(75,369,22,5,34,NULL,25.00,'P',NULL,NULL,'0',204,'2019-07-02',NULL,NULL),(76,380,22,5,34,NULL,31.00,'P',NULL,NULL,'0',204,'2019-07-02',NULL,NULL),(77,391,22,5,34,NULL,10.00,'F',NULL,NULL,'0',204,'2019-07-02',NULL,NULL),(78,383,22,5,34,NULL,9.00,'F',NULL,NULL,'0',204,'2019-07-02',NULL,NULL),(79,379,22,5,34,NULL,24.00,'P',NULL,NULL,'0',204,'2019-07-02',NULL,NULL),(80,361,22,5,34,NULL,29.00,'P',NULL,NULL,'0',204,'2019-07-02',NULL,NULL),(81,360,22,5,34,NULL,15.00,'P',NULL,NULL,'0',204,'2019-07-02',NULL,NULL),(82,357,22,5,34,NULL,9.00,'F',NULL,NULL,'0',204,'2019-07-02',NULL,NULL),(83,385,22,5,34,NULL,32.00,'P',NULL,NULL,'0',204,'2019-07-02',NULL,NULL),(84,364,22,5,34,NULL,36.00,'P',NULL,NULL,'0',204,'2019-07-02',NULL,NULL),(85,378,22,5,34,NULL,34.00,'P',NULL,NULL,'0',204,'2019-07-02',NULL,NULL),(86,356,22,5,34,NULL,30.00,'P',NULL,NULL,'0',204,'2019-07-02',NULL,NULL),(87,363,22,5,34,NULL,14.00,'P',NULL,NULL,'0',204,'2019-07-02',NULL,NULL),(88,365,22,5,34,NULL,29.00,'P',NULL,NULL,'0',204,'2019-07-02',NULL,NULL),(89,366,22,5,34,NULL,36.00,'P',NULL,NULL,'0',204,'2019-07-02',NULL,NULL),(90,362,22,5,34,NULL,14.00,'P',NULL,NULL,'0',204,'2019-07-02',NULL,NULL),(91,387,22,5,34,NULL,32.00,'P',NULL,NULL,'0',204,'2019-07-02',NULL,NULL),(92,358,22,5,34,NULL,14.00,'P',NULL,NULL,'0',204,'2019-07-02',NULL,NULL),(93,355,22,5,34,NULL,22.00,'P',NULL,NULL,'0',204,'2019-07-02',NULL,NULL),(94,388,22,5,34,NULL,9.00,'F',NULL,NULL,'0',204,'2019-07-02',NULL,NULL),(95,370,22,5,34,NULL,14.00,'P',NULL,NULL,'0',204,'2019-07-02',NULL,NULL),(96,375,22,5,34,NULL,14.00,'P',NULL,NULL,'0',204,'2019-07-02',NULL,NULL),(97,386,22,5,34,NULL,33.00,'P',NULL,NULL,'0',204,'2019-07-02',NULL,NULL),(98,384,22,5,34,NULL,34.00,'P',NULL,NULL,'0',204,'2019-07-02',NULL,NULL),(99,367,22,5,34,NULL,18.00,'P',NULL,NULL,'0',204,'2019-07-02',NULL,NULL),(100,373,22,5,34,NULL,18.00,'P',NULL,NULL,'0',204,'2019-07-02',NULL,NULL),(101,371,22,5,34,NULL,20.00,'P',NULL,NULL,'0',204,'2019-07-02',NULL,NULL),(102,354,22,5,34,NULL,32.00,'P',NULL,NULL,'0',204,'2019-07-02',NULL,NULL),(103,359,22,5,34,NULL,39.00,'P',NULL,NULL,'0',204,'2019-07-02',NULL,NULL),(104,376,22,5,34,NULL,14.00,'P',NULL,NULL,'0',204,'2019-07-02',NULL,NULL),(105,372,22,5,34,NULL,4.00,'F',NULL,NULL,'0',204,'2019-07-02',NULL,NULL),(106,377,22,5,34,NULL,21.00,'P',NULL,NULL,'0',204,'2019-07-02',NULL,NULL),(107,374,22,5,34,NULL,24.00,'P',NULL,NULL,'0',204,'2019-07-02',NULL,NULL),(108,368,22,5,34,NULL,31.00,'P',NULL,NULL,'0',204,'2019-07-02',NULL,NULL),(109,381,22,5,34,NULL,26.00,'P',NULL,NULL,'0',204,'2019-07-02',NULL,NULL),(110,390,22,5,34,NULL,38.00,'P',NULL,NULL,'0',204,'2019-07-02',NULL,NULL),(111,393,22,5,34,NULL,39.00,'P',NULL,NULL,'0',204,'2019-07-02',NULL,NULL),(112,395,22,5,34,NULL,29.00,'P',NULL,NULL,'0',204,'2019-07-02',NULL,NULL),(113,394,22,5,34,NULL,31.00,'P',NULL,NULL,'0',204,'2019-07-02',NULL,NULL),(114,392,22,5,34,NULL,27.00,'P',NULL,NULL,'0',204,'2019-07-02',NULL,NULL),(115,389,22,5,34,NULL,38.00,'P',NULL,NULL,'0',204,'2019-07-02',NULL,NULL),(116,382,22,5,34,NULL,33.00,'P',NULL,NULL,'0',204,'2019-07-02',NULL,NULL),(117,396,22,5,34,NULL,3.00,'F',NULL,NULL,'0',204,'2019-07-02',NULL,NULL),(118,397,22,5,34,NULL,0.00,'F',NULL,NULL,'1',204,'2019-07-02',NULL,NULL),(119,557,25,6,43,NULL,28.00,'P',NULL,NULL,'0',204,'2019-07-02',NULL,NULL),(120,547,25,6,43,NULL,37.00,'P',NULL,NULL,'0',204,'2019-07-02',NULL,NULL),(121,554,25,6,43,NULL,9.00,'F',NULL,NULL,'0',204,'2019-07-02',NULL,NULL),(122,560,25,6,43,NULL,27.00,'P',NULL,NULL,'0',204,'2019-07-02',NULL,NULL),(123,549,25,6,43,NULL,34.00,'P',NULL,NULL,'0',204,'2019-07-02',NULL,NULL),(124,545,25,6,43,NULL,26.00,'P',NULL,NULL,'0',204,'2019-07-02',NULL,NULL),(125,572,25,6,43,NULL,31.00,'P',NULL,NULL,'0',204,'2019-07-02',NULL,NULL),(126,543,25,6,43,NULL,38.00,'P',NULL,NULL,'0',204,'2019-07-02',NULL,NULL),(127,550,25,6,43,NULL,33.00,'P',NULL,NULL,'0',204,'2019-07-02',NULL,NULL),(128,561,25,6,43,NULL,20.00,'P',NULL,NULL,'0',204,'2019-07-02',NULL,NULL),(129,553,25,6,43,NULL,29.00,'P',NULL,NULL,'0',204,'2019-07-02',NULL,NULL),(130,567,25,6,43,NULL,14.00,'P',NULL,NULL,'0',204,'2019-07-02',NULL,NULL),(131,566,25,6,43,NULL,37.00,'P',NULL,NULL,'0',204,'2019-07-02',NULL,NULL),(132,555,25,6,43,NULL,28.00,'P',NULL,NULL,'0',204,'2019-07-02',NULL,NULL),(133,546,25,6,43,NULL,23.00,'P',NULL,NULL,'0',204,'2019-07-02',NULL,NULL),(134,569,25,6,43,NULL,14.00,'P',NULL,NULL,'0',204,'2019-07-02',NULL,NULL),(135,568,25,6,43,NULL,11.00,'F',NULL,NULL,'0',204,'2019-07-02',NULL,NULL),(136,565,25,6,43,NULL,31.00,'P',NULL,NULL,'0',204,'2019-07-02',NULL,NULL),(137,571,25,6,43,NULL,34.00,'P',NULL,NULL,'0',204,'2019-07-02',NULL,NULL),(138,544,25,6,43,NULL,21.00,'P',NULL,NULL,'0',204,'2019-07-02',NULL,NULL),(139,559,25,6,43,NULL,36.00,'P',NULL,NULL,'0',204,'2019-07-02',NULL,NULL),(140,563,25,6,43,NULL,29.00,'P',NULL,NULL,'0',204,'2019-07-02',NULL,NULL),(141,564,25,6,43,NULL,29.00,'P',NULL,NULL,'0',204,'2019-07-02',NULL,NULL),(142,570,25,6,43,NULL,22.00,'P',NULL,NULL,'0',204,'2019-07-02',NULL,NULL),(143,551,25,6,43,NULL,26.00,'P',NULL,NULL,'0',204,'2019-07-02',NULL,NULL),(144,558,25,6,43,NULL,21.00,'P',NULL,NULL,'0',204,'2019-07-02',NULL,NULL),(145,552,25,6,43,NULL,8.00,'F',NULL,NULL,'0',204,'2019-07-02',NULL,NULL),(146,574,25,6,43,NULL,31.00,'P',NULL,NULL,'0',204,'2019-07-02',NULL,NULL),(147,556,25,6,43,NULL,34.00,'P',NULL,NULL,'0',204,'2019-07-02',NULL,NULL),(148,548,25,6,43,NULL,38.00,'P',NULL,NULL,'0',204,'2019-07-02',NULL,NULL),(149,562,25,6,43,NULL,37.00,'P',NULL,NULL,'0',204,'2019-07-02',NULL,NULL),(150,577,25,6,43,NULL,20.00,'P',NULL,NULL,'0',204,'2019-07-02',NULL,NULL),(151,576,25,6,43,NULL,36.00,'P',NULL,NULL,'0',204,'2019-07-02',NULL,NULL),(152,573,25,6,43,NULL,33.00,'P',NULL,NULL,'0',204,'2019-07-02',NULL,NULL),(153,575,25,6,43,NULL,36.00,'P',NULL,NULL,'0',204,'2019-07-02',NULL,NULL),(154,605,26,6,43,NULL,19.00,'P',NULL,NULL,'0',204,'2019-07-02',NULL,NULL),(155,593,26,6,43,NULL,34.00,'P',NULL,NULL,'0',204,'2019-07-02',NULL,NULL),(156,581,26,6,43,NULL,36.00,'P',NULL,NULL,'0',204,'2019-07-02',NULL,NULL),(157,596,26,6,43,NULL,31.00,'P',NULL,NULL,'0',204,'2019-07-02',NULL,NULL),(158,585,26,6,43,NULL,36.00,'P',NULL,NULL,'0',204,'2019-07-02',NULL,NULL),(159,591,26,6,43,NULL,22.00,'P',NULL,NULL,'0',204,'2019-07-02',NULL,NULL),(160,598,26,6,43,NULL,37.00,'P',NULL,NULL,'0',204,'2019-07-02',NULL,NULL),(161,587,26,6,43,NULL,35.00,'P',NULL,NULL,'0',204,'2019-07-02',NULL,NULL),(162,604,26,6,43,NULL,29.00,'P',NULL,NULL,'0',204,'2019-07-02',NULL,NULL),(163,580,26,6,43,NULL,32.00,'P',NULL,NULL,'0',204,'2019-07-02',NULL,NULL),(164,595,26,6,43,NULL,38.00,'P',NULL,NULL,'0',204,'2019-07-02',NULL,NULL),(165,578,26,6,43,NULL,19.00,'P',NULL,NULL,'0',204,'2019-07-02',NULL,NULL),(166,600,26,6,43,NULL,21.00,'P',NULL,NULL,'0',204,'2019-07-02',NULL,NULL),(167,601,26,6,43,NULL,15.00,'P',NULL,NULL,'0',204,'2019-07-02',NULL,NULL),(168,592,26,6,43,NULL,6.00,'F',NULL,NULL,'0',204,'2019-07-02',NULL,NULL),(169,579,26,6,43,NULL,5.00,'F',NULL,NULL,'0',204,'2019-07-02',NULL,NULL),(170,584,26,6,43,NULL,15.00,'P',NULL,NULL,'0',204,'2019-07-02',NULL,NULL),(171,594,26,6,43,NULL,27.00,'P',NULL,NULL,'0',204,'2019-07-02',NULL,NULL),(172,582,26,6,43,NULL,38.00,'P',NULL,NULL,'0',204,'2019-07-02',NULL,NULL),(173,602,26,6,43,NULL,23.00,'P',NULL,NULL,'0',204,'2019-07-02',NULL,NULL),(174,612,26,6,43,NULL,25.00,'P',NULL,NULL,'0',204,'2019-07-02',NULL,NULL),(175,609,26,6,43,NULL,32.00,'P',NULL,NULL,'0',204,'2019-07-02',NULL,NULL),(176,610,26,6,43,NULL,26.00,'P',NULL,NULL,'0',204,'2019-07-02',NULL,NULL),(177,589,26,6,43,NULL,23.00,'P',NULL,NULL,'0',204,'2019-07-02',NULL,NULL),(178,599,26,6,43,NULL,34.00,'P',NULL,NULL,'0',204,'2019-07-02',NULL,NULL),(179,597,26,6,43,NULL,24.00,'P',NULL,NULL,'0',204,'2019-07-02',NULL,NULL),(180,603,26,6,43,NULL,33.00,'P',NULL,NULL,'0',204,'2019-07-02',NULL,NULL),(181,586,26,6,43,NULL,31.00,'P',NULL,NULL,'0',204,'2019-07-02',NULL,NULL),(182,590,26,6,43,NULL,37.00,'P',NULL,NULL,'0',204,'2019-07-02',NULL,NULL),(183,583,26,6,43,NULL,16.00,'P',NULL,NULL,'0',204,'2019-07-02',NULL,NULL),(184,588,26,6,43,NULL,36.00,'P',NULL,NULL,'0',204,'2019-07-02',NULL,NULL),(185,611,26,6,43,NULL,13.00,'P',NULL,NULL,'0',204,'2019-07-02',NULL,NULL),(186,607,26,6,43,NULL,20.00,'P',NULL,NULL,'0',204,'2019-07-02',NULL,NULL),(187,608,26,6,43,NULL,34.00,'P',NULL,NULL,'0',204,'2019-07-02',NULL,NULL),(188,606,26,6,43,NULL,34.00,'P',NULL,NULL,'0',204,'2019-07-02',NULL,NULL),(189,613,26,6,43,NULL,7.00,'F',NULL,NULL,'0',204,'2019-07-02',NULL,NULL),(190,642,29,7,52,NULL,40.00,'P',NULL,NULL,'0',204,'2019-07-02',NULL,NULL),(191,647,29,7,52,NULL,26.00,'P',NULL,NULL,'0',204,'2019-07-02',NULL,NULL),(192,615,29,7,52,NULL,35.00,'P',NULL,NULL,'0',204,'2019-07-02',NULL,NULL),(193,627,29,7,52,NULL,32.00,'P',NULL,NULL,'0',204,'2019-07-02',NULL,NULL),(194,634,29,7,52,NULL,0.00,'F',NULL,NULL,'1',204,'2019-07-02',NULL,NULL),(195,624,29,7,52,NULL,18.00,'P',NULL,NULL,'0',204,'2019-07-02',NULL,NULL),(196,623,29,7,52,NULL,18.00,'P',NULL,NULL,'0',204,'2019-07-02',NULL,NULL),(197,626,29,7,52,NULL,34.00,'P',NULL,NULL,'0',204,'2019-07-02',NULL,NULL),(198,618,29,7,52,NULL,14.00,'F',NULL,NULL,'0',204,'2019-07-02',NULL,NULL),(199,646,29,7,52,NULL,28.00,'P',NULL,NULL,'0',204,'2019-07-02',NULL,NULL),(200,637,29,7,52,NULL,20.00,'P',NULL,NULL,'0',204,'2019-07-02',NULL,NULL),(201,648,29,7,52,NULL,22.00,'P',NULL,NULL,'0',204,'2019-07-02',NULL,NULL),(202,33,8,2,1,NULL,40.00,'P',NULL,NULL,'0',178,'2019-07-02',NULL,NULL),(203,6,8,2,1,NULL,40.00,'P',NULL,NULL,'0',178,'2019-07-02',NULL,NULL),(204,7,8,2,1,NULL,40.00,'P',NULL,NULL,'0',178,'2019-07-02',NULL,NULL),(205,34,8,2,1,NULL,0.00,'F',NULL,NULL,'1',178,'2019-07-02',NULL,NULL),(206,24,8,2,1,NULL,40.00,'P',NULL,NULL,'0',178,'2019-07-02',NULL,NULL),(207,17,8,2,1,NULL,40.00,'P',NULL,NULL,'0',178,'2019-07-02',NULL,NULL),(208,11,8,2,1,NULL,40.00,'P',NULL,NULL,'0',178,'2019-07-02',NULL,NULL),(209,32,8,2,1,NULL,38.00,'P',NULL,NULL,'0',178,'2019-07-02',NULL,NULL),(210,15,8,2,1,NULL,40.00,'P',NULL,NULL,'0',178,'2019-07-02',NULL,NULL),(211,5,8,2,1,NULL,37.00,'P',NULL,NULL,'0',178,'2019-07-02',NULL,NULL),(212,30,8,2,1,NULL,40.00,'P',NULL,NULL,'0',178,'2019-07-02',NULL,NULL),(213,13,8,2,1,NULL,40.00,'P',NULL,NULL,'0',178,'2019-07-02',NULL,NULL),(214,27,8,2,1,NULL,39.00,'P',NULL,NULL,'0',178,'2019-07-02',NULL,NULL),(215,29,8,2,1,NULL,40.00,'P',NULL,NULL,'0',178,'2019-07-02',NULL,NULL),(216,3,8,2,1,NULL,36.00,'P',NULL,NULL,'0',178,'2019-07-02',NULL,NULL),(217,9,8,2,1,NULL,39.00,'P',NULL,NULL,'0',178,'2019-07-02',NULL,NULL),(218,21,8,2,1,NULL,40.00,'P',NULL,NULL,'0',178,'2019-07-02',NULL,NULL),(219,10,8,2,1,NULL,40.00,'P',NULL,NULL,'0',178,'2019-07-02',NULL,NULL),(220,16,8,2,1,NULL,40.00,'P',NULL,NULL,'0',178,'2019-07-02',NULL,NULL),(221,28,8,2,1,NULL,40.00,'P',NULL,NULL,'0',178,'2019-07-02',NULL,NULL),(222,26,8,2,1,NULL,37.00,'P',NULL,NULL,'0',178,'2019-07-02',NULL,NULL),(223,1,8,2,1,NULL,40.00,'P',NULL,NULL,'0',178,'2019-07-02',NULL,NULL),(224,18,8,2,1,NULL,27.00,'P',NULL,NULL,'0',178,'2019-07-02',NULL,NULL),(225,37,8,2,1,NULL,39.00,'P',NULL,NULL,'0',178,'2019-07-02',NULL,NULL),(226,12,8,2,1,NULL,0.00,'F',NULL,NULL,'1',178,'2019-07-02',NULL,NULL),(227,43,8,2,1,NULL,35.00,'P',NULL,NULL,'0',178,'2019-07-02',NULL,NULL),(228,25,8,2,1,NULL,32.00,'P',NULL,NULL,'0',178,'2019-07-02',NULL,NULL),(229,23,8,2,1,NULL,36.00,'P',NULL,NULL,'0',178,'2019-07-02',NULL,NULL),(230,44,8,2,1,NULL,39.00,'P',NULL,NULL,'0',178,'2019-07-02',NULL,NULL),(231,14,8,2,1,NULL,40.00,'P',NULL,NULL,'0',178,'2019-07-02',NULL,NULL),(232,31,8,2,1,NULL,40.00,'P',NULL,NULL,'0',178,'2019-07-02',NULL,NULL),(233,2,8,2,1,NULL,37.00,'P',NULL,NULL,'0',178,'2019-07-02',NULL,NULL),(234,19,8,2,1,NULL,40.00,'P',NULL,NULL,'0',178,'2019-07-02',NULL,NULL),(235,8,8,2,1,NULL,38.00,'P',NULL,NULL,'0',178,'2019-07-02',NULL,NULL),(236,22,8,2,1,NULL,26.00,'P',NULL,NULL,'0',178,'2019-07-02',NULL,NULL),(237,20,8,2,1,NULL,0.00,'F',NULL,NULL,'1',178,'2019-07-02',NULL,NULL),(238,38,8,2,1,NULL,34.00,'P',NULL,NULL,'0',178,'2019-07-02',NULL,NULL),(239,35,8,2,1,NULL,40.00,'P',NULL,NULL,'0',178,'2019-07-02',NULL,NULL),(240,40,8,2,1,NULL,39.00,'P',NULL,NULL,'0',178,'2019-07-02',NULL,NULL),(241,41,8,2,1,NULL,40.00,'P',NULL,NULL,'0',178,'2019-07-02',NULL,NULL),(242,42,8,2,1,NULL,0.00,'F',NULL,NULL,'1',178,'2019-07-02',NULL,NULL),(243,36,8,2,1,NULL,29.00,'P',NULL,NULL,'0',178,'2019-07-02',NULL,NULL),(244,39,8,2,1,NULL,34.00,'P',NULL,NULL,'0',178,'2019-07-02',NULL,NULL),(245,4,8,2,6,NULL,37.00,'P',NULL,NULL,'0',178,'2019-07-02',NULL,NULL),(246,33,8,2,6,NULL,39.00,'P',NULL,NULL,'0',178,'2019-07-02',NULL,NULL),(247,6,8,2,6,NULL,40.00,'P',NULL,NULL,'0',178,'2019-07-02',NULL,NULL),(248,7,8,2,6,NULL,37.00,'P',NULL,NULL,'0',178,'2019-07-02',NULL,NULL),(249,34,8,2,6,NULL,0.00,'F',NULL,NULL,'1',178,'2019-07-02',NULL,NULL),(250,24,8,2,6,NULL,40.00,'P',NULL,NULL,'0',178,'2019-07-02',NULL,NULL),(251,17,8,2,6,NULL,40.00,'P',NULL,NULL,'0',178,'2019-07-02',NULL,NULL),(252,11,8,2,6,NULL,38.00,'P',NULL,NULL,'0',178,'2019-07-02',NULL,NULL),(253,32,8,2,6,NULL,38.00,'P',NULL,NULL,'0',178,'2019-07-02',NULL,NULL),(254,15,8,2,6,NULL,40.00,'P',NULL,NULL,'0',178,'2019-07-02',NULL,NULL),(255,5,8,2,6,NULL,35.00,'P',NULL,NULL,'0',178,'2019-07-02',NULL,NULL),(256,30,8,2,6,NULL,38.00,'P',NULL,NULL,'0',178,'2019-07-02',NULL,NULL),(257,13,8,2,6,NULL,40.00,'P',NULL,NULL,'0',178,'2019-07-02',178,'2019-07-10'),(258,27,8,2,6,NULL,40.00,'P',NULL,NULL,'0',178,'2019-07-02',NULL,NULL),(259,29,8,2,6,NULL,39.00,'P',NULL,NULL,'0',178,'2019-07-02',NULL,NULL),(260,3,8,2,6,NULL,37.00,'P',NULL,NULL,'0',178,'2019-07-02',NULL,NULL),(261,9,8,2,6,NULL,35.00,'P',NULL,NULL,'0',178,'2019-07-02',NULL,NULL),(262,21,8,2,6,NULL,40.00,'P',NULL,NULL,'0',178,'2019-07-02',NULL,NULL),(263,10,8,2,6,NULL,39.00,'P',NULL,NULL,'0',178,'2019-07-02',NULL,NULL),(264,16,8,2,6,NULL,40.00,'P',NULL,NULL,'0',178,'2019-07-02',NULL,NULL),(265,28,8,2,6,NULL,40.00,'P',NULL,NULL,'0',178,'2019-07-02',NULL,NULL),(266,26,8,2,6,NULL,37.00,'P',NULL,NULL,'0',178,'2019-07-02',NULL,NULL),(267,1,8,2,6,NULL,39.00,'P',NULL,NULL,'0',178,'2019-07-02',NULL,NULL),(268,18,8,2,6,NULL,40.00,'P',NULL,NULL,'0',178,'2019-07-02',NULL,NULL),(269,37,8,2,6,NULL,37.00,'P',NULL,NULL,'0',178,'2019-07-02',NULL,NULL),(270,12,8,2,6,NULL,0.00,'F',NULL,NULL,'1',178,'2019-07-02',NULL,NULL),(271,43,8,2,6,NULL,37.00,'P',NULL,NULL,'0',178,'2019-07-02',NULL,NULL),(272,25,8,2,6,NULL,37.00,'P',NULL,NULL,'0',178,'2019-07-02',NULL,NULL),(273,23,8,2,6,NULL,37.00,'P',NULL,NULL,'0',178,'2019-07-02',NULL,NULL),(274,44,8,2,6,NULL,40.00,'P',NULL,NULL,'0',178,'2019-07-02',NULL,NULL),(275,14,8,2,6,NULL,40.00,'P',NULL,NULL,'0',178,'2019-07-02',NULL,NULL),(276,31,8,2,6,NULL,40.00,'P',NULL,NULL,'0',178,'2019-07-02',NULL,NULL),(277,2,8,2,6,NULL,36.00,'P',NULL,NULL,'0',178,'2019-07-02',NULL,NULL),(278,19,8,2,6,NULL,40.00,'P',NULL,NULL,'0',178,'2019-07-02',NULL,NULL),(279,8,8,2,6,NULL,40.00,'P',NULL,NULL,'0',178,'2019-07-02',NULL,NULL),(280,22,8,2,6,NULL,32.00,'P',NULL,NULL,'0',178,'2019-07-02',NULL,NULL),(281,20,8,2,6,NULL,0.00,'F',NULL,NULL,'1',178,'2019-07-02',NULL,NULL),(282,38,8,2,6,NULL,32.00,'P',NULL,NULL,'0',178,'2019-07-02',NULL,NULL),(283,35,8,2,6,NULL,40.00,'P',NULL,NULL,'0',178,'2019-07-02',NULL,NULL),(284,40,8,2,6,NULL,26.00,'P',NULL,NULL,'0',178,'2019-07-02',NULL,NULL),(285,41,8,2,6,NULL,39.00,'P',NULL,NULL,'0',178,'2019-07-02',NULL,NULL),(286,42,8,2,6,NULL,0.00,'F',NULL,NULL,'1',178,'2019-07-02',NULL,NULL),(287,36,8,2,6,NULL,30.00,'P',NULL,NULL,'0',178,'2019-07-02',NULL,NULL),(288,39,8,2,6,NULL,34.00,'P',NULL,NULL,'0',178,'2019-07-02',NULL,NULL),(289,33,8,2,4,NULL,37.00,'P',NULL,NULL,'0',178,'2019-07-02',NULL,NULL),(290,6,8,2,4,NULL,40.00,'P',NULL,NULL,'0',178,'2019-07-02',NULL,NULL),(291,7,8,2,4,NULL,40.00,'P',NULL,NULL,'0',178,'2019-07-02',NULL,NULL),(292,34,8,2,4,NULL,0.00,'F',NULL,NULL,'1',178,'2019-07-02',NULL,NULL),(293,24,8,2,4,NULL,40.00,'P',NULL,NULL,'0',178,'2019-07-02',NULL,NULL),(294,17,8,2,4,NULL,39.00,'P',NULL,NULL,'0',178,'2019-07-02',NULL,NULL),(295,11,8,2,4,NULL,35.00,'P',NULL,NULL,'0',178,'2019-07-02',NULL,NULL),(296,32,8,2,4,NULL,30.00,'P',NULL,NULL,'0',178,'2019-07-02',NULL,NULL),(297,15,8,2,4,NULL,40.00,'P',NULL,NULL,'0',178,'2019-07-02',NULL,NULL),(298,5,8,2,4,NULL,31.00,'P',NULL,NULL,'0',178,'2019-07-02',NULL,NULL),(299,30,8,2,4,NULL,33.00,'P',NULL,NULL,'0',178,'2019-07-02',NULL,NULL),(300,13,8,2,4,NULL,38.00,'P',NULL,NULL,'0',178,'2019-07-02',NULL,NULL),(301,27,8,2,4,NULL,39.00,'P',NULL,NULL,'0',178,'2019-07-02',NULL,NULL),(302,29,8,2,4,NULL,40.00,'P',NULL,NULL,'0',178,'2019-07-02',NULL,NULL),(303,3,8,2,4,NULL,37.00,'P',NULL,NULL,'0',178,'2019-07-02',NULL,NULL),(304,9,8,2,4,NULL,36.00,'P',NULL,NULL,'0',178,'2019-07-02',NULL,NULL),(305,21,8,2,4,NULL,40.00,'P',NULL,NULL,'0',178,'2019-07-02',NULL,NULL),(306,10,8,2,4,NULL,39.00,'P',NULL,NULL,'0',178,'2019-07-02',NULL,NULL),(307,16,8,2,4,NULL,40.00,'P',NULL,NULL,'0',178,'2019-07-02',NULL,NULL),(308,28,8,2,4,NULL,40.00,'P',NULL,NULL,'0',178,'2019-07-02',NULL,NULL),(309,26,8,2,4,NULL,38.00,'P',NULL,NULL,'0',178,'2019-07-02',NULL,NULL),(310,1,8,2,4,NULL,39.00,'P',NULL,NULL,'0',178,'2019-07-02',NULL,NULL),(311,18,8,2,4,NULL,29.00,'P',NULL,NULL,'0',178,'2019-07-02',NULL,NULL),(312,37,8,2,4,NULL,38.00,'P',NULL,NULL,'0',178,'2019-07-02',NULL,NULL),(313,12,8,2,4,NULL,0.00,'F',NULL,NULL,'1',178,'2019-07-02',NULL,NULL),(314,43,8,2,4,NULL,35.00,'P',NULL,NULL,'0',178,'2019-07-02',NULL,NULL),(315,25,8,2,4,NULL,33.00,'P',NULL,NULL,'0',178,'2019-07-02',NULL,NULL),(316,23,8,2,4,NULL,35.00,'P',NULL,NULL,'0',178,'2019-07-02',NULL,NULL),(317,44,8,2,4,NULL,31.00,'P',NULL,NULL,'0',178,'2019-07-02',NULL,NULL),(318,14,8,2,4,NULL,38.00,'P',NULL,NULL,'0',178,'2019-07-02',NULL,NULL),(319,31,8,2,4,NULL,40.00,'P',NULL,NULL,'0',178,'2019-07-02',NULL,NULL),(320,2,8,2,4,NULL,33.00,'P',NULL,NULL,'0',178,'2019-07-02',NULL,NULL),(321,19,8,2,4,NULL,35.00,'P',NULL,NULL,'0',178,'2019-07-02',NULL,NULL),(322,8,8,2,4,NULL,35.00,'P',NULL,NULL,'0',178,'2019-07-02',NULL,NULL),(323,22,8,2,4,NULL,23.00,'P',NULL,NULL,'0',178,'2019-07-02',NULL,NULL),(324,20,8,2,4,NULL,0.00,'F',NULL,NULL,'1',178,'2019-07-02',NULL,NULL),(325,38,8,2,4,NULL,29.00,'P',NULL,NULL,'0',178,'2019-07-02',NULL,NULL),(326,35,8,2,4,NULL,34.00,'P',NULL,NULL,'0',178,'2019-07-02',NULL,NULL),(327,40,8,2,4,NULL,34.00,'P',NULL,NULL,'0',178,'2019-07-02',NULL,NULL),(328,41,8,2,4,NULL,40.00,'P',NULL,NULL,'0',178,'2019-07-02',NULL,NULL),(329,42,8,2,4,NULL,0.00,'F',NULL,NULL,'1',178,'2019-07-02',NULL,NULL),(330,36,8,2,4,NULL,29.00,'P',NULL,NULL,'0',178,'2019-07-02',NULL,NULL),(331,39,8,2,4,NULL,0.00,'F',NULL,NULL,'1',178,'2019-07-02',NULL,NULL),(332,155,13,3,10,NULL,30.00,'P',NULL,NULL,'0',178,'2019-07-02',NULL,NULL),(333,141,13,3,10,NULL,37.00,'P',NULL,NULL,'0',178,'2019-07-02',NULL,NULL),(334,150,13,3,10,NULL,37.00,'P',NULL,NULL,'0',178,'2019-07-02',NULL,NULL),(335,142,13,3,10,NULL,31.00,'P',NULL,NULL,'0',178,'2019-07-02',NULL,NULL),(336,169,13,3,10,NULL,33.00,'P',NULL,NULL,'0',178,'2019-07-02',NULL,NULL),(337,146,13,3,10,NULL,26.00,'P',NULL,NULL,'0',178,'2019-07-02',NULL,NULL),(338,136,13,3,10,NULL,8.00,'F',NULL,NULL,'0',178,'2019-07-02',NULL,NULL),(339,139,13,3,10,NULL,27.00,'P',NULL,NULL,'0',178,'2019-07-02',NULL,NULL),(340,153,13,3,10,NULL,35.00,'P',NULL,NULL,'0',178,'2019-07-02',NULL,NULL),(341,167,13,3,10,NULL,29.00,'P',NULL,NULL,'0',178,'2019-07-02',NULL,NULL),(342,165,13,3,10,NULL,28.00,'P',NULL,NULL,'0',178,'2019-07-02',NULL,NULL),(343,154,13,3,10,NULL,29.00,'P',NULL,NULL,'0',178,'2019-07-02',NULL,NULL),(344,149,13,3,10,NULL,21.00,'P',NULL,NULL,'0',178,'2019-07-02',NULL,NULL),(345,152,13,3,10,NULL,38.00,'P',NULL,NULL,'0',178,'2019-07-02',NULL,NULL),(346,138,13,3,10,NULL,26.00,'P',NULL,NULL,'0',178,'2019-07-02',NULL,NULL),(347,137,13,3,10,NULL,36.00,'P',NULL,NULL,'0',178,'2019-07-02',NULL,NULL),(348,144,13,3,10,NULL,0.00,'F',NULL,NULL,'1',178,'2019-07-02',NULL,NULL),(349,162,13,3,10,NULL,40.00,'P',NULL,NULL,'0',178,'2019-07-02',NULL,NULL),(350,134,13,3,10,NULL,28.00,'P',NULL,NULL,'0',178,'2019-07-02',NULL,NULL),(351,140,13,3,10,NULL,39.00,'P',NULL,NULL,'0',178,'2019-07-02',NULL,NULL),(352,158,13,3,10,NULL,35.00,'P',NULL,NULL,'0',178,'2019-07-02',NULL,NULL),(353,157,13,3,10,NULL,37.00,'P',NULL,NULL,'0',178,'2019-07-02',NULL,NULL),(354,166,13,3,10,NULL,14.00,'P',NULL,NULL,'0',178,'2019-07-02',NULL,NULL),(355,151,13,3,10,NULL,31.00,'P',NULL,NULL,'0',178,'2019-07-02',NULL,NULL),(356,147,13,3,10,NULL,14.00,'P',NULL,NULL,'0',178,'2019-07-02',NULL,NULL),(357,164,13,3,10,NULL,31.00,'P',NULL,NULL,'0',178,'2019-07-02',NULL,NULL),(358,156,13,3,10,NULL,14.00,'P',NULL,NULL,'0',178,'2019-07-02',NULL,NULL),(359,163,13,3,10,NULL,20.00,'P',NULL,NULL,'0',178,'2019-07-02',NULL,NULL),(360,143,13,3,10,NULL,33.00,'P',NULL,NULL,'0',178,'2019-07-02',NULL,NULL),(361,172,13,3,10,NULL,24.00,'P',NULL,NULL,'0',178,'2019-07-02',NULL,NULL),(362,135,13,3,10,NULL,40.00,'P',NULL,NULL,'0',178,'2019-07-02',NULL,NULL),(363,620,29,7,52,NULL,43.00,'P',NULL,NULL,'0',204,'2019-07-02',NULL,NULL),(364,148,13,3,10,NULL,5.00,'F',NULL,NULL,'0',178,'2019-07-02',NULL,NULL),(365,160,13,3,10,NULL,39.00,'P',NULL,NULL,'0',178,'2019-07-02',NULL,NULL),(366,617,29,7,52,NULL,15.00,'F',NULL,NULL,'0',204,'2019-07-02',NULL,NULL),(367,161,13,3,10,NULL,18.00,'P',NULL,NULL,'0',178,'2019-07-02',NULL,NULL),(368,159,13,3,10,NULL,34.00,'P',NULL,NULL,'0',178,'2019-07-02',NULL,NULL),(369,628,29,7,52,NULL,17.00,'P',NULL,NULL,'0',204,'2019-07-02',NULL,NULL),(370,145,13,3,10,NULL,27.00,'P',NULL,NULL,'0',178,'2019-07-02',NULL,NULL),(371,635,29,7,52,NULL,20.00,'P',NULL,NULL,'0',204,'2019-07-02',204,'2019-07-02'),(372,170,13,3,10,NULL,38.00,'P',NULL,NULL,'0',178,'2019-07-02',NULL,NULL),(373,171,13,3,10,NULL,35.00,'P',NULL,NULL,'0',178,'2019-07-02',NULL,NULL),(374,632,29,7,52,NULL,17.00,'P',NULL,NULL,'0',204,'2019-07-02',204,'2019-07-02'),(375,168,13,3,10,NULL,24.00,'P',NULL,NULL,'0',178,'2019-07-02',NULL,NULL),(376,173,13,3,10,NULL,36.00,'P',NULL,NULL,'0',178,'2019-07-02',NULL,NULL),(377,638,29,7,52,NULL,10.00,'F',NULL,NULL,'0',204,'2019-07-02',204,'2019-07-02'),(378,79,9,2,2,NULL,40.00,'P',NULL,NULL,'0',186,'2019-07-02',NULL,NULL),(379,64,9,2,2,NULL,39.00,'P',NULL,NULL,'0',186,'2019-07-02',NULL,NULL),(380,625,29,7,52,NULL,8.00,'F',NULL,NULL,'0',204,'2019-07-02',NULL,NULL),(381,643,29,7,52,NULL,45.00,'P',NULL,NULL,'0',204,'2019-07-02',NULL,NULL),(382,62,9,2,2,NULL,40.00,'P',NULL,NULL,'0',186,'2019-07-02',NULL,NULL),(383,52,9,2,2,NULL,38.00,'P',NULL,NULL,'0',186,'2019-07-02',NULL,NULL),(384,83,9,2,2,NULL,32.00,'P',NULL,NULL,'0',186,'2019-07-02',NULL,NULL),(385,50,9,2,2,NULL,40.00,'P',NULL,NULL,'0',186,'2019-07-02',NULL,NULL),(386,644,29,7,52,NULL,39.00,'P',NULL,NULL,'0',204,'2019-07-02',NULL,NULL),(387,76,9,2,2,NULL,36.00,'P',NULL,NULL,'0',186,'2019-07-02',NULL,NULL),(388,69,9,2,2,NULL,0.00,'F',NULL,NULL,'1',186,'2019-07-02',NULL,NULL),(389,629,29,7,52,NULL,29.00,'P',NULL,NULL,'0',204,'2019-07-02',NULL,NULL),(390,51,9,2,2,NULL,36.00,'P',NULL,NULL,'0',186,'2019-07-02',NULL,NULL),(391,621,29,7,52,NULL,30.00,'P',NULL,NULL,'0',204,'2019-07-02',NULL,NULL),(392,61,9,2,2,NULL,35.00,'P',NULL,NULL,'0',186,'2019-07-02',NULL,NULL),(393,54,9,2,2,NULL,29.00,'P',NULL,NULL,'0',186,'2019-07-02',NULL,NULL),(394,641,29,7,52,NULL,24.00,'P',NULL,NULL,'0',204,'2019-07-02',NULL,NULL),(395,58,9,2,2,NULL,36.00,'P',NULL,NULL,'0',186,'2019-07-02',NULL,NULL),(396,65,9,2,2,NULL,34.00,'P',NULL,NULL,'0',186,'2019-07-02',NULL,NULL),(397,47,9,2,2,NULL,33.00,'P',NULL,NULL,'0',186,'2019-07-02',NULL,NULL),(398,640,29,7,52,NULL,40.00,'P',NULL,NULL,'0',204,'2019-07-02',NULL,NULL),(399,70,9,2,2,NULL,29.00,'P',NULL,NULL,'0',186,'2019-07-02',NULL,NULL),(400,645,29,7,52,NULL,43.00,'P',NULL,NULL,'0',204,'2019-07-02',NULL,NULL),(401,68,9,2,2,NULL,39.00,'P',NULL,NULL,'0',186,'2019-07-02',NULL,NULL),(402,57,9,2,2,NULL,36.00,'P',NULL,NULL,'0',186,'2019-07-02',NULL,NULL),(403,46,9,2,2,NULL,36.00,'P',NULL,NULL,'0',186,'2019-07-02',NULL,NULL),(404,630,29,7,52,NULL,41.00,'P',NULL,NULL,'0',204,'2019-07-02',NULL,NULL),(405,73,9,2,2,NULL,34.00,'P',NULL,NULL,'0',186,'2019-07-02',NULL,NULL),(406,631,29,7,52,NULL,22.00,'P',NULL,NULL,'0',204,'2019-07-02',NULL,NULL),(407,60,9,2,2,NULL,40.00,'P',NULL,NULL,'0',186,'2019-07-02',NULL,NULL),(408,71,9,2,2,NULL,40.00,'P',NULL,NULL,'0',186,'2019-07-02',NULL,NULL),(409,49,9,2,2,NULL,40.00,'P',NULL,NULL,'0',186,'2019-07-02',NULL,NULL),(410,53,9,2,2,NULL,39.00,'P',NULL,NULL,'0',186,'2019-07-02',NULL,NULL),(411,45,9,2,2,NULL,38.00,'P',NULL,NULL,'0',186,'2019-07-02',NULL,NULL),(412,72,9,2,2,NULL,37.00,'P',NULL,NULL,'0',186,'2019-07-02',NULL,NULL),(413,81,9,2,2,NULL,40.00,'P',NULL,NULL,'0',186,'2019-07-02',NULL,NULL),(414,80,9,2,2,NULL,32.00,'P',NULL,NULL,'0',186,'2019-07-02',NULL,NULL),(415,78,9,2,2,NULL,38.00,'P',NULL,NULL,'0',186,'2019-07-02',NULL,NULL),(416,74,9,2,2,NULL,40.00,'P',NULL,NULL,'0',186,'2019-07-02',NULL,NULL),(417,67,9,2,2,NULL,40.00,'P',NULL,NULL,'0',186,'2019-07-02',NULL,NULL),(418,59,9,2,2,NULL,36.00,'P',NULL,NULL,'0',186,'2019-07-02',NULL,NULL),(419,75,9,2,2,NULL,34.00,'P',NULL,NULL,'0',186,'2019-07-02',NULL,NULL),(420,63,9,2,2,NULL,39.00,'P',NULL,NULL,'0',186,'2019-07-02',NULL,NULL),(421,55,9,2,2,NULL,39.00,'P',NULL,NULL,'0',186,'2019-07-02',NULL,NULL),(422,636,29,7,52,NULL,27.00,'P',NULL,NULL,'0',204,'2019-07-02',NULL,NULL),(423,56,9,2,2,NULL,33.00,'P',NULL,NULL,'0',186,'2019-07-02',NULL,NULL),(424,77,9,2,2,NULL,38.00,'P',NULL,NULL,'0',186,'2019-07-02',NULL,NULL),(425,66,9,2,2,NULL,39.00,'P',NULL,NULL,'0',186,'2019-07-02',NULL,NULL),(426,84,9,2,2,NULL,39.00,'P',NULL,NULL,'0',186,'2019-07-02',NULL,NULL),(427,85,9,2,2,NULL,37.00,'P',NULL,NULL,'0',186,'2019-07-02',NULL,NULL),(428,86,9,2,2,NULL,31.00,'P',NULL,NULL,'0',186,'2019-07-02',NULL,NULL),(429,87,9,2,2,NULL,38.00,'P',NULL,NULL,'0',186,'2019-07-02',NULL,NULL),(430,88,9,2,2,NULL,33.00,'P',NULL,NULL,'0',186,'2019-07-02',NULL,NULL),(431,82,9,2,2,NULL,31.00,'P',NULL,NULL,'0',186,'2019-07-02',NULL,NULL),(432,48,9,2,2,NULL,0.00,'F',NULL,NULL,'1',186,'2019-07-02',NULL,NULL),(433,89,10,2,2,NULL,40.00,'P',NULL,NULL,'0',186,'2019-07-02',NULL,NULL),(434,109,10,2,2,NULL,39.00,'P',NULL,NULL,'0',186,'2019-07-02',NULL,NULL),(435,113,10,2,2,NULL,36.00,'P',NULL,NULL,'0',186,'2019-07-02',NULL,NULL),(436,112,10,2,2,NULL,39.00,'P',NULL,NULL,'0',186,'2019-07-02',NULL,NULL),(437,94,10,2,2,NULL,0.00,'F',NULL,NULL,'1',186,'2019-07-02',NULL,NULL),(438,119,10,2,2,NULL,34.00,'P',NULL,NULL,'0',186,'2019-07-02',NULL,NULL),(439,111,10,2,2,NULL,40.00,'P',NULL,NULL,'0',186,'2019-07-02',NULL,NULL),(440,108,10,2,2,NULL,36.00,'P',NULL,NULL,'0',186,'2019-07-02',NULL,NULL),(441,107,10,2,2,NULL,0.00,'F',NULL,NULL,'1',186,'2019-07-02',NULL,NULL),(442,124,10,2,2,NULL,32.00,'P',NULL,NULL,'0',186,'2019-07-02',NULL,NULL),(443,110,10,2,2,NULL,40.00,'P',NULL,NULL,'0',186,'2019-07-02',NULL,NULL),(444,102,10,2,2,NULL,38.00,'P',NULL,NULL,'0',186,'2019-07-02',NULL,NULL),(445,116,10,2,2,NULL,39.00,'P',NULL,NULL,'0',186,'2019-07-02',NULL,NULL),(446,92,10,2,2,NULL,38.00,'P',NULL,NULL,'0',186,'2019-07-02',NULL,NULL),(447,118,10,2,2,NULL,37.00,'P',NULL,NULL,'0',186,'2019-07-02',NULL,NULL),(448,123,10,2,2,NULL,39.00,'P',NULL,NULL,'0',186,'2019-07-02',NULL,NULL),(449,622,29,7,52,NULL,20.00,'P',NULL,NULL,'0',204,'2019-07-02',NULL,NULL),(450,619,29,7,52,NULL,26.00,'P',NULL,NULL,'0',204,'2019-07-02',NULL,NULL),(451,117,10,2,2,NULL,40.00,'P',NULL,NULL,'0',186,'2019-07-02',NULL,NULL),(452,639,29,7,52,NULL,24.00,'P',NULL,NULL,'0',204,'2019-07-02',NULL,NULL),(453,98,10,2,2,NULL,40.00,'P',NULL,NULL,'0',186,'2019-07-02',NULL,NULL),(454,616,29,7,52,NULL,44.00,'P',NULL,NULL,'0',204,'2019-07-02',NULL,NULL),(455,115,10,2,2,NULL,40.00,'P',NULL,NULL,'0',186,'2019-07-02',NULL,NULL),(456,104,10,2,2,NULL,32.00,'P',NULL,NULL,'0',186,'2019-07-02',NULL,NULL),(457,633,29,7,52,NULL,21.00,'P',NULL,NULL,'0',204,'2019-07-02',NULL,NULL),(458,120,10,2,2,NULL,38.00,'P',NULL,NULL,'0',186,'2019-07-02',NULL,NULL),(459,96,10,2,2,NULL,29.00,'P',NULL,NULL,'0',186,'2019-07-02',NULL,NULL),(460,100,10,2,2,NULL,38.00,'P',NULL,NULL,'0',186,'2019-07-02',NULL,NULL),(461,121,10,2,2,NULL,28.00,'P',NULL,NULL,'0',186,'2019-07-02',NULL,NULL),(462,105,10,2,2,NULL,33.00,'P',NULL,NULL,'0',186,'2019-07-02',NULL,NULL),(463,103,10,2,2,NULL,32.00,'P',NULL,NULL,'0',186,'2019-07-02',NULL,NULL),(464,128,10,2,2,NULL,35.00,'P',NULL,NULL,'0',186,'2019-07-02',NULL,NULL),(465,99,10,2,2,NULL,34.00,'P',NULL,NULL,'0',186,'2019-07-02',NULL,NULL),(466,122,10,2,2,NULL,24.00,'P',NULL,NULL,'0',186,'2019-07-02',NULL,NULL),(467,125,10,2,2,NULL,40.00,'P',NULL,NULL,'0',186,'2019-07-02',NULL,NULL),(468,91,10,2,2,NULL,34.00,'P',NULL,NULL,'0',186,'2019-07-02',NULL,NULL),(469,97,10,2,2,NULL,38.00,'P',NULL,NULL,'0',186,'2019-07-02',NULL,NULL),(470,101,10,2,2,NULL,31.00,'P',NULL,NULL,'0',186,'2019-07-02',NULL,NULL),(471,95,10,2,2,NULL,30.00,'P',NULL,NULL,'0',186,'2019-07-02',NULL,NULL),(472,114,10,2,2,NULL,40.00,'P',NULL,NULL,'0',186,'2019-07-02',NULL,NULL),(473,106,10,2,2,NULL,31.00,'P',NULL,NULL,'0',186,'2019-07-02',NULL,NULL),(474,90,10,2,2,NULL,37.00,'P',NULL,NULL,'0',186,'2019-07-02',NULL,NULL),(475,126,10,2,2,NULL,26.00,'P',NULL,NULL,'0',186,'2019-07-02',NULL,NULL),(476,130,10,2,2,NULL,39.00,'P',NULL,NULL,'0',186,'2019-07-02',NULL,NULL),(477,131,10,2,2,NULL,25.00,'P',NULL,NULL,'0',186,'2019-07-02',NULL,NULL),(478,132,10,2,2,NULL,31.00,'P',NULL,NULL,'0',186,'2019-07-02',NULL,NULL),(479,127,10,2,2,NULL,39.00,'P',NULL,NULL,'0',186,'2019-07-02',NULL,NULL),(480,129,10,2,2,NULL,35.00,'P',NULL,NULL,'0',186,'2019-07-02',NULL,NULL),(481,93,10,2,2,NULL,32.00,'P',NULL,NULL,'0',186,'2019-07-02',NULL,NULL),(482,133,10,2,2,NULL,39.00,'P',NULL,NULL,'0',186,'2019-07-02',NULL,NULL),(483,650,29,7,52,NULL,38.00,'P',NULL,NULL,'0',204,'2019-07-02',NULL,NULL),(484,649,29,7,52,NULL,34.00,'P',NULL,NULL,'0',204,'2019-07-02',NULL,NULL),(485,290,18,4,23,NULL,7.00,'F',NULL,NULL,'0',186,'2019-07-02',NULL,NULL),(486,286,18,4,23,NULL,19.00,'P',NULL,NULL,'0',186,'2019-07-02',NULL,NULL),(487,296,18,4,23,NULL,38.00,'P',NULL,NULL,'0',186,'2019-07-02',NULL,NULL),(488,292,18,4,23,NULL,36.00,'P',NULL,NULL,'0',186,'2019-07-02',NULL,NULL),(489,614,29,7,52,NULL,35.00,'P',NULL,NULL,'0',204,'2019-07-02',NULL,NULL),(490,269,18,4,23,NULL,20.00,'P',NULL,NULL,'0',186,'2019-07-02',NULL,NULL),(491,299,18,4,23,NULL,31.00,'P',NULL,NULL,'0',186,'2019-07-02',NULL,NULL),(492,270,18,4,23,NULL,10.00,'F',NULL,NULL,'0',186,'2019-07-02',NULL,NULL),(493,266,18,4,23,NULL,8.00,'F',NULL,NULL,'0',186,'2019-07-02',NULL,NULL),(494,282,18,4,23,NULL,14.00,'P',NULL,NULL,'0',186,'2019-07-02',NULL,NULL),(495,274,18,4,23,NULL,18.00,'P',NULL,NULL,'0',186,'2019-07-02',NULL,NULL),(496,664,30,7,52,NULL,17.00,'P',NULL,NULL,'0',204,'2019-07-02',NULL,NULL),(497,273,18,4,23,NULL,16.00,'P',NULL,NULL,'0',186,'2019-07-02',NULL,NULL),(498,679,30,7,52,NULL,25.00,'P',NULL,NULL,'0',204,'2019-07-02',NULL,NULL),(499,288,18,4,23,NULL,26.00,'P',NULL,NULL,'0',186,'2019-07-02',NULL,NULL),(500,684,30,7,52,NULL,27.00,'P',NULL,NULL,'0',204,'2019-07-02',NULL,NULL),(501,271,18,4,23,NULL,35.00,'P',NULL,NULL,'0',186,'2019-07-02',NULL,NULL),(502,295,18,4,23,NULL,16.00,'P',NULL,NULL,'0',186,'2019-07-02',NULL,NULL),(503,680,30,7,52,NULL,38.00,'P',NULL,NULL,'0',204,'2019-07-02',NULL,NULL),(504,301,18,4,23,NULL,38.00,'P',NULL,NULL,'0',186,'2019-07-02',NULL,NULL),(505,674,30,7,52,NULL,34.00,'P',NULL,NULL,'0',204,'2019-07-02',NULL,NULL),(506,265,18,4,23,NULL,35.00,'P',NULL,NULL,'0',186,'2019-07-02',NULL,NULL),(507,669,30,7,52,NULL,11.00,'F',NULL,NULL,'0',204,'2019-07-02',NULL,NULL),(508,289,18,4,23,NULL,10.00,'F',NULL,NULL,'0',186,'2019-07-02',NULL,NULL),(509,272,18,4,23,NULL,8.00,'F',NULL,NULL,'0',186,'2019-07-02',NULL,NULL),(510,662,30,7,52,NULL,24.00,'P',NULL,NULL,'0',204,'2019-07-02',NULL,NULL),(511,285,18,4,23,NULL,35.00,'P',NULL,NULL,'0',186,'2019-07-02',NULL,NULL),(512,685,30,7,52,NULL,17.00,'P',NULL,NULL,'0',204,'2019-07-02',NULL,NULL),(513,264,18,4,23,NULL,34.00,'P',NULL,NULL,'0',186,'2019-07-02',NULL,NULL),(514,280,18,4,23,NULL,27.00,'P',NULL,NULL,'0',186,'2019-07-02',NULL,NULL),(515,302,18,4,23,NULL,36.00,'P',NULL,NULL,'0',186,'2019-07-02',NULL,NULL),(516,678,30,7,52,NULL,22.00,'P',NULL,NULL,'0',204,'2019-07-02',NULL,NULL),(517,291,18,4,23,NULL,11.00,'F',NULL,NULL,'0',186,'2019-07-02',NULL,NULL),(518,667,30,7,52,NULL,24.00,'P',NULL,NULL,'0',204,'2019-07-02',NULL,NULL),(519,300,18,4,23,NULL,30.00,'P',NULL,NULL,'0',186,'2019-07-02',NULL,NULL),(520,278,18,4,23,NULL,11.00,'F',NULL,NULL,'0',186,'2019-07-02',NULL,NULL),(521,275,18,4,23,NULL,16.00,'P',NULL,NULL,'0',186,'2019-07-02',NULL,NULL),(522,682,30,7,52,NULL,3.00,'F',NULL,NULL,'0',204,'2019-07-02',NULL,NULL),(523,297,18,4,23,NULL,29.00,'P',NULL,NULL,'0',186,'2019-07-02',NULL,NULL),(524,263,18,4,23,NULL,9.00,'F',NULL,NULL,'0',186,'2019-07-02',NULL,NULL),(525,651,30,7,52,NULL,23.00,'P',NULL,NULL,'0',204,'2019-07-02',NULL,NULL),(526,283,18,4,23,NULL,30.00,'P',NULL,NULL,'0',186,'2019-07-02',NULL,NULL),(527,298,18,4,23,NULL,31.00,'P',NULL,NULL,'0',186,'2019-07-02',NULL,NULL),(528,656,30,7,52,NULL,25.00,'P',NULL,NULL,'0',204,'2019-07-02',NULL,NULL),(529,277,18,4,23,NULL,39.00,'P',NULL,NULL,'0',186,'2019-07-02',NULL,NULL),(530,268,18,4,23,NULL,23.00,'P',NULL,NULL,'0',186,'2019-07-02',NULL,NULL),(531,657,30,7,52,NULL,8.00,'F',NULL,NULL,'0',204,'2019-07-02',NULL,NULL),(532,293,18,4,23,NULL,16.00,'P',NULL,NULL,'0',186,'2019-07-02',NULL,NULL),(533,677,30,7,52,NULL,47.00,'P',NULL,NULL,'0',204,'2019-07-02',NULL,NULL),(534,304,18,4,23,NULL,15.00,'P',NULL,NULL,'0',186,'2019-07-02',NULL,NULL),(535,671,30,7,52,NULL,11.00,'F',NULL,NULL,'0',204,'2019-07-02',NULL,NULL),(536,294,18,4,23,NULL,7.00,'F',NULL,NULL,'0',186,'2019-07-02',NULL,NULL),(537,267,18,4,23,NULL,11.00,'F',NULL,NULL,'0',186,'2019-07-02',NULL,NULL),(538,287,18,4,23,NULL,24.00,'P',NULL,NULL,'0',186,'2019-07-02',NULL,NULL),(539,673,30,7,52,NULL,24.00,'P',NULL,NULL,'0',204,'2019-07-02',NULL,NULL),(540,284,18,4,23,NULL,33.00,'P',NULL,NULL,'0',186,'2019-07-02',NULL,NULL),(541,281,18,4,23,NULL,24.00,'P',NULL,NULL,'0',186,'2019-07-02',NULL,NULL),(542,653,30,7,52,NULL,25.00,'P',NULL,NULL,'0',204,'2019-07-02',NULL,NULL),(543,276,18,4,23,NULL,19.00,'P',NULL,NULL,'0',186,'2019-07-02',NULL,NULL),(544,652,30,7,52,NULL,36.00,'P',NULL,NULL,'0',204,'2019-07-02',NULL,NULL),(545,279,18,4,23,NULL,30.00,'P',NULL,NULL,'0',186,'2019-07-02',NULL,NULL),(546,303,18,4,23,NULL,14.00,'P',NULL,NULL,'0',186,'2019-07-02',NULL,NULL),(547,658,30,7,52,NULL,18.00,'P',NULL,NULL,'0',204,'2019-07-02',NULL,NULL),(548,307,18,4,23,NULL,32.00,'P',NULL,NULL,'0',186,'2019-07-02',NULL,NULL),(549,668,30,7,52,NULL,11.00,'F',NULL,NULL,'0',204,'2019-07-02',NULL,NULL),(550,306,18,4,23,NULL,32.00,'P',NULL,NULL,'0',186,'2019-07-02',NULL,NULL),(551,305,18,4,23,NULL,31.00,'P',NULL,NULL,'0',186,'2019-07-02',NULL,NULL),(552,665,30,7,52,NULL,35.00,'P',NULL,NULL,'0',204,'2019-07-02',NULL,NULL),(553,308,18,4,23,NULL,17.00,'P',NULL,NULL,'0',186,'2019-07-02',NULL,NULL),(554,676,30,7,52,NULL,31.00,'P',NULL,NULL,'0',204,'2019-07-02',NULL,NULL),(555,309,18,4,23,NULL,10.00,'F',NULL,NULL,'0',186,'2019-07-02',NULL,NULL),(556,681,30,7,52,NULL,47.00,'P',NULL,NULL,'0',204,'2019-07-02',NULL,NULL),(557,672,30,7,52,NULL,18.00,'P',NULL,NULL,'0',204,'2019-07-02',NULL,NULL),(558,310,18,4,23,NULL,16.00,'P',NULL,NULL,'0',186,'2019-07-02',NULL,NULL),(559,661,30,7,52,NULL,14.00,'F',NULL,NULL,'0',204,'2019-07-02',NULL,NULL),(560,670,30,7,52,NULL,42.00,'P',NULL,NULL,'0',204,'2019-07-02',NULL,NULL),(561,655,30,7,52,NULL,42.00,'P',NULL,NULL,'0',204,'2019-07-02',NULL,NULL),(562,660,30,7,52,NULL,21.00,'P',NULL,NULL,'0',204,'2019-07-02',NULL,NULL),(563,659,30,7,52,NULL,17.00,'P',NULL,NULL,'0',204,'2019-07-02',NULL,NULL),(564,675,30,7,52,NULL,44.00,'P',NULL,NULL,'0',204,'2019-07-02',NULL,NULL),(565,663,30,7,52,NULL,32.00,'P',NULL,NULL,'0',204,'2019-07-02',NULL,NULL),(566,654,30,7,52,NULL,32.00,'P',NULL,NULL,'0',204,'2019-07-02',NULL,NULL),(567,687,30,7,52,NULL,20.00,'P',NULL,NULL,'0',204,'2019-07-02',NULL,NULL),(568,686,30,7,52,NULL,13.00,'F',NULL,NULL,'0',204,'2019-07-02',NULL,NULL),(569,683,30,7,52,NULL,46.00,'P',NULL,NULL,'0',204,'2019-07-02',NULL,NULL),(570,666,30,7,52,NULL,7.00,'F',NULL,NULL,'0',204,'2019-07-02',NULL,NULL),(571,688,30,7,52,NULL,28.00,'P',NULL,NULL,'0',204,'2019-07-02',NULL,NULL),(572,702,33,8,60,NULL,24.00,'P',NULL,NULL,'0',204,'2019-07-02',NULL,NULL),(573,700,33,8,60,NULL,13.00,'F',NULL,NULL,'0',204,'2019-07-02',NULL,NULL),(574,710,33,8,60,NULL,37.00,'P',NULL,NULL,'0',204,'2019-07-02',NULL,NULL),(575,706,33,8,60,NULL,9.00,'F',NULL,NULL,'0',204,'2019-07-02',NULL,NULL),(576,708,33,8,60,NULL,12.00,'F',NULL,NULL,'0',204,'2019-07-02',NULL,NULL),(577,732,33,8,60,NULL,2.00,'F',NULL,NULL,'0',204,'2019-07-02',NULL,NULL),(578,726,33,8,60,NULL,0.00,'F',NULL,NULL,'1',204,'2019-07-02',NULL,NULL),(579,691,33,8,60,NULL,24.00,'P',NULL,NULL,'0',204,'2019-07-02',NULL,NULL),(580,709,33,8,60,NULL,21.00,'P',NULL,NULL,'0',204,'2019-07-02',NULL,NULL),(581,714,33,8,60,NULL,21.00,'P',NULL,NULL,'0',204,'2019-07-02',NULL,NULL),(582,722,33,8,60,NULL,32.00,'P',NULL,NULL,'0',204,'2019-07-02',NULL,NULL),(583,705,33,8,60,NULL,27.00,'P',NULL,NULL,'0',204,'2019-07-02',NULL,NULL),(584,698,33,8,60,NULL,11.00,'F',NULL,NULL,'0',204,'2019-07-02',NULL,NULL),(585,703,33,8,60,NULL,14.00,'F',NULL,NULL,'0',204,'2019-07-02',NULL,NULL),(586,713,33,8,60,NULL,17.00,'P',NULL,NULL,'0',204,'2019-07-02',NULL,NULL),(587,723,33,8,60,NULL,7.00,'F',NULL,NULL,'0',204,'2019-07-02',NULL,NULL),(588,718,33,8,60,NULL,29.00,'P',NULL,NULL,'0',204,'2019-07-02',NULL,NULL),(589,721,33,8,60,NULL,30.00,'P',NULL,NULL,'0',204,'2019-07-02',204,'2019-07-02'),(590,697,33,8,60,NULL,25.00,'P',NULL,NULL,'0',204,'2019-07-02',NULL,NULL),(591,717,33,8,60,NULL,19.00,'P',NULL,NULL,'0',204,'2019-07-02',NULL,NULL),(592,695,33,8,60,NULL,28.00,'P',NULL,NULL,'0',204,'2019-07-02',NULL,NULL),(593,696,33,8,60,NULL,25.00,'P',NULL,NULL,'0',204,'2019-07-02',NULL,NULL),(594,719,33,8,60,NULL,35.00,'P',NULL,NULL,'0',204,'2019-07-02',NULL,NULL),(595,699,33,8,60,NULL,9.00,'F',NULL,NULL,'0',204,'2019-07-02',NULL,NULL),(596,707,33,8,60,NULL,14.00,'F',NULL,NULL,'0',204,'2019-07-02',NULL,NULL),(597,692,33,8,60,NULL,31.00,'P',NULL,NULL,'0',204,'2019-07-02',NULL,NULL),(598,712,33,8,60,NULL,18.00,'P',NULL,NULL,'0',204,'2019-07-02',NULL,NULL),(599,690,33,8,60,NULL,24.00,'P',NULL,NULL,'0',204,'2019-07-02',NULL,NULL),(600,694,33,8,60,NULL,18.00,'P',NULL,NULL,'0',204,'2019-07-02',NULL,NULL),(601,725,33,8,60,NULL,28.00,'P',NULL,NULL,'0',204,'2019-07-02',NULL,NULL),(602,715,33,8,60,NULL,35.00,'P',NULL,NULL,'0',204,'2019-07-02',NULL,NULL),(603,704,33,8,60,NULL,26.00,'P',NULL,NULL,'0',204,'2019-07-02',NULL,NULL),(604,693,33,8,60,NULL,35.00,'P',NULL,NULL,'0',204,'2019-07-02',NULL,NULL),(605,716,33,8,60,NULL,17.00,'P',NULL,NULL,'0',204,'2019-07-02',NULL,NULL),(606,701,33,8,60,NULL,12.00,'F',NULL,NULL,'0',204,'2019-07-02',NULL,NULL),(607,720,33,8,60,NULL,20.00,'P',NULL,NULL,'0',204,'2019-07-02',NULL,NULL),(608,689,33,8,60,NULL,25.00,'P',NULL,NULL,'0',204,'2019-07-02',NULL,NULL),(609,711,33,8,60,NULL,27.00,'P',NULL,NULL,'0',204,'2019-07-02',NULL,NULL),(610,727,33,8,60,NULL,37.00,'P',NULL,NULL,'0',204,'2019-07-02',NULL,NULL),(611,730,33,8,60,NULL,22.00,'P',NULL,NULL,'0',204,'2019-07-02',NULL,NULL),(612,729,33,8,60,NULL,10.00,'F',NULL,NULL,'0',204,'2019-07-02',NULL,NULL),(613,731,33,8,60,NULL,36.00,'P',NULL,NULL,'0',204,'2019-07-02',NULL,NULL),(614,728,33,8,60,NULL,13.00,'F',NULL,NULL,'0',204,'2019-07-02',NULL,NULL),(615,724,33,8,60,NULL,2.00,'F',NULL,NULL,'0',204,'2019-07-02',NULL,NULL),(616,733,33,8,60,NULL,38.00,'P',NULL,NULL,'0',204,'2019-07-02',NULL,NULL),(617,734,33,8,60,NULL,28.00,'P',NULL,NULL,'0',204,'2019-07-02',NULL,NULL),(618,735,33,8,60,NULL,23.00,'P',NULL,NULL,'0',204,'2019-07-02',NULL,NULL),(619,753,34,8,60,NULL,36.00,'P',NULL,NULL,'0',204,'2019-07-02',NULL,NULL),(620,775,34,8,60,NULL,43.00,'P',NULL,NULL,'0',204,'2019-07-02',NULL,NULL),(621,741,34,8,60,NULL,8.00,'F',NULL,NULL,'0',204,'2019-07-02',NULL,NULL),(622,750,34,8,60,NULL,6.00,'F',NULL,NULL,'0',204,'2019-07-02',NULL,NULL),(623,766,34,8,60,NULL,48.00,'P',NULL,NULL,'0',204,'2019-07-02',NULL,NULL),(624,759,34,8,60,NULL,33.00,'P',NULL,NULL,'0',204,'2019-07-02',NULL,NULL),(625,739,34,8,60,NULL,28.00,'P',NULL,NULL,'0',204,'2019-07-02',NULL,NULL),(626,760,34,8,60,NULL,8.00,'F',NULL,NULL,'0',204,'2019-07-02',NULL,NULL),(627,769,34,8,60,NULL,23.00,'P',NULL,NULL,'0',204,'2019-07-02',NULL,NULL),(628,764,34,8,60,NULL,38.00,'P',NULL,NULL,'0',204,'2019-07-02',NULL,NULL),(629,754,34,8,60,NULL,34.00,'P',NULL,NULL,'0',204,'2019-07-02',NULL,NULL),(630,752,34,8,60,NULL,33.00,'P',NULL,NULL,'0',204,'2019-07-02',NULL,NULL),(631,736,34,8,60,NULL,19.00,'P',NULL,NULL,'0',204,'2019-07-02',NULL,NULL),(632,776,34,8,60,NULL,23.00,'P',NULL,NULL,'0',204,'2019-07-02',NULL,NULL),(633,749,34,8,60,NULL,0.00,'F',NULL,NULL,'1',204,'2019-07-02',NULL,NULL),(634,763,34,8,60,NULL,14.00,'F',NULL,NULL,'0',204,'2019-07-02',NULL,NULL),(635,742,34,8,60,NULL,17.00,'P',NULL,NULL,'0',204,'2019-07-02',NULL,NULL),(636,758,34,8,60,NULL,27.00,'P',NULL,NULL,'0',204,'2019-07-02',NULL,NULL),(637,762,34,8,60,NULL,37.00,'P',NULL,NULL,'0',204,'2019-07-02',NULL,NULL),(638,743,34,8,60,NULL,7.00,'F',NULL,NULL,'0',204,'2019-07-02',NULL,NULL),(639,756,34,8,60,NULL,7.00,'F',NULL,NULL,'0',204,'2019-07-02',NULL,NULL),(640,740,34,8,60,NULL,6.00,'F',NULL,NULL,'0',204,'2019-07-02',NULL,NULL),(641,747,34,8,60,NULL,21.00,'P',NULL,NULL,'0',204,'2019-07-02',NULL,NULL),(642,748,34,8,60,NULL,22.00,'P',NULL,NULL,'0',204,'2019-07-02',NULL,NULL),(643,737,34,8,60,NULL,17.00,'P',NULL,NULL,'0',204,'2019-07-02',NULL,NULL),(644,770,34,8,60,NULL,12.00,'F',NULL,NULL,'0',204,'2019-07-02',NULL,NULL),(645,755,34,8,60,NULL,36.00,'P',NULL,NULL,'0',204,'2019-07-02',NULL,NULL),(646,761,34,8,60,NULL,36.00,'P',NULL,NULL,'0',204,'2019-07-02',NULL,NULL),(647,768,34,8,60,NULL,27.00,'P',NULL,NULL,'0',204,'2019-07-02',NULL,NULL),(648,765,34,8,60,NULL,15.00,'F',NULL,NULL,'0',204,'2019-07-02',NULL,NULL),(649,772,34,8,60,NULL,23.00,'P',NULL,NULL,'0',204,'2019-07-02',NULL,NULL),(650,767,34,8,60,NULL,17.00,'P',NULL,NULL,'0',204,'2019-07-02',NULL,NULL),(651,774,34,8,60,NULL,22.00,'P',NULL,NULL,'0',204,'2019-07-02',NULL,NULL),(652,746,34,8,60,NULL,12.00,'F',NULL,NULL,'0',204,'2019-07-02',NULL,NULL),(653,745,34,8,60,NULL,32.00,'P',NULL,NULL,'0',204,'2019-07-02',NULL,NULL),(654,738,34,8,60,NULL,30.00,'P',NULL,NULL,'0',204,'2019-07-02',NULL,NULL),(655,771,34,8,60,NULL,28.00,'P',NULL,NULL,'0',204,'2019-07-02',NULL,NULL),(656,751,34,8,60,NULL,31.00,'P',NULL,NULL,'0',204,'2019-07-02',NULL,NULL),(657,757,34,8,60,NULL,40.00,'P',NULL,NULL,'0',204,'2019-07-02',NULL,NULL),(658,779,34,8,60,NULL,19.00,'P',NULL,NULL,'0',204,'2019-07-02',NULL,NULL),(659,780,34,8,60,NULL,41.00,'P',NULL,NULL,'0',204,'2019-07-02',NULL,NULL),(660,781,34,8,60,NULL,23.00,'P',NULL,NULL,'0',204,'2019-07-02',NULL,NULL),(661,773,34,8,60,NULL,24.00,'P',NULL,NULL,'0',204,'2019-07-02',NULL,NULL),(662,777,34,8,60,NULL,41.00,'P',NULL,NULL,'0',204,'2019-07-02',NULL,NULL),(663,778,34,8,60,NULL,13.00,'F',NULL,NULL,'0',204,'2019-07-02',NULL,NULL),(664,744,34,8,60,NULL,36.00,'P',NULL,NULL,'0',204,'2019-07-02',NULL,NULL),(665,782,34,8,60,NULL,9.00,'F',NULL,NULL,'0',204,'2019-07-02',NULL,NULL),(666,178,14,3,13,NULL,20.00,'P',NULL,NULL,'0',200,'2019-07-02',NULL,NULL),(667,207,14,3,13,NULL,40.00,'P',NULL,NULL,'0',200,'2019-07-02',NULL,NULL),(668,176,14,3,13,NULL,20.00,'P',NULL,NULL,'0',200,'2019-07-02',NULL,NULL),(669,197,14,3,13,NULL,36.00,'P',NULL,NULL,'0',200,'2019-07-02',NULL,NULL),(670,190,14,3,13,NULL,28.00,'P',NULL,NULL,'0',200,'2019-07-02',NULL,NULL),(671,179,14,3,13,NULL,40.00,'P',NULL,NULL,'0',200,'2019-07-02',NULL,NULL),(672,180,14,3,13,NULL,25.00,'P',NULL,NULL,'0',200,'2019-07-02',NULL,NULL),(673,208,14,3,13,NULL,40.00,'P',NULL,NULL,'0',200,'2019-07-02',NULL,NULL),(674,175,14,3,13,NULL,37.00,'P',NULL,NULL,'0',200,'2019-07-02',NULL,NULL),(675,181,14,3,13,NULL,18.00,'P',NULL,NULL,'0',200,'2019-07-02',NULL,NULL),(676,206,14,3,13,NULL,39.00,'P',NULL,NULL,'0',200,'2019-07-02',NULL,NULL),(677,195,14,3,13,NULL,28.00,'P',NULL,NULL,'0',200,'2019-07-02',NULL,NULL),(678,192,14,3,13,NULL,31.00,'P',NULL,NULL,'0',200,'2019-07-02',NULL,NULL),(679,205,14,3,13,NULL,22.00,'P',NULL,NULL,'0',200,'2019-07-02',NULL,NULL),(680,200,14,3,13,NULL,40.00,'P',NULL,NULL,'0',200,'2019-07-02',NULL,NULL),(681,198,14,3,13,NULL,35.00,'P',NULL,NULL,'0',200,'2019-07-02',NULL,NULL),(682,210,14,3,13,NULL,22.00,'P',NULL,NULL,'0',200,'2019-07-02',NULL,NULL),(683,182,14,3,13,NULL,10.00,'F',NULL,NULL,'0',200,'2019-07-02',NULL,NULL),(684,193,14,3,13,NULL,25.00,'P',NULL,NULL,'0',200,'2019-07-02',NULL,NULL),(685,204,14,3,13,NULL,27.00,'P',NULL,NULL,'0',200,'2019-07-02',NULL,NULL),(686,189,14,3,13,NULL,15.00,'P',NULL,NULL,'0',200,'2019-07-02',NULL,NULL),(687,202,14,3,13,NULL,40.00,'P',NULL,NULL,'0',200,'2019-07-02',NULL,NULL),(688,191,14,3,13,NULL,32.00,'P',NULL,NULL,'0',200,'2019-07-02',NULL,NULL),(689,187,14,3,13,NULL,31.00,'P',NULL,NULL,'0',200,'2019-07-02',NULL,NULL),(690,194,14,3,13,NULL,28.00,'P',NULL,NULL,'0',200,'2019-07-02',NULL,NULL),(691,199,14,3,13,NULL,31.00,'P',NULL,NULL,'0',200,'2019-07-02',NULL,NULL),(692,196,14,3,13,NULL,24.00,'P',NULL,NULL,'0',200,'2019-07-02',200,'2019-07-09'),(693,183,14,3,13,NULL,37.00,'P',NULL,NULL,'0',200,'2019-07-02',NULL,NULL),(694,185,14,3,13,NULL,39.00,'P',NULL,NULL,'0',200,'2019-07-02',NULL,NULL),(695,174,14,3,13,NULL,26.00,'P',NULL,NULL,'0',200,'2019-07-02',NULL,NULL),(696,201,14,3,13,NULL,29.00,'P',NULL,NULL,'0',200,'2019-07-02',NULL,NULL),(697,184,14,3,13,NULL,24.00,'P',NULL,NULL,'0',200,'2019-07-02',NULL,NULL),(698,203,14,3,13,NULL,40.00,'P',NULL,NULL,'0',200,'2019-07-02',NULL,NULL),(699,186,14,3,13,NULL,20.00,'P',NULL,NULL,'0',200,'2019-07-02',NULL,NULL),(700,188,14,3,13,NULL,32.00,'P',NULL,NULL,'0',200,'2019-07-02',NULL,NULL),(701,177,14,3,13,NULL,26.00,'P',NULL,NULL,'0',200,'2019-07-02',NULL,NULL),(702,214,14,3,13,NULL,35.00,'P',NULL,NULL,'0',200,'2019-07-02',NULL,NULL),(703,213,14,3,13,NULL,25.00,'P',NULL,NULL,'0',200,'2019-07-02',NULL,NULL),(704,211,14,3,13,NULL,22.00,'P',NULL,NULL,'0',200,'2019-07-02',NULL,NULL),(705,209,14,3,13,NULL,39.00,'P',NULL,NULL,'0',200,'2019-07-02',NULL,NULL),(706,212,14,3,13,NULL,39.00,'P',NULL,NULL,'0',200,'2019-07-02',NULL,NULL),(707,290,18,4,22,NULL,4.00,'F',NULL,NULL,'0',200,'2019-07-02',NULL,NULL),(708,286,18,4,22,NULL,15.00,'P',NULL,NULL,'0',200,'2019-07-02',NULL,NULL),(709,296,18,4,22,NULL,33.00,'P',NULL,NULL,'0',200,'2019-07-02',NULL,NULL),(710,292,18,4,22,NULL,40.00,'P',NULL,NULL,'0',200,'2019-07-02',NULL,NULL),(711,269,18,4,22,NULL,28.00,'P',NULL,NULL,'0',200,'2019-07-02',NULL,NULL),(712,299,18,4,22,NULL,20.00,'P',NULL,NULL,'0',200,'2019-07-02',NULL,NULL),(713,270,18,4,22,NULL,12.00,'P',NULL,NULL,'0',200,'2019-07-02',NULL,NULL),(714,266,18,4,22,NULL,6.00,'F',NULL,NULL,'0',200,'2019-07-02',NULL,NULL),(715,282,18,4,22,NULL,23.00,'P',NULL,NULL,'0',200,'2019-07-02',NULL,NULL),(716,274,18,4,22,NULL,9.00,'F',NULL,NULL,'0',200,'2019-07-02',NULL,NULL),(717,273,18,4,22,NULL,25.00,'P',NULL,NULL,'0',200,'2019-07-02',NULL,NULL),(718,288,18,4,22,NULL,27.00,'P',NULL,NULL,'0',200,'2019-07-02',NULL,NULL),(719,271,18,4,22,NULL,24.00,'P',NULL,NULL,'0',200,'2019-07-02',NULL,NULL),(720,295,18,4,22,NULL,12.00,'P',NULL,NULL,'0',200,'2019-07-02',NULL,NULL),(721,301,18,4,22,NULL,39.00,'P',NULL,NULL,'0',200,'2019-07-02',NULL,NULL),(722,265,18,4,22,NULL,36.00,'P',NULL,NULL,'0',200,'2019-07-02',NULL,NULL),(723,289,18,4,22,NULL,30.00,'P',NULL,NULL,'0',200,'2019-07-02',NULL,NULL),(724,272,18,4,22,NULL,11.00,'F',NULL,NULL,'0',200,'2019-07-02',NULL,NULL),(725,285,18,4,22,NULL,30.00,'P',NULL,NULL,'0',200,'2019-07-02',NULL,NULL),(726,264,18,4,22,NULL,35.00,'P',NULL,NULL,'0',200,'2019-07-02',NULL,NULL),(727,280,18,4,22,NULL,23.00,'P',NULL,NULL,'0',200,'2019-07-02',NULL,NULL),(728,302,18,4,22,NULL,30.00,'P',NULL,NULL,'0',200,'2019-07-02',NULL,NULL),(729,291,18,4,22,NULL,14.00,'P',NULL,NULL,'0',200,'2019-07-02',NULL,NULL),(730,300,18,4,22,NULL,30.00,'P',NULL,NULL,'0',200,'2019-07-02',NULL,NULL),(731,278,18,4,22,NULL,14.00,'P',NULL,NULL,'0',200,'2019-07-02',NULL,NULL),(732,275,18,4,22,NULL,22.00,'P',NULL,NULL,'0',200,'2019-07-02',NULL,NULL),(733,297,18,4,22,NULL,26.00,'P',NULL,NULL,'0',200,'2019-07-02',NULL,NULL),(734,263,18,4,22,NULL,6.00,'F',NULL,NULL,'0',200,'2019-07-02',NULL,NULL),(735,283,18,4,22,NULL,37.00,'P',NULL,NULL,'0',200,'2019-07-02',NULL,NULL),(736,298,18,4,22,NULL,33.00,'P',NULL,NULL,'0',200,'2019-07-02',NULL,NULL),(737,277,18,4,22,NULL,40.00,'P',NULL,NULL,'0',200,'2019-07-02',NULL,NULL),(738,268,18,4,22,NULL,13.00,'P',NULL,NULL,'0',200,'2019-07-02',NULL,NULL),(739,293,18,4,22,NULL,17.00,'P',NULL,NULL,'0',200,'2019-07-02',NULL,NULL),(740,304,18,4,22,NULL,17.00,'P',NULL,NULL,'0',200,'2019-07-02',NULL,NULL),(741,294,18,4,22,NULL,3.00,'F',NULL,NULL,'0',200,'2019-07-02',NULL,NULL),(742,267,18,4,22,NULL,19.00,'P',NULL,NULL,'0',200,'2019-07-02',NULL,NULL),(743,287,18,4,22,NULL,16.00,'P',NULL,NULL,'0',200,'2019-07-02',NULL,NULL),(744,284,18,4,22,NULL,32.00,'P',NULL,NULL,'0',200,'2019-07-02',NULL,NULL),(745,281,18,4,22,NULL,21.00,'P',NULL,NULL,'0',200,'2019-07-02',NULL,NULL),(746,276,18,4,22,NULL,19.00,'P',NULL,NULL,'0',200,'2019-07-02',NULL,NULL),(747,279,18,4,22,NULL,34.00,'P',NULL,NULL,'0',200,'2019-07-02',NULL,NULL),(748,303,18,4,22,NULL,16.00,'P',NULL,NULL,'0',200,'2019-07-02',NULL,NULL),(749,307,18,4,22,NULL,34.00,'P',NULL,NULL,'0',200,'2019-07-02',NULL,NULL),(750,306,18,4,22,NULL,24.00,'P',NULL,NULL,'0',200,'2019-07-02',NULL,NULL),(751,305,18,4,22,NULL,26.00,'P',NULL,NULL,'0',200,'2019-07-02',NULL,NULL),(752,308,18,4,22,NULL,8.00,'F',NULL,NULL,'0',200,'2019-07-02',NULL,NULL),(753,309,18,4,22,NULL,8.00,'F',NULL,NULL,'0',200,'2019-07-02',NULL,NULL),(754,310,18,4,22,NULL,14.00,'P',NULL,NULL,'0',200,'2019-07-02',NULL,NULL),(755,369,22,5,31,NULL,28.00,'P',NULL,NULL,'0',200,'2019-07-02',NULL,NULL),(756,380,22,5,31,NULL,39.00,'P',NULL,NULL,'0',200,'2019-07-02',NULL,NULL),(757,391,22,5,31,NULL,3.00,'F',NULL,NULL,'0',200,'2019-07-02',NULL,NULL),(758,383,22,5,31,NULL,5.00,'F',NULL,NULL,'0',200,'2019-07-02',NULL,NULL),(759,379,22,5,31,NULL,17.00,'P',NULL,NULL,'0',200,'2019-07-02',NULL,NULL),(760,361,22,5,31,NULL,26.00,'P',NULL,NULL,'0',200,'2019-07-02',NULL,NULL),(761,360,22,5,31,NULL,21.00,'P',NULL,NULL,'0',200,'2019-07-02',NULL,NULL),(762,357,22,5,31,NULL,8.00,'F',NULL,NULL,'0',200,'2019-07-02',NULL,NULL),(763,385,22,5,31,NULL,39.00,'P',NULL,NULL,'0',200,'2019-07-02',NULL,NULL),(764,364,22,5,31,NULL,37.00,'P',NULL,NULL,'0',200,'2019-07-02',NULL,NULL),(765,378,22,5,31,NULL,40.00,'P',NULL,NULL,'0',200,'2019-07-02',NULL,NULL),(766,356,22,5,31,NULL,28.00,'P',NULL,NULL,'0',200,'2019-07-02',NULL,NULL),(767,363,22,5,31,NULL,13.00,'P',NULL,NULL,'0',200,'2019-07-02',NULL,NULL),(768,365,22,5,31,NULL,40.00,'P',NULL,NULL,'0',200,'2019-07-02',NULL,NULL),(769,366,22,5,31,NULL,40.00,'P',NULL,NULL,'0',200,'2019-07-02',NULL,NULL),(770,362,22,5,31,NULL,8.00,'F',NULL,NULL,'0',200,'2019-07-02',NULL,NULL),(771,387,22,5,31,NULL,25.00,'P',NULL,NULL,'0',200,'2019-07-02',NULL,NULL),(772,358,22,5,31,NULL,5.00,'F',NULL,NULL,'0',200,'2019-07-02',NULL,NULL),(773,355,22,5,31,NULL,10.00,'F',NULL,NULL,'0',200,'2019-07-02',NULL,NULL),(774,388,22,5,31,NULL,5.00,'F',NULL,NULL,'0',200,'2019-07-02',NULL,NULL),(775,370,22,5,31,NULL,4.00,'F',NULL,NULL,'0',200,'2019-07-02',NULL,NULL),(776,375,22,5,31,NULL,5.00,'F',NULL,NULL,'0',200,'2019-07-02',NULL,NULL),(777,386,22,5,31,NULL,32.00,'P',NULL,NULL,'0',200,'2019-07-02',NULL,NULL),(778,384,22,5,31,NULL,31.00,'P',NULL,NULL,'0',200,'2019-07-02',NULL,NULL),(779,367,22,5,31,NULL,9.00,'F',NULL,NULL,'0',200,'2019-07-02',NULL,NULL),(780,373,22,5,31,NULL,15.00,'P',NULL,NULL,'0',200,'2019-07-02',NULL,NULL),(781,371,22,5,31,NULL,7.00,'F',NULL,NULL,'0',200,'2019-07-02',NULL,NULL),(782,354,22,5,31,NULL,25.00,'P',NULL,NULL,'0',200,'2019-07-02',NULL,NULL),(783,359,22,5,31,NULL,30.00,'P',NULL,NULL,'0',200,'2019-07-02',NULL,NULL),(784,376,22,5,31,NULL,9.00,'F',NULL,NULL,'0',200,'2019-07-02',NULL,NULL),(785,372,22,5,31,NULL,10.00,'F',NULL,NULL,'0',200,'2019-07-02',NULL,NULL),(786,377,22,5,31,NULL,23.00,'P',NULL,NULL,'0',200,'2019-07-02',NULL,NULL),(787,374,22,5,31,NULL,22.00,'P',NULL,NULL,'0',200,'2019-07-02',NULL,NULL),(788,368,22,5,31,NULL,26.00,'P',NULL,NULL,'0',200,'2019-07-02',NULL,NULL),(789,381,22,5,31,NULL,31.00,'P',NULL,NULL,'0',200,'2019-07-02',NULL,NULL),(790,390,22,5,31,NULL,34.00,'P',NULL,NULL,'0',200,'2019-07-02',NULL,NULL),(791,393,22,5,31,NULL,40.00,'P',NULL,NULL,'0',200,'2019-07-02',NULL,NULL),(792,395,22,5,31,NULL,20.00,'P',NULL,NULL,'0',200,'2019-07-02',NULL,NULL),(793,394,22,5,31,NULL,40.00,'P',NULL,NULL,'0',200,'2019-07-02',NULL,NULL),(794,392,22,5,31,NULL,26.00,'P',NULL,NULL,'0',200,'2019-07-02',200,'2019-07-02'),(795,389,22,5,31,NULL,39.00,'P',NULL,NULL,'0',200,'2019-07-02',NULL,NULL),(796,382,22,5,31,NULL,34.00,'P',NULL,NULL,'0',200,'2019-07-02',NULL,NULL),(797,396,22,5,31,NULL,4.00,'F',NULL,NULL,'0',200,'2019-07-02',NULL,NULL),(798,397,22,5,31,NULL,0.00,'F',NULL,NULL,'1',200,'2019-07-02',200,'2019-07-02'),(799,380,22,20,92,NULL,18.00,'P',NULL,NULL,'0',200,'2019-07-02',NULL,NULL),(800,391,22,20,92,NULL,5.00,'F',NULL,NULL,'0',200,'2019-07-02',NULL,NULL),(801,383,22,20,92,NULL,12.00,'P',NULL,NULL,'0',200,'2019-07-02',NULL,NULL),(802,379,22,20,92,NULL,12.00,'P',NULL,NULL,'0',200,'2019-07-02',NULL,NULL),(803,361,22,20,92,NULL,13.00,'P',NULL,NULL,'0',200,'2019-07-02',NULL,NULL),(804,360,22,20,92,NULL,14.00,'P',NULL,NULL,'0',200,'2019-07-02',NULL,NULL),(805,357,22,20,92,NULL,4.00,'F',NULL,NULL,'0',200,'2019-07-02',NULL,NULL),(806,385,22,20,92,NULL,16.00,'P',NULL,NULL,'0',200,'2019-07-02',NULL,NULL),(807,364,22,20,92,NULL,20.00,'P',NULL,NULL,'0',200,'2019-07-02',NULL,NULL),(808,378,22,20,92,NULL,17.00,'P',NULL,NULL,'0',200,'2019-07-02',NULL,NULL),(809,356,22,20,92,NULL,13.00,'P',NULL,NULL,'0',200,'2019-07-02',NULL,NULL),(810,363,22,20,92,NULL,0.00,'F',NULL,NULL,'1',200,'2019-07-02',NULL,NULL),(811,365,22,20,92,NULL,20.00,'P',NULL,NULL,'0',200,'2019-07-02',NULL,NULL),(812,366,22,20,92,NULL,19.00,'P',NULL,NULL,'0',200,'2019-07-02',NULL,NULL),(813,362,22,20,92,NULL,5.00,'F',NULL,NULL,'0',200,'2019-07-02',NULL,NULL),(814,387,22,20,92,NULL,18.00,'P',NULL,NULL,'0',200,'2019-07-02',NULL,NULL),(815,358,22,20,92,NULL,8.00,'P',NULL,NULL,'0',200,'2019-07-02',NULL,NULL),(816,355,22,20,92,NULL,6.00,'F',NULL,NULL,'0',200,'2019-07-02',NULL,NULL),(817,388,22,20,92,NULL,3.00,'F',NULL,NULL,'0',200,'2019-07-02',NULL,NULL),(818,375,22,20,92,NULL,18.00,'P',NULL,NULL,'0',200,'2019-07-02',NULL,NULL),(819,386,22,20,92,NULL,15.00,'P',NULL,NULL,'0',200,'2019-07-02',NULL,NULL),(820,373,22,20,92,NULL,15.00,'P',NULL,NULL,'0',200,'2019-07-02',NULL,NULL),(821,371,22,20,92,NULL,3.00,'F',NULL,NULL,'0',200,'2019-07-02',NULL,NULL),(822,354,22,20,92,NULL,15.00,'P',NULL,NULL,'0',200,'2019-07-02',NULL,NULL),(823,359,22,20,92,NULL,13.00,'P',NULL,NULL,'0',200,'2019-07-02',NULL,NULL),(824,376,22,20,92,NULL,6.00,'F',NULL,NULL,'0',200,'2019-07-02',NULL,NULL),(825,372,22,20,92,NULL,12.00,'P',NULL,NULL,'0',200,'2019-07-02',NULL,NULL),(826,377,22,20,92,NULL,19.00,'P',NULL,NULL,'0',200,'2019-07-02',NULL,NULL),(827,374,22,20,92,NULL,13.00,'P',NULL,NULL,'0',200,'2019-07-02',NULL,NULL),(828,368,22,20,92,NULL,14.00,'P',NULL,NULL,'0',200,'2019-07-02',NULL,NULL),(829,390,22,20,92,NULL,19.00,'P',NULL,NULL,'0',200,'2019-07-02',NULL,NULL),(830,393,22,20,92,NULL,20.00,'P',NULL,NULL,'0',200,'2019-07-02',NULL,NULL),(831,395,22,20,92,NULL,8.00,'P',NULL,NULL,'0',200,'2019-07-02',NULL,NULL),(832,394,22,20,92,NULL,20.00,'P',NULL,NULL,'0',200,'2019-07-02',NULL,NULL),(833,392,22,20,92,NULL,12.00,'P',NULL,NULL,'0',200,'2019-07-02',NULL,NULL),(834,389,22,20,92,NULL,18.00,'P',NULL,NULL,'0',200,'2019-07-02',NULL,NULL),(835,382,22,20,92,NULL,20.00,'P',NULL,NULL,'0',200,'2019-07-02',NULL,NULL),(836,396,22,20,92,NULL,7.00,'P',NULL,NULL,'0',200,'2019-07-02',NULL,NULL),(837,397,22,20,92,NULL,0.00,'F',NULL,NULL,'1',200,'2019-07-02',NULL,NULL),(838,381,22,20,92,NULL,0.00,'F',NULL,NULL,'1',200,'2019-07-02',NULL,NULL),(839,290,18,19,83,NULL,1.00,'F',NULL,NULL,'0',200,'2019-07-02',200,'2019-07-02'),(840,286,18,19,83,NULL,8.00,'P',NULL,NULL,'0',200,'2019-07-02',200,'2019-07-02'),(841,292,18,19,83,NULL,20.00,'P',NULL,NULL,'0',200,'2019-07-02',200,'2019-07-02'),(842,269,18,19,83,NULL,16.00,'P',NULL,NULL,'0',200,'2019-07-02',200,'2019-07-02'),(843,270,18,19,83,NULL,9.00,'P',NULL,NULL,'0',200,'2019-07-02',200,'2019-07-02'),(844,266,18,19,83,NULL,7.00,'P',NULL,NULL,'0',200,'2019-07-02',200,'2019-07-02'),(845,282,18,19,83,NULL,13.00,'P',NULL,NULL,'0',200,'2019-07-02',200,'2019-07-02'),(846,274,18,19,83,NULL,18.00,'P',NULL,NULL,'0',200,'2019-07-02',200,'2019-07-02'),(847,273,18,19,83,NULL,16.00,'P',NULL,NULL,'0',200,'2019-07-02',200,'2019-07-02'),(848,288,18,19,83,NULL,10.00,'P',NULL,NULL,'0',200,'2019-07-02',200,'2019-07-02'),(849,271,18,19,83,NULL,18.00,'P',NULL,NULL,'0',200,'2019-07-02',200,'2019-07-02'),(850,295,18,19,83,NULL,19.00,'P',NULL,NULL,'0',200,'2019-07-02',200,'2019-07-02'),(851,301,18,19,83,NULL,19.00,'P',NULL,NULL,'0',200,'2019-07-02',NULL,NULL),(852,265,18,19,83,NULL,20.00,'P',NULL,NULL,'0',200,'2019-07-02',200,'2019-07-02'),(853,289,18,19,83,NULL,18.00,'P',NULL,NULL,'0',200,'2019-07-02',200,'2019-07-02'),(854,272,18,19,83,NULL,10.00,'P',NULL,NULL,'0',200,'2019-07-02',200,'2019-07-02'),(855,264,18,19,83,NULL,20.00,'P',NULL,NULL,'0',200,'2019-07-02',200,'2019-07-02'),(856,280,18,19,83,NULL,15.00,'P',NULL,NULL,'0',200,'2019-07-02',200,'2019-07-02'),(857,302,18,19,83,NULL,18.00,'P',NULL,NULL,'0',200,'2019-07-02',200,'2019-07-02'),(858,291,18,19,83,NULL,15.00,'P',NULL,NULL,'0',200,'2019-07-02',200,'2019-07-02'),(859,300,18,19,83,NULL,19.00,'P',NULL,NULL,'0',200,'2019-07-02',200,'2019-07-02'),(860,296,18,19,83,NULL,20.00,'P',NULL,NULL,'0',200,'2019-07-02',NULL,NULL),(861,299,18,19,83,NULL,18.00,'P',NULL,NULL,'0',200,'2019-07-02',NULL,NULL),(862,285,18,19,83,NULL,0.00,'F',NULL,NULL,'1',200,'2019-07-02',NULL,NULL),(863,278,18,19,83,NULL,16.00,'P',NULL,NULL,'0',200,'2019-07-02',NULL,NULL),(864,275,18,19,83,NULL,14.00,'P',NULL,NULL,'0',200,'2019-07-02',NULL,NULL),(865,297,18,19,83,NULL,18.00,'P',NULL,NULL,'0',200,'2019-07-02',NULL,NULL),(866,263,18,19,83,NULL,4.00,'F',NULL,NULL,'0',200,'2019-07-02',NULL,NULL),(867,283,18,19,83,NULL,19.00,'P',NULL,NULL,'0',200,'2019-07-02',NULL,NULL),(868,298,18,19,83,NULL,0.00,'F',NULL,NULL,'1',200,'2019-07-02',NULL,NULL),(869,277,18,19,83,NULL,20.00,'P',NULL,NULL,'0',200,'2019-07-02',NULL,NULL),(870,268,18,19,83,NULL,11.00,'P',NULL,NULL,'0',200,'2019-07-02',NULL,NULL),(871,293,18,19,83,NULL,20.00,'P',NULL,NULL,'0',200,'2019-07-02',NULL,NULL),(872,304,18,19,83,NULL,17.00,'P',NULL,NULL,'0',200,'2019-07-02',NULL,NULL),(873,294,18,19,83,NULL,4.00,'F',NULL,NULL,'0',200,'2019-07-02',NULL,NULL),(874,267,18,19,83,NULL,13.00,'P',NULL,NULL,'0',200,'2019-07-02',NULL,NULL),(875,287,18,19,83,NULL,14.00,'P',NULL,NULL,'0',200,'2019-07-02',NULL,NULL),(876,284,18,19,83,NULL,17.00,'P',NULL,NULL,'0',200,'2019-07-02',NULL,NULL),(877,281,18,19,83,NULL,19.00,'P',NULL,NULL,'0',200,'2019-07-02',NULL,NULL),(878,276,18,19,83,NULL,14.00,'P',NULL,NULL,'0',200,'2019-07-02',NULL,NULL),(879,279,18,19,83,NULL,16.00,'P',NULL,NULL,'0',200,'2019-07-02',NULL,NULL),(880,303,18,19,83,NULL,12.00,'P',NULL,NULL,'0',200,'2019-07-02',NULL,NULL),(881,307,18,19,83,NULL,0.00,'F',NULL,NULL,'1',200,'2019-07-02',NULL,NULL),(882,306,18,19,83,NULL,17.00,'P',NULL,NULL,'0',200,'2019-07-02',NULL,NULL),(883,305,18,19,83,NULL,20.00,'P',NULL,NULL,'0',200,'2019-07-02',NULL,NULL),(884,308,18,19,83,NULL,11.00,'P',NULL,NULL,'0',200,'2019-07-02',NULL,NULL),(885,309,18,19,83,NULL,3.00,'F',NULL,NULL,'0',200,'2019-07-02',NULL,NULL),(886,310,18,19,83,NULL,11.00,'P',NULL,NULL,'0',200,'2019-07-02',NULL,NULL),(887,162,13,3,11,NULL,35.00,'P',NULL,NULL,'0',197,'2019-07-02',NULL,NULL),(888,134,13,3,11,NULL,33.00,'P',NULL,NULL,'0',197,'2019-07-02',NULL,NULL),(889,140,13,3,11,NULL,40.00,'P',NULL,NULL,'0',197,'2019-07-02',NULL,NULL),(890,158,13,3,11,NULL,35.00,'P',NULL,NULL,'0',197,'2019-07-02',NULL,NULL),(891,157,13,3,11,NULL,40.00,'P',NULL,NULL,'0',197,'2019-07-02',NULL,NULL),(892,166,13,3,11,NULL,21.00,'P',NULL,NULL,'0',197,'2019-07-02',NULL,NULL),(893,151,13,3,11,NULL,40.00,'P',NULL,NULL,'0',197,'2019-07-02',NULL,NULL),(894,147,13,3,11,NULL,18.00,'P',NULL,NULL,'0',197,'2019-07-02',NULL,NULL),(895,164,13,3,11,NULL,36.00,'P',NULL,NULL,'0',197,'2019-07-02',NULL,NULL),(896,156,13,3,11,NULL,15.00,'P',NULL,NULL,'0',197,'2019-07-02',NULL,NULL),(897,163,13,3,11,NULL,21.00,'P',NULL,NULL,'0',197,'2019-07-02',NULL,NULL),(898,143,13,3,11,NULL,38.00,'P',NULL,NULL,'0',197,'2019-07-02',NULL,NULL),(899,172,13,3,11,NULL,28.00,'P',NULL,NULL,'0',197,'2019-07-02',NULL,NULL),(900,135,13,3,11,NULL,40.00,'P',NULL,NULL,'0',197,'2019-07-02',NULL,NULL),(901,148,13,3,11,NULL,5.00,'F',NULL,NULL,'0',197,'2019-07-02',NULL,NULL),(902,160,13,3,11,NULL,36.00,'P',NULL,NULL,'0',197,'2019-07-02',NULL,NULL),(903,161,13,3,11,NULL,11.00,'F',NULL,NULL,'0',197,'2019-07-02',NULL,NULL),(904,159,13,3,11,NULL,32.00,'P',NULL,NULL,'0',197,'2019-07-02',NULL,NULL),(905,145,13,3,11,NULL,26.00,'P',NULL,NULL,'0',197,'2019-07-02',NULL,NULL),(906,170,13,3,11,NULL,39.00,'P',NULL,NULL,'0',197,'2019-07-02',NULL,NULL),(907,171,13,3,11,NULL,40.00,'P',NULL,NULL,'0',197,'2019-07-02',NULL,NULL),(908,168,13,3,11,NULL,26.00,'P',NULL,NULL,'0',197,'2019-07-02',NULL,NULL),(909,173,13,3,11,NULL,37.00,'P',NULL,NULL,'0',197,'2019-07-02',NULL,NULL),(910,178,14,3,11,NULL,34.00,'P',NULL,NULL,'0',197,'2019-07-02',NULL,NULL),(911,207,14,3,11,NULL,40.00,'P',NULL,NULL,'0',197,'2019-07-02',NULL,NULL),(912,176,14,3,11,NULL,38.00,'P',NULL,NULL,'0',197,'2019-07-02',NULL,NULL),(913,197,14,3,11,NULL,32.00,'P',NULL,NULL,'0',197,'2019-07-02',NULL,NULL),(914,190,14,3,11,NULL,38.00,'P',NULL,NULL,'0',197,'2019-07-02',NULL,NULL),(915,179,14,3,11,NULL,38.00,'P',NULL,NULL,'0',197,'2019-07-02',NULL,NULL),(916,180,14,3,11,NULL,26.00,'P',NULL,NULL,'0',197,'2019-07-02',NULL,NULL),(917,208,14,3,11,NULL,38.00,'P',NULL,NULL,'0',197,'2019-07-02',NULL,NULL),(918,175,14,3,11,NULL,35.00,'P',NULL,NULL,'0',197,'2019-07-02',NULL,NULL),(919,181,14,3,11,NULL,0.00,'F',NULL,NULL,'1',197,'2019-07-02',NULL,NULL),(920,206,14,3,11,NULL,39.00,'P',NULL,NULL,'0',197,'2019-07-02',NULL,NULL),(921,195,14,3,11,NULL,39.00,'P',NULL,NULL,'0',197,'2019-07-02',NULL,NULL),(922,192,14,3,11,NULL,36.00,'P',NULL,NULL,'0',197,'2019-07-02',NULL,NULL),(923,205,14,3,11,NULL,31.00,'P',NULL,NULL,'0',197,'2019-07-02',NULL,NULL),(924,200,14,3,11,NULL,39.00,'P',NULL,NULL,'0',197,'2019-07-02',NULL,NULL),(925,198,14,3,11,NULL,39.00,'P',NULL,NULL,'0',197,'2019-07-02',NULL,NULL),(926,210,14,3,11,NULL,38.00,'P',NULL,NULL,'0',197,'2019-07-02',NULL,NULL),(927,182,14,3,11,NULL,17.00,'P',NULL,NULL,'0',197,'2019-07-02',NULL,NULL),(928,193,14,3,11,NULL,33.00,'P',NULL,NULL,'0',197,'2019-07-02',NULL,NULL),(929,204,14,3,11,NULL,34.00,'P',NULL,NULL,'0',197,'2019-07-02',NULL,NULL),(930,189,14,3,11,NULL,15.00,'P',NULL,NULL,'0',197,'2019-07-02',NULL,NULL),(931,202,14,3,11,NULL,40.00,'P',NULL,NULL,'0',197,'2019-07-02',NULL,NULL),(932,191,14,3,11,NULL,30.00,'P',NULL,NULL,'0',197,'2019-07-02',NULL,NULL),(933,187,14,3,11,NULL,40.00,'P',NULL,NULL,'0',197,'2019-07-02',NULL,NULL),(934,194,14,3,11,NULL,36.00,'P',NULL,NULL,'0',197,'2019-07-02',NULL,NULL),(935,199,14,3,11,NULL,39.00,'P',NULL,NULL,'0',197,'2019-07-02',NULL,NULL),(936,196,14,3,11,NULL,37.00,'P',NULL,NULL,'0',197,'2019-07-02',NULL,NULL),(937,183,14,3,11,NULL,32.00,'P',NULL,NULL,'0',197,'2019-07-02',NULL,NULL),(938,185,14,3,11,NULL,36.00,'P',NULL,NULL,'0',197,'2019-07-02',NULL,NULL),(939,174,14,3,11,NULL,36.00,'P',NULL,NULL,'0',197,'2019-07-02',NULL,NULL),(940,201,14,3,11,NULL,38.00,'P',NULL,NULL,'0',197,'2019-07-02',NULL,NULL),(941,184,14,3,11,NULL,36.00,'P',NULL,NULL,'0',197,'2019-07-02',NULL,NULL),(942,203,14,3,11,NULL,40.00,'P',NULL,NULL,'0',197,'2019-07-02',NULL,NULL),(943,186,14,3,11,NULL,26.00,'P',NULL,NULL,'0',197,'2019-07-02',NULL,NULL),(944,188,14,3,11,NULL,36.00,'P',NULL,NULL,'0',197,'2019-07-02',NULL,NULL),(945,177,14,3,11,NULL,30.00,'P',NULL,NULL,'0',197,'2019-07-02',NULL,NULL),(946,214,14,3,11,NULL,37.00,'P',NULL,NULL,'0',197,'2019-07-02',NULL,NULL),(947,213,14,3,11,NULL,39.00,'P',NULL,NULL,'0',197,'2019-07-02',NULL,NULL),(948,211,14,3,11,NULL,36.00,'P',NULL,NULL,'0',197,'2019-07-02',NULL,NULL),(949,209,14,3,11,NULL,35.00,'P',NULL,NULL,'0',197,'2019-07-02',NULL,NULL),(950,212,14,3,11,NULL,40.00,'P',NULL,NULL,'0',197,'2019-07-02',NULL,NULL),(951,290,18,4,20,NULL,11.00,'F',NULL,NULL,'0',197,'2019-07-02',NULL,NULL),(952,286,18,4,20,NULL,39.00,'P',NULL,NULL,'0',197,'2019-07-02',NULL,NULL),(953,296,18,4,20,NULL,39.00,'P',NULL,NULL,'0',197,'2019-07-02',NULL,NULL),(954,292,18,4,20,NULL,40.00,'P',NULL,NULL,'0',197,'2019-07-02',NULL,NULL),(955,269,18,4,20,NULL,30.00,'P',NULL,NULL,'0',197,'2019-07-02',NULL,NULL),(956,299,18,4,20,NULL,36.00,'P',NULL,NULL,'0',197,'2019-07-02',NULL,NULL),(957,270,18,4,20,NULL,29.00,'P',NULL,NULL,'0',197,'2019-07-02',NULL,NULL),(958,266,18,4,20,NULL,20.00,'P',NULL,NULL,'0',197,'2019-07-02',NULL,NULL),(959,282,18,4,20,NULL,30.00,'P',NULL,NULL,'0',197,'2019-07-02',NULL,NULL),(960,274,18,4,20,NULL,28.00,'P',NULL,NULL,'0',197,'2019-07-02',NULL,NULL),(961,273,18,4,20,NULL,33.00,'P',NULL,NULL,'0',197,'2019-07-02',NULL,NULL),(962,288,18,4,20,NULL,37.00,'P',NULL,NULL,'0',197,'2019-07-02',NULL,NULL),(963,271,18,4,20,NULL,32.00,'P',NULL,NULL,'0',197,'2019-07-02',NULL,NULL),(964,295,18,4,20,NULL,31.00,'P',NULL,NULL,'0',197,'2019-07-02',NULL,NULL),(965,301,18,4,20,NULL,40.00,'P',NULL,NULL,'0',197,'2019-07-02',NULL,NULL),(966,265,18,4,20,NULL,40.00,'P',NULL,NULL,'0',197,'2019-07-02',NULL,NULL),(967,289,18,4,20,NULL,25.00,'P',NULL,NULL,'0',197,'2019-07-02',NULL,NULL),(968,272,18,4,20,NULL,11.00,'F',NULL,NULL,'0',197,'2019-07-02',NULL,NULL),(969,285,18,4,20,NULL,35.00,'P',NULL,NULL,'0',197,'2019-07-02',NULL,NULL),(970,264,18,4,20,NULL,37.00,'P',NULL,NULL,'0',197,'2019-07-02',NULL,NULL),(971,280,18,4,20,NULL,27.00,'P',NULL,NULL,'0',197,'2019-07-02',NULL,NULL),(972,302,18,4,20,NULL,37.00,'P',NULL,NULL,'0',197,'2019-07-02',NULL,NULL),(973,291,18,4,20,NULL,19.00,'P',NULL,NULL,'0',197,'2019-07-02',NULL,NULL),(974,300,18,4,20,NULL,26.00,'P',NULL,NULL,'0',197,'2019-07-02',NULL,NULL),(975,278,18,4,20,NULL,18.00,'P',NULL,NULL,'0',197,'2019-07-02',NULL,NULL),(976,275,18,4,20,NULL,24.00,'P',NULL,NULL,'0',197,'2019-07-02',NULL,NULL),(977,297,18,4,20,NULL,30.00,'P',NULL,NULL,'0',197,'2019-07-02',NULL,NULL),(978,263,18,4,20,NULL,19.00,'P',NULL,NULL,'0',197,'2019-07-02',NULL,NULL),(979,283,18,4,20,NULL,36.00,'P',NULL,NULL,'0',197,'2019-07-02',NULL,NULL),(980,298,18,4,20,NULL,40.00,'P',NULL,NULL,'0',197,'2019-07-02',NULL,NULL),(981,277,18,4,20,NULL,39.00,'P',NULL,NULL,'0',197,'2019-07-02',NULL,NULL),(982,268,18,4,20,NULL,24.00,'P',NULL,NULL,'0',197,'2019-07-02',NULL,NULL),(983,293,18,4,20,NULL,23.00,'P',NULL,NULL,'0',197,'2019-07-02',NULL,NULL),(984,304,18,4,20,NULL,31.00,'P',NULL,NULL,'0',197,'2019-07-02',NULL,NULL),(985,294,18,4,20,NULL,8.00,'F',NULL,NULL,'0',197,'2019-07-02',NULL,NULL),(986,267,18,4,20,NULL,29.00,'P',NULL,NULL,'0',197,'2019-07-02',NULL,NULL),(987,287,18,4,20,NULL,32.00,'P',NULL,NULL,'0',197,'2019-07-02',NULL,NULL),(988,284,18,4,20,NULL,31.00,'P',NULL,NULL,'0',197,'2019-07-02',NULL,NULL),(989,281,18,4,20,NULL,32.00,'P',NULL,NULL,'0',197,'2019-07-02',NULL,NULL),(990,276,18,4,20,NULL,31.00,'P',NULL,NULL,'0',197,'2019-07-02',NULL,NULL),(991,279,18,4,20,NULL,39.00,'P',NULL,NULL,'0',197,'2019-07-02',NULL,NULL),(992,303,18,4,20,NULL,20.00,'P',NULL,NULL,'0',197,'2019-07-02',NULL,NULL),(993,307,18,4,20,NULL,35.00,'P',NULL,NULL,'0',197,'2019-07-02',NULL,NULL),(994,306,18,4,20,NULL,32.00,'P',NULL,NULL,'0',197,'2019-07-02',NULL,NULL),(995,305,18,4,20,NULL,38.00,'P',NULL,NULL,'0',197,'2019-07-02',NULL,NULL),(996,308,18,4,20,NULL,31.00,'P',NULL,NULL,'0',197,'2019-07-02',NULL,NULL),(997,309,18,4,20,NULL,19.00,'P',NULL,NULL,'0',197,'2019-07-02',NULL,NULL),(998,310,18,4,20,NULL,28.00,'P',NULL,NULL,'0',197,'2019-07-02',NULL,NULL),(999,369,22,5,29,NULL,37.00,'P',NULL,NULL,'0',197,'2019-07-02',NULL,NULL),(1000,380,22,5,29,NULL,36.00,'P',NULL,NULL,'0',197,'2019-07-02',NULL,NULL),(1001,391,22,5,29,NULL,11.00,'F',NULL,NULL,'0',197,'2019-07-02',NULL,NULL),(1002,383,22,5,29,NULL,16.00,'P',NULL,NULL,'0',197,'2019-07-02',NULL,NULL),(1003,379,22,5,29,NULL,17.00,'P',NULL,NULL,'0',197,'2019-07-02',NULL,NULL),(1004,361,22,5,29,NULL,32.00,'P',NULL,NULL,'0',197,'2019-07-02',NULL,NULL),(1005,360,22,5,29,NULL,23.00,'P',NULL,NULL,'0',197,'2019-07-02',NULL,NULL),(1006,357,22,5,29,NULL,18.00,'P',NULL,NULL,'0',197,'2019-07-02',NULL,NULL),(1007,385,22,5,29,NULL,38.00,'P',NULL,NULL,'0',197,'2019-07-02',NULL,NULL),(1008,364,22,5,29,NULL,40.00,'P',NULL,NULL,'0',197,'2019-07-02',NULL,NULL),(1009,378,22,5,29,NULL,39.00,'P',NULL,NULL,'0',197,'2019-07-02',NULL,NULL),(1010,356,22,5,29,NULL,18.00,'P',NULL,NULL,'0',197,'2019-07-02',NULL,NULL),(1011,363,22,5,29,NULL,22.00,'P',NULL,NULL,'0',197,'2019-07-02',NULL,NULL),(1012,365,22,5,29,NULL,38.00,'P',NULL,NULL,'0',197,'2019-07-02',NULL,NULL),(1013,366,22,5,29,NULL,40.00,'P',NULL,NULL,'0',197,'2019-07-02',NULL,NULL),(1014,362,22,5,29,NULL,10.00,'F',NULL,NULL,'0',197,'2019-07-02',NULL,NULL),(1015,387,22,5,29,NULL,34.00,'P',NULL,NULL,'0',197,'2019-07-02',NULL,NULL),(1016,358,22,5,29,NULL,8.00,'F',NULL,NULL,'0',197,'2019-07-02',NULL,NULL),(1017,355,22,5,29,NULL,22.00,'P',NULL,NULL,'0',197,'2019-07-02',197,'2019-07-02'),(1018,388,22,5,29,NULL,18.00,'P',NULL,NULL,'0',197,'2019-07-02',NULL,NULL),(1019,370,22,5,29,NULL,24.00,'P',NULL,NULL,'0',197,'2019-07-02',NULL,NULL),(1020,375,22,5,29,NULL,7.00,'F',NULL,NULL,'0',197,'2019-07-02',NULL,NULL),(1021,386,22,5,29,NULL,39.00,'P',NULL,NULL,'0',197,'2019-07-02',NULL,NULL),(1022,384,22,5,29,NULL,39.00,'P',NULL,NULL,'0',197,'2019-07-02',NULL,NULL),(1023,367,22,5,29,NULL,27.00,'P',NULL,NULL,'0',197,'2019-07-02',NULL,NULL),(1024,373,22,5,29,NULL,24.00,'P',NULL,NULL,'0',197,'2019-07-02',NULL,NULL),(1025,371,22,5,29,NULL,14.00,'P',NULL,NULL,'0',197,'2019-07-02',NULL,NULL),(1026,354,22,5,29,NULL,38.00,'P',NULL,NULL,'0',197,'2019-07-02',NULL,NULL),(1027,359,22,5,29,NULL,39.00,'P',NULL,NULL,'0',197,'2019-07-02',NULL,NULL),(1028,376,22,5,29,NULL,11.00,'F',NULL,NULL,'0',197,'2019-07-02',NULL,NULL),(1029,372,22,5,29,NULL,18.00,'P',NULL,NULL,'0',197,'2019-07-02',NULL,NULL),(1030,377,22,5,29,NULL,36.00,'P',NULL,NULL,'0',197,'2019-07-02',NULL,NULL),(1031,374,22,5,29,NULL,24.00,'P',NULL,NULL,'0',197,'2019-07-02',NULL,NULL),(1032,368,22,5,29,NULL,32.00,'P',NULL,NULL,'0',197,'2019-07-02',NULL,NULL),(1033,381,22,5,29,NULL,35.00,'P',NULL,NULL,'0',197,'2019-07-02',NULL,NULL),(1034,390,22,5,29,NULL,40.00,'P',NULL,NULL,'0',197,'2019-07-02',NULL,NULL),(1035,393,22,5,29,NULL,40.00,'P',NULL,NULL,'0',197,'2019-07-02',NULL,NULL),(1036,395,22,5,29,NULL,31.00,'P',NULL,NULL,'0',197,'2019-07-02',NULL,NULL),(1037,394,22,5,29,NULL,40.00,'P',NULL,NULL,'0',197,'2019-07-02',NULL,NULL),(1038,392,22,5,29,NULL,32.00,'P',NULL,NULL,'0',197,'2019-07-02',NULL,NULL),(1039,389,22,5,29,NULL,37.00,'P',NULL,NULL,'0',197,'2019-07-02',NULL,NULL),(1040,382,22,5,29,NULL,37.00,'P',NULL,NULL,'0',197,'2019-07-02',NULL,NULL),(1041,396,22,5,29,NULL,12.00,'P',NULL,NULL,'0',197,'2019-07-02',NULL,NULL),(1042,397,22,5,29,NULL,0.00,'F',NULL,NULL,'1',197,'2019-07-02',NULL,NULL),(1043,664,30,7,47,NULL,20.00,'P',NULL,NULL,'0',214,'2019-07-02',NULL,NULL),(1044,679,30,7,47,NULL,41.00,'P',NULL,NULL,'0',214,'2019-07-02',NULL,NULL),(1045,684,30,7,47,NULL,28.00,'P',NULL,NULL,'0',214,'2019-07-02',NULL,NULL),(1046,680,30,7,47,NULL,48.00,'P',NULL,NULL,'0',214,'2019-07-02',NULL,NULL),(1047,674,30,7,47,NULL,27.00,'P',NULL,NULL,'0',214,'2019-07-02',NULL,NULL),(1048,669,30,7,47,NULL,6.00,'F',NULL,NULL,'0',214,'2019-07-02',214,'2019-07-02'),(1049,662,30,7,47,NULL,28.00,'P',NULL,NULL,'0',214,'2019-07-02',NULL,NULL),(1050,685,30,7,47,NULL,15.00,'F',NULL,NULL,'0',214,'2019-07-02',NULL,NULL),(1051,678,30,7,47,NULL,29.00,'P',NULL,NULL,'0',214,'2019-07-02',NULL,NULL),(1052,667,30,7,47,NULL,24.00,'P',NULL,NULL,'0',214,'2019-07-02',NULL,NULL),(1053,682,30,7,47,NULL,6.00,'F',NULL,NULL,'0',214,'2019-07-02',NULL,NULL),(1054,651,30,7,47,NULL,22.00,'P',NULL,NULL,'0',214,'2019-07-02',NULL,NULL),(1055,656,30,7,47,NULL,40.00,'P',NULL,NULL,'0',214,'2019-07-02',NULL,NULL),(1056,657,30,7,47,NULL,3.00,'F',NULL,NULL,'0',214,'2019-07-02',NULL,NULL),(1057,677,30,7,47,NULL,48.00,'P',NULL,NULL,'0',214,'2019-07-02',NULL,NULL),(1058,671,30,7,47,NULL,28.00,'P',NULL,NULL,'0',214,'2019-07-02',NULL,NULL),(1059,673,30,7,47,NULL,19.00,'P',NULL,NULL,'0',214,'2019-07-02',NULL,NULL),(1060,653,30,7,47,NULL,33.00,'P',NULL,NULL,'0',214,'2019-07-02',NULL,NULL),(1061,652,30,7,47,NULL,21.00,'P',NULL,NULL,'0',214,'2019-07-02',NULL,NULL),(1062,658,30,7,47,NULL,14.00,'F',NULL,NULL,'0',214,'2019-07-02',NULL,NULL),(1063,668,30,7,47,NULL,11.00,'F',NULL,NULL,'0',214,'2019-07-02',NULL,NULL),(1064,665,30,7,47,NULL,49.00,'P',NULL,NULL,'0',214,'2019-07-02',NULL,NULL),(1065,676,30,7,47,NULL,27.00,'P',NULL,NULL,'0',214,'2019-07-02',NULL,NULL),(1066,681,30,7,47,NULL,49.00,'P',NULL,NULL,'0',214,'2019-07-02',NULL,NULL),(1067,672,30,7,47,NULL,20.00,'P',NULL,NULL,'0',214,'2019-07-02',NULL,NULL),(1068,661,30,7,47,NULL,15.00,'F',NULL,NULL,'0',214,'2019-07-02',NULL,NULL),(1069,670,30,7,47,NULL,50.00,'P',NULL,NULL,'0',214,'2019-07-02',NULL,NULL),(1070,655,30,7,47,NULL,49.00,'P',NULL,NULL,'0',214,'2019-07-02',NULL,NULL),(1071,660,30,7,47,NULL,26.00,'P',NULL,NULL,'0',214,'2019-07-02',NULL,NULL),(1072,659,30,7,47,NULL,26.00,'P',NULL,NULL,'0',214,'2019-07-02',NULL,NULL),(1073,675,30,7,47,NULL,48.00,'P',NULL,NULL,'0',214,'2019-07-02',NULL,NULL),(1074,663,30,7,47,NULL,36.00,'P',NULL,NULL,'0',214,'2019-07-02',NULL,NULL),(1075,654,30,7,47,NULL,50.00,'P',NULL,NULL,'0',214,'2019-07-02',NULL,NULL),(1076,687,30,7,47,NULL,24.00,'P',NULL,NULL,'0',214,'2019-07-02',NULL,NULL),(1077,686,30,7,47,NULL,17.00,'P',NULL,NULL,'0',214,'2019-07-02',NULL,NULL),(1078,683,30,7,47,NULL,50.00,'P',NULL,NULL,'0',214,'2019-07-02',NULL,NULL),(1079,666,30,7,47,NULL,15.00,'F',NULL,NULL,'0',214,'2019-07-02',NULL,NULL),(1080,688,30,7,47,NULL,37.00,'P',NULL,NULL,'0',214,'2019-07-02',NULL,NULL),(1081,753,34,8,55,NULL,34.00,'P',NULL,NULL,'0',214,'2019-07-02',NULL,NULL),(1082,775,34,8,55,NULL,47.00,'P',NULL,NULL,'0',214,'2019-07-02',NULL,NULL),(1083,741,34,8,55,NULL,30.00,'P',NULL,NULL,'0',214,'2019-07-02',NULL,NULL),(1084,750,34,8,55,NULL,4.00,'F',NULL,NULL,'0',214,'2019-07-02',NULL,NULL),(1085,766,34,8,55,NULL,50.00,'P',NULL,NULL,'0',214,'2019-07-02',NULL,NULL),(1086,759,34,8,55,NULL,33.00,'P',NULL,NULL,'0',214,'2019-07-02',NULL,NULL),(1087,739,34,8,55,NULL,43.00,'P',NULL,NULL,'0',214,'2019-07-02',NULL,NULL),(1088,760,34,8,55,NULL,22.00,'P',NULL,NULL,'0',214,'2019-07-02',NULL,NULL),(1089,769,34,8,55,NULL,45.00,'P',NULL,NULL,'0',214,'2019-07-02',NULL,NULL),(1090,764,34,8,55,NULL,41.00,'P',NULL,NULL,'0',214,'2019-07-02',NULL,NULL),(1091,754,34,8,55,NULL,45.00,'P',NULL,NULL,'0',214,'2019-07-02',NULL,NULL),(1092,752,34,8,55,NULL,47.00,'P',NULL,NULL,'0',214,'2019-07-02',214,'2019-07-09'),(1093,736,34,8,55,NULL,27.00,'P',NULL,NULL,'0',214,'2019-07-02',NULL,NULL),(1094,776,34,8,55,NULL,34.00,'P',NULL,NULL,'0',214,'2019-07-02',NULL,NULL),(1095,749,34,8,55,NULL,0.00,'F',NULL,NULL,'1',214,'2019-07-02',NULL,NULL),(1096,763,34,8,55,NULL,24.00,'P',NULL,NULL,'0',214,'2019-07-02',NULL,NULL),(1097,742,34,8,55,NULL,40.00,'P',NULL,NULL,'0',214,'2019-07-02',NULL,NULL),(1098,758,34,8,55,NULL,36.00,'P',NULL,NULL,'0',214,'2019-07-02',NULL,NULL),(1099,762,34,8,55,NULL,42.00,'P',NULL,NULL,'0',214,'2019-07-02',NULL,NULL),(1100,743,34,8,55,NULL,8.00,'F',NULL,NULL,'0',214,'2019-07-02',NULL,NULL),(1101,756,34,8,55,NULL,29.00,'P',NULL,NULL,'0',214,'2019-07-02',NULL,NULL),(1102,740,34,8,55,NULL,20.00,'P',NULL,NULL,'0',214,'2019-07-02',NULL,NULL),(1103,747,34,8,55,NULL,43.00,'P',NULL,NULL,'0',214,'2019-07-02',NULL,NULL),(1104,748,34,8,55,NULL,29.00,'P',NULL,NULL,'0',214,'2019-07-02',NULL,NULL),(1105,737,34,8,55,NULL,29.00,'P',NULL,NULL,'0',214,'2019-07-02',NULL,NULL),(1106,770,34,8,55,NULL,17.00,'P',NULL,NULL,'0',214,'2019-07-02',NULL,NULL),(1107,755,34,8,55,NULL,44.00,'P',NULL,NULL,'0',214,'2019-07-02',NULL,NULL),(1108,761,34,8,55,NULL,29.00,'P',NULL,NULL,'0',214,'2019-07-02',NULL,NULL),(1109,768,34,8,55,NULL,33.00,'P',NULL,NULL,'0',214,'2019-07-02',NULL,NULL),(1110,765,34,8,55,NULL,25.00,'P',NULL,NULL,'0',214,'2019-07-02',NULL,NULL),(1111,772,34,8,55,NULL,40.00,'P',NULL,NULL,'0',214,'2019-07-02',NULL,NULL),(1112,767,34,8,55,NULL,37.00,'P',NULL,NULL,'0',214,'2019-07-02',NULL,NULL),(1113,774,34,8,55,NULL,33.00,'P',NULL,NULL,'0',214,'2019-07-02',NULL,NULL),(1114,746,34,8,55,NULL,33.00,'P',NULL,NULL,'0',214,'2019-07-02',NULL,NULL),(1115,745,34,8,55,NULL,40.00,'P',NULL,NULL,'0',214,'2019-07-02',NULL,NULL),(1116,738,34,8,55,NULL,46.00,'P',NULL,NULL,'0',214,'2019-07-02',NULL,NULL),(1117,771,34,8,55,NULL,40.00,'P',NULL,NULL,'0',214,'2019-07-02',NULL,NULL),(1118,751,34,8,55,NULL,44.00,'P',NULL,NULL,'0',214,'2019-07-02',NULL,NULL),(1119,757,34,8,55,NULL,49.00,'P',NULL,NULL,'0',214,'2019-07-02',NULL,NULL),(1120,779,34,8,55,NULL,33.00,'P',NULL,NULL,'0',214,'2019-07-02',NULL,NULL),(1121,780,34,8,55,NULL,44.00,'P',NULL,NULL,'0',214,'2019-07-02',NULL,NULL),(1122,781,34,8,55,NULL,31.00,'P',NULL,NULL,'0',214,'2019-07-02',NULL,NULL),(1123,773,34,8,55,NULL,41.00,'P',NULL,NULL,'0',214,'2019-07-02',NULL,NULL),(1124,777,34,8,55,NULL,47.00,'P',NULL,NULL,'0',214,'2019-07-02',NULL,NULL),(1125,778,34,8,55,NULL,20.00,'P',NULL,NULL,'0',214,'2019-07-02',NULL,NULL),(1126,744,34,8,55,NULL,47.00,'P',NULL,NULL,'0',214,'2019-07-02',NULL,NULL),(1127,782,34,8,55,NULL,17.00,'P',NULL,NULL,'0',214,'2019-07-02',NULL,NULL),(1128,753,34,23,116,NULL,15.00,'P',NULL,NULL,'0',214,'2019-07-02',NULL,NULL),(1129,775,34,23,116,NULL,23.00,'P',NULL,NULL,'0',214,'2019-07-02',NULL,NULL),(1130,741,34,23,116,NULL,21.00,'P',NULL,NULL,'0',214,'2019-07-02',NULL,NULL),(1131,750,34,23,116,NULL,9.00,'P',NULL,NULL,'0',214,'2019-07-02',NULL,NULL),(1132,766,34,23,116,NULL,25.00,'P',NULL,NULL,'0',214,'2019-07-02',NULL,NULL),(1133,759,34,23,116,NULL,11.00,'P',NULL,NULL,'0',214,'2019-07-02',NULL,NULL),(1134,739,34,23,116,NULL,18.00,'P',NULL,NULL,'0',214,'2019-07-02',NULL,NULL),(1135,760,34,23,116,NULL,15.00,'P',NULL,NULL,'0',214,'2019-07-02',NULL,NULL),(1136,769,34,23,116,NULL,18.00,'P',NULL,NULL,'0',214,'2019-07-02',NULL,NULL),(1137,764,34,23,116,NULL,20.00,'P',NULL,NULL,'0',214,'2019-07-02',NULL,NULL),(1138,754,34,23,116,NULL,20.00,'P',NULL,NULL,'0',214,'2019-07-02',NULL,NULL),(1139,752,34,23,116,NULL,18.00,'P',NULL,NULL,'0',214,'2019-07-02',NULL,NULL),(1140,736,34,23,116,NULL,12.00,'P',NULL,NULL,'0',214,'2019-07-02',NULL,NULL),(1141,776,34,23,116,NULL,16.00,'P',NULL,NULL,'0',214,'2019-07-02',NULL,NULL),(1142,749,34,23,116,NULL,14.00,'P',NULL,NULL,'0',214,'2019-07-02',NULL,NULL),(1143,763,34,23,116,NULL,9.00,'P',NULL,NULL,'0',214,'2019-07-02',NULL,NULL),(1144,742,34,23,116,NULL,19.00,'P',NULL,NULL,'0',214,'2019-07-02',NULL,NULL),(1145,758,34,23,116,NULL,0.00,'F',NULL,NULL,'1',214,'2019-07-02',NULL,NULL),(1146,762,34,23,116,NULL,25.00,'P',NULL,NULL,'0',214,'2019-07-02',NULL,NULL),(1147,743,34,23,116,NULL,6.00,'F',NULL,NULL,'0',214,'2019-07-02',NULL,NULL),(1148,756,34,23,116,NULL,12.00,'P',NULL,NULL,'0',214,'2019-07-02',NULL,NULL),(1149,740,34,23,116,NULL,8.00,'F',NULL,NULL,'0',214,'2019-07-02',NULL,NULL),(1150,747,34,23,116,NULL,22.00,'P',NULL,NULL,'0',214,'2019-07-02',NULL,NULL),(1151,748,34,23,116,NULL,11.00,'P',NULL,NULL,'0',214,'2019-07-02',NULL,NULL),(1152,737,34,23,116,NULL,11.00,'P',NULL,NULL,'0',214,'2019-07-02',NULL,NULL),(1153,770,34,23,116,NULL,7.00,'F',NULL,NULL,'0',214,'2019-07-02',NULL,NULL),(1154,755,34,23,116,NULL,21.00,'P',NULL,NULL,'0',214,'2019-07-02',NULL,NULL),(1155,761,34,23,116,NULL,15.00,'P',NULL,NULL,'0',214,'2019-07-02',NULL,NULL),(1156,768,34,23,116,NULL,15.00,'P',NULL,NULL,'0',214,'2019-07-02',NULL,NULL),(1157,765,34,23,116,NULL,16.00,'P',NULL,NULL,'0',214,'2019-07-02',NULL,NULL),(1158,772,34,23,116,NULL,22.00,'P',NULL,NULL,'0',214,'2019-07-02',NULL,NULL),(1159,767,34,23,116,NULL,13.00,'P',NULL,NULL,'0',214,'2019-07-02',NULL,NULL),(1160,774,34,23,116,NULL,19.00,'P',NULL,NULL,'0',214,'2019-07-02',NULL,NULL),(1161,746,34,23,116,NULL,13.00,'P',NULL,NULL,'0',214,'2019-07-02',NULL,NULL),(1162,745,34,23,116,NULL,23.00,'P',NULL,NULL,'0',214,'2019-07-02',NULL,NULL),(1163,738,34,23,116,NULL,24.00,'P',NULL,NULL,'0',214,'2019-07-02',NULL,NULL),(1164,771,34,23,116,NULL,22.00,'P',NULL,NULL,'0',214,'2019-07-02',NULL,NULL),(1165,751,34,23,116,NULL,19.00,'P',NULL,NULL,'0',214,'2019-07-02',NULL,NULL),(1166,757,34,23,116,NULL,23.00,'P',NULL,NULL,'0',214,'2019-07-02',NULL,NULL),(1167,779,34,23,116,NULL,17.00,'P',NULL,NULL,'0',214,'2019-07-02',NULL,NULL),(1168,780,34,23,116,NULL,19.00,'P',NULL,NULL,'0',214,'2019-07-02',NULL,NULL),(1169,781,34,23,116,NULL,21.00,'P',NULL,NULL,'0',214,'2019-07-02',NULL,NULL),(1170,773,34,23,116,NULL,13.00,'P',NULL,NULL,'0',214,'2019-07-02',NULL,NULL),(1171,777,34,23,116,NULL,22.00,'P',NULL,NULL,'0',214,'2019-07-02',NULL,NULL),(1172,778,34,23,116,NULL,8.00,'F',NULL,NULL,'0',214,'2019-07-02',NULL,NULL),(1173,744,34,23,116,NULL,17.00,'P',NULL,NULL,'0',214,'2019-07-02',NULL,NULL),(1174,782,34,23,116,NULL,0.00,'F',NULL,NULL,'1',214,'2019-07-02',NULL,NULL),(1175,642,29,7,46,NULL,45.00,'P',NULL,NULL,'0',208,'2019-07-02',NULL,NULL),(1176,647,29,7,46,NULL,44.00,'P',NULL,NULL,'0',208,'2019-07-02',NULL,NULL),(1177,615,29,7,46,NULL,45.00,'P',NULL,NULL,'0',208,'2019-07-02',NULL,NULL),(1178,627,29,7,46,NULL,41.00,'P',NULL,NULL,'0',208,'2019-07-02',NULL,NULL),(1179,624,29,7,46,NULL,33.00,'P',NULL,NULL,'0',208,'2019-07-02',NULL,NULL),(1180,623,29,7,46,NULL,37.00,'P',NULL,NULL,'0',208,'2019-07-02',NULL,NULL),(1181,626,29,7,46,NULL,37.00,'P',NULL,NULL,'0',208,'2019-07-02',NULL,NULL),(1182,618,29,7,46,NULL,38.00,'P',NULL,NULL,'0',208,'2019-07-02',NULL,NULL),(1183,646,29,7,46,NULL,42.00,'P',NULL,NULL,'0',208,'2019-07-02',NULL,NULL),(1184,637,29,7,46,NULL,44.00,'P',NULL,NULL,'0',208,'2019-07-02',NULL,NULL),(1185,648,29,7,46,NULL,41.00,'P',NULL,NULL,'0',208,'2019-07-02',NULL,NULL),(1186,620,29,7,46,NULL,47.00,'P',NULL,NULL,'0',208,'2019-07-02',NULL,NULL),(1187,617,29,7,46,NULL,28.00,'P',NULL,NULL,'0',208,'2019-07-02',NULL,NULL),(1188,628,29,7,46,NULL,45.00,'P',NULL,NULL,'0',208,'2019-07-02',NULL,NULL),(1189,635,29,7,46,NULL,40.00,'P',NULL,NULL,'0',208,'2019-07-02',NULL,NULL),(1190,632,29,7,46,NULL,43.00,'P',NULL,NULL,'0',208,'2019-07-02',NULL,NULL),(1191,638,29,7,46,NULL,39.00,'P',NULL,NULL,'0',208,'2019-07-02',NULL,NULL),(1192,625,29,7,46,NULL,26.00,'P',NULL,NULL,'0',208,'2019-07-02',NULL,NULL),(1193,643,29,7,46,NULL,48.00,'P',NULL,NULL,'0',208,'2019-07-02',NULL,NULL),(1194,644,29,7,46,NULL,46.00,'P',NULL,NULL,'0',208,'2019-07-02',NULL,NULL),(1195,629,29,7,46,NULL,39.00,'P',NULL,NULL,'0',208,'2019-07-02',NULL,NULL),(1196,621,29,7,46,NULL,37.00,'P',NULL,NULL,'0',208,'2019-07-02',NULL,NULL),(1197,641,29,7,46,NULL,42.00,'P',NULL,NULL,'0',208,'2019-07-02',NULL,NULL),(1198,640,29,7,46,NULL,48.00,'P',NULL,NULL,'0',208,'2019-07-02',NULL,NULL),(1199,645,29,7,46,NULL,48.00,'P',NULL,NULL,'0',208,'2019-07-02',NULL,NULL),(1200,630,29,7,46,NULL,46.00,'P',NULL,NULL,'0',208,'2019-07-02',NULL,NULL),(1201,631,29,7,46,NULL,43.00,'P',NULL,NULL,'0',208,'2019-07-02',NULL,NULL),(1202,636,29,7,46,NULL,33.00,'P',NULL,NULL,'0',208,'2019-07-02',NULL,NULL),(1203,622,29,7,46,NULL,30.00,'P',NULL,NULL,'0',208,'2019-07-02',NULL,NULL),(1204,619,29,7,46,NULL,27.00,'P',NULL,NULL,'0',208,'2019-07-02',NULL,NULL),(1205,639,29,7,46,NULL,33.00,'P',NULL,NULL,'0',208,'2019-07-02',NULL,NULL),(1206,616,29,7,46,NULL,37.00,'P',NULL,NULL,'0',208,'2019-07-02',208,'2019-07-02'),(1207,633,29,7,46,NULL,40.00,'P',NULL,NULL,'0',208,'2019-07-02',NULL,NULL),(1208,650,29,7,46,NULL,37.00,'P',NULL,NULL,'0',208,'2019-07-02',NULL,NULL),(1209,649,29,7,46,NULL,42.00,'P',NULL,NULL,'0',208,'2019-07-02',NULL,NULL),(1210,614,29,7,46,NULL,37.00,'P',NULL,NULL,'0',208,'2019-07-02',NULL,NULL),(1211,634,29,7,46,NULL,0.00,'F',NULL,NULL,'1',208,'2019-07-02',NULL,NULL),(1212,557,25,6,37,NULL,32.00,'P',NULL,NULL,'0',208,'2019-07-02',NULL,NULL),(1213,547,25,6,37,NULL,31.00,'P',NULL,NULL,'0',208,'2019-07-02',NULL,NULL),(1214,554,25,6,37,NULL,21.00,'P',NULL,NULL,'0',208,'2019-07-02',NULL,NULL),(1215,560,25,6,37,NULL,31.00,'P',NULL,NULL,'0',208,'2019-07-02',NULL,NULL),(1216,549,25,6,37,NULL,30.00,'P',NULL,NULL,'0',208,'2019-07-02',NULL,NULL),(1217,545,25,6,37,NULL,30.00,'P',NULL,NULL,'0',208,'2019-07-02',NULL,NULL),(1218,572,25,6,37,NULL,32.00,'P',NULL,NULL,'0',208,'2019-07-02',NULL,NULL),(1219,543,25,6,37,NULL,39.00,'P',NULL,NULL,'0',208,'2019-07-02',NULL,NULL),(1220,550,25,6,37,NULL,38.00,'P',NULL,NULL,'0',208,'2019-07-02',NULL,NULL),(1221,561,25,6,37,NULL,28.00,'P',NULL,NULL,'0',208,'2019-07-02',NULL,NULL),(1222,553,25,6,37,NULL,34.00,'P',NULL,NULL,'0',208,'2019-07-02',NULL,NULL),(1223,567,25,6,37,NULL,20.00,'P',NULL,NULL,'0',208,'2019-07-02',NULL,NULL),(1224,566,25,6,37,NULL,35.00,'P',NULL,NULL,'0',208,'2019-07-02',NULL,NULL),(1225,555,25,6,37,NULL,34.00,'P',NULL,NULL,'0',208,'2019-07-02',NULL,NULL),(1226,546,25,6,37,NULL,26.00,'P',NULL,NULL,'0',208,'2019-07-02',NULL,NULL),(1227,569,25,6,37,NULL,26.00,'P',NULL,NULL,'0',208,'2019-07-02',NULL,NULL),(1228,568,25,6,37,NULL,23.00,'P',NULL,NULL,'0',208,'2019-07-02',NULL,NULL),(1229,565,25,6,37,NULL,33.00,'P',NULL,NULL,'0',208,'2019-07-02',NULL,NULL),(1230,571,25,6,37,NULL,35.00,'P',NULL,NULL,'0',208,'2019-07-02',NULL,NULL),(1231,544,25,6,37,NULL,28.00,'P',NULL,NULL,'0',208,'2019-07-02',NULL,NULL),(1232,559,25,6,37,NULL,25.00,'P',NULL,NULL,'0',208,'2019-07-02',NULL,NULL),(1233,563,25,6,37,NULL,36.00,'P',NULL,NULL,'0',208,'2019-07-02',NULL,NULL),(1234,564,25,6,37,NULL,32.00,'P',NULL,NULL,'0',208,'2019-07-02',NULL,NULL),(1235,570,25,6,37,NULL,32.00,'P',NULL,NULL,'0',208,'2019-07-02',NULL,NULL),(1236,551,25,6,37,NULL,31.00,'P',NULL,NULL,'0',208,'2019-07-02',NULL,NULL),(1237,558,25,6,37,NULL,35.00,'P',NULL,NULL,'0',208,'2019-07-02',NULL,NULL),(1238,552,25,6,37,NULL,24.00,'P',NULL,NULL,'0',208,'2019-07-02',NULL,NULL),(1239,574,25,6,37,NULL,29.00,'P',NULL,NULL,'0',208,'2019-07-02',NULL,NULL),(1240,556,25,6,37,NULL,37.00,'P',NULL,NULL,'0',208,'2019-07-02',NULL,NULL),(1241,562,25,6,37,NULL,33.00,'P',NULL,NULL,'0',208,'2019-07-02',208,'2019-07-02'),(1242,548,25,6,37,NULL,39.00,'P',NULL,NULL,'0',208,'2019-07-02',NULL,NULL),(1243,577,25,6,37,NULL,24.00,'P',NULL,NULL,'0',208,'2019-07-02',NULL,NULL),(1244,576,25,6,37,NULL,36.00,'P',NULL,NULL,'0',208,'2019-07-02',NULL,NULL),(1245,573,25,6,37,NULL,28.00,'P',NULL,NULL,'0',208,'2019-07-02',NULL,NULL),(1246,575,25,6,37,NULL,33.00,'P',NULL,NULL,'0',208,'2019-07-02',NULL,NULL),(1247,702,33,8,54,NULL,45.00,'P',NULL,NULL,'0',208,'2019-07-02',NULL,NULL),(1248,700,33,8,54,NULL,31.00,'P',NULL,NULL,'0',208,'2019-07-02',NULL,NULL),(1249,710,33,8,54,NULL,41.00,'P',NULL,NULL,'0',208,'2019-07-02',NULL,NULL),(1250,706,33,8,54,NULL,29.00,'P',NULL,NULL,'0',208,'2019-07-02',NULL,NULL),(1251,708,33,8,54,NULL,40.00,'P',NULL,NULL,'0',208,'2019-07-02',NULL,NULL),(1252,732,33,8,54,NULL,27.00,'P',NULL,NULL,'0',208,'2019-07-02',NULL,NULL),(1253,726,33,8,54,NULL,0.00,'F',NULL,NULL,'1',208,'2019-07-02',NULL,NULL),(1254,691,33,8,54,NULL,33.00,'P',NULL,NULL,'0',208,'2019-07-02',NULL,NULL),(1255,709,33,8,54,NULL,40.00,'P',NULL,NULL,'0',208,'2019-07-02',NULL,NULL),(1256,714,33,8,54,NULL,46.00,'P',NULL,NULL,'0',208,'2019-07-02',NULL,NULL),(1257,722,33,8,54,NULL,36.00,'P',NULL,NULL,'0',208,'2019-07-02',NULL,NULL),(1258,705,33,8,54,NULL,44.00,'P',NULL,NULL,'0',208,'2019-07-02',NULL,NULL),(1259,698,33,8,54,NULL,39.00,'P',NULL,NULL,'0',208,'2019-07-02',NULL,NULL),(1260,703,33,8,54,NULL,38.00,'P',NULL,NULL,'0',208,'2019-07-02',NULL,NULL),(1261,713,33,8,54,NULL,44.00,'P',NULL,NULL,'0',208,'2019-07-02',NULL,NULL),(1262,723,33,8,54,NULL,23.00,'P',NULL,NULL,'0',208,'2019-07-02',NULL,NULL),(1263,718,33,8,54,NULL,47.00,'P',NULL,NULL,'0',208,'2019-07-02',NULL,NULL),(1264,721,33,8,54,NULL,47.00,'P',NULL,NULL,'0',208,'2019-07-02',NULL,NULL),(1265,697,33,8,54,NULL,43.00,'P',NULL,NULL,'0',208,'2019-07-02',NULL,NULL),(1266,717,33,8,54,NULL,28.00,'P',NULL,NULL,'0',208,'2019-07-02',NULL,NULL),(1267,695,33,8,54,NULL,27.00,'P',NULL,NULL,'0',208,'2019-07-02',NULL,NULL),(1268,696,33,8,54,NULL,45.00,'P',NULL,NULL,'0',208,'2019-07-02',NULL,NULL),(1269,719,33,8,54,NULL,47.00,'P',NULL,NULL,'0',208,'2019-07-02',NULL,NULL),(1270,699,33,8,54,NULL,27.00,'P',NULL,NULL,'0',208,'2019-07-02',NULL,NULL),(1271,707,33,8,54,NULL,31.00,'P',NULL,NULL,'0',208,'2019-07-02',NULL,NULL),(1272,692,33,8,54,NULL,38.00,'P',NULL,NULL,'0',208,'2019-07-02',NULL,NULL),(1273,712,33,8,54,NULL,24.00,'P',NULL,NULL,'0',208,'2019-07-02',NULL,NULL),(1274,690,33,8,54,NULL,42.00,'P',NULL,NULL,'0',208,'2019-07-02',NULL,NULL),(1275,694,33,8,54,NULL,37.00,'P',NULL,NULL,'0',208,'2019-07-02',NULL,NULL),(1276,725,33,8,54,NULL,47.00,'P',NULL,NULL,'0',208,'2019-07-02',NULL,NULL),(1277,715,33,8,54,NULL,45.00,'P',NULL,NULL,'0',208,'2019-07-02',NULL,NULL),(1278,704,33,8,54,NULL,43.00,'P',NULL,NULL,'0',208,'2019-07-02',NULL,NULL),(1279,693,33,8,54,NULL,47.00,'P',NULL,NULL,'0',208,'2019-07-02',NULL,NULL),(1280,716,33,8,54,NULL,30.00,'P',NULL,NULL,'0',208,'2019-07-02',NULL,NULL),(1281,701,33,8,54,NULL,40.00,'P',NULL,NULL,'0',208,'2019-07-02',NULL,NULL),(1282,720,33,8,54,NULL,46.00,'P',NULL,NULL,'0',208,'2019-07-02',NULL,NULL),(1283,689,33,8,54,NULL,15.00,'F',NULL,NULL,'0',208,'2019-07-02',NULL,NULL),(1284,711,33,8,54,NULL,18.00,'P',NULL,NULL,'0',208,'2019-07-02',NULL,NULL),(1285,727,33,8,54,NULL,28.00,'P',NULL,NULL,'0',208,'2019-07-02',NULL,NULL),(1286,730,33,8,54,NULL,35.00,'P',NULL,NULL,'0',208,'2019-07-02',NULL,NULL),(1287,729,33,8,54,NULL,37.00,'P',NULL,NULL,'0',208,'2019-07-02',NULL,NULL),(1288,731,33,8,54,NULL,40.00,'P',NULL,NULL,'0',208,'2019-07-02',208,'2019-07-02'),(1289,728,33,8,54,NULL,41.00,'P',NULL,NULL,'0',208,'2019-07-02',NULL,NULL),(1290,724,33,8,54,NULL,36.00,'P',NULL,NULL,'0',208,'2019-07-02',NULL,NULL),(1291,733,33,8,54,NULL,42.00,'P',NULL,NULL,'0',208,'2019-07-02',NULL,NULL),(1292,734,33,8,54,NULL,47.00,'P',NULL,NULL,'0',208,'2019-07-02',NULL,NULL),(1293,735,33,8,54,NULL,35.00,'P',NULL,NULL,'0',208,'2019-07-02',NULL,NULL),(1294,89,10,2,3,NULL,40.00,'P',NULL,NULL,'0',193,'2019-07-03',NULL,NULL),(1295,109,10,2,3,NULL,40.00,'P',NULL,NULL,'0',193,'2019-07-03',NULL,NULL),(1296,113,10,2,3,NULL,40.00,'P',NULL,NULL,'0',193,'2019-07-03',NULL,NULL),(1297,112,10,2,3,NULL,40.00,'P',NULL,NULL,'0',193,'2019-07-03',NULL,NULL),(1298,94,10,2,3,NULL,0.00,'F',NULL,NULL,'1',193,'2019-07-03',NULL,NULL),(1299,119,10,2,3,NULL,40.00,'P',NULL,NULL,'0',193,'2019-07-03',NULL,NULL),(1300,111,10,2,3,NULL,40.00,'P',NULL,NULL,'0',193,'2019-07-03',NULL,NULL),(1301,108,10,2,3,NULL,40.00,'P',NULL,NULL,'0',193,'2019-07-03',NULL,NULL),(1302,107,10,2,3,NULL,0.00,'F',NULL,NULL,'1',193,'2019-07-03',NULL,NULL),(1303,124,10,2,3,NULL,38.00,'P',NULL,NULL,'0',193,'2019-07-03',NULL,NULL),(1304,110,10,2,3,NULL,40.00,'P',NULL,NULL,'0',193,'2019-07-03',NULL,NULL),(1305,102,10,2,3,NULL,40.00,'P',NULL,NULL,'0',193,'2019-07-03',NULL,NULL),(1306,116,10,2,3,NULL,39.00,'P',NULL,NULL,'0',193,'2019-07-03',NULL,NULL),(1307,92,10,2,3,NULL,40.00,'P',NULL,NULL,'0',193,'2019-07-03',NULL,NULL),(1308,118,10,2,3,NULL,40.00,'P',NULL,NULL,'0',193,'2019-07-03',NULL,NULL),(1309,123,10,2,3,NULL,35.00,'P',NULL,NULL,'0',193,'2019-07-03',NULL,NULL),(1310,117,10,2,3,NULL,40.00,'P',NULL,NULL,'0',193,'2019-07-03',NULL,NULL),(1311,98,10,2,3,NULL,40.00,'P',NULL,NULL,'0',193,'2019-07-03',NULL,NULL),(1312,115,10,2,3,NULL,40.00,'P',NULL,NULL,'0',193,'2019-07-03',NULL,NULL),(1313,104,10,2,3,NULL,30.00,'P',NULL,NULL,'0',193,'2019-07-03',NULL,NULL),(1314,120,10,2,3,NULL,38.00,'P',NULL,NULL,'0',193,'2019-07-03',NULL,NULL),(1315,96,10,2,3,NULL,0.00,'F',NULL,NULL,'1',193,'2019-07-03',NULL,NULL),(1316,100,10,2,3,NULL,39.00,'P',NULL,NULL,'0',193,'2019-07-03',NULL,NULL),(1317,121,10,2,3,NULL,40.00,'P',NULL,NULL,'0',193,'2019-07-03',NULL,NULL),(1318,105,10,2,3,NULL,40.00,'P',NULL,NULL,'0',193,'2019-07-03',NULL,NULL),(1319,103,10,2,3,NULL,40.00,'P',NULL,NULL,'0',193,'2019-07-03',NULL,NULL),(1320,128,10,2,3,NULL,40.00,'P',NULL,NULL,'0',193,'2019-07-03',NULL,NULL),(1321,99,10,2,3,NULL,40.00,'P',NULL,NULL,'0',193,'2019-07-03',NULL,NULL),(1322,122,10,2,3,NULL,31.00,'P',NULL,NULL,'0',193,'2019-07-03',NULL,NULL),(1323,125,10,2,3,NULL,40.00,'P',NULL,NULL,'0',193,'2019-07-03',NULL,NULL),(1324,91,10,2,3,NULL,40.00,'P',NULL,NULL,'0',193,'2019-07-03',NULL,NULL),(1325,97,10,2,3,NULL,40.00,'P',NULL,NULL,'0',193,'2019-07-03',NULL,NULL),(1326,101,10,2,3,NULL,39.00,'P',NULL,NULL,'0',193,'2019-07-03',NULL,NULL),(1327,95,10,2,3,NULL,26.00,'P',NULL,NULL,'0',193,'2019-07-03',NULL,NULL),(1328,114,10,2,3,NULL,40.00,'P',NULL,NULL,'0',193,'2019-07-03',NULL,NULL),(1329,106,10,2,3,NULL,40.00,'P',NULL,NULL,'0',193,'2019-07-03',NULL,NULL),(1330,90,10,2,3,NULL,40.00,'P',NULL,NULL,'0',193,'2019-07-03',NULL,NULL),(1331,126,10,2,3,NULL,25.00,'P',NULL,NULL,'0',193,'2019-07-03',NULL,NULL),(1332,130,10,2,3,NULL,40.00,'P',NULL,NULL,'0',193,'2019-07-03',NULL,NULL),(1333,131,10,2,3,NULL,40.00,'P',NULL,NULL,'0',193,'2019-07-03',193,'2019-07-03'),(1334,132,10,2,3,NULL,39.00,'P',NULL,NULL,'0',193,'2019-07-03',193,'2019-07-03'),(1335,127,10,2,3,NULL,33.00,'P',NULL,NULL,'0',193,'2019-07-03',193,'2019-07-03'),(1336,129,10,2,3,NULL,34.00,'P',NULL,NULL,'0',193,'2019-07-03',193,'2019-07-03'),(1337,93,10,2,3,NULL,40.00,'P',NULL,NULL,'0',193,'2019-07-03',NULL,NULL),(1338,133,10,2,3,NULL,37.00,'P',NULL,NULL,'0',193,'2019-07-03',NULL,NULL),(1339,369,22,5,30,NULL,32.00,'P',NULL,NULL,'0',193,'2019-07-03',193,'2019-07-03'),(1340,380,22,5,30,NULL,34.00,'P',NULL,NULL,'0',193,'2019-07-03',193,'2019-07-03'),(1341,391,22,5,30,NULL,13.00,'P',NULL,NULL,'0',193,'2019-07-03',193,'2019-07-03'),(1342,383,22,5,30,NULL,23.00,'P',NULL,NULL,'0',193,'2019-07-03',193,'2019-07-03'),(1343,379,22,5,30,NULL,12.00,'P',NULL,NULL,'0',193,'2019-07-03',193,'2019-07-03'),(1344,361,22,5,30,NULL,35.00,'P',NULL,NULL,'0',193,'2019-07-03',193,'2019-07-03'),(1345,360,22,5,30,NULL,26.00,'P',NULL,NULL,'0',193,'2019-07-03',193,'2019-07-03'),(1346,357,22,5,30,NULL,24.00,'P',NULL,NULL,'0',193,'2019-07-03',193,'2019-07-03'),(1347,385,22,5,30,NULL,25.00,'P',NULL,NULL,'0',193,'2019-07-03',193,'2019-07-03'),(1348,364,22,5,30,NULL,34.00,'P',NULL,NULL,'0',193,'2019-07-03',193,'2019-07-03'),(1349,378,22,5,30,NULL,38.00,'P',NULL,NULL,'0',193,'2019-07-03',NULL,NULL),(1350,356,22,5,30,NULL,33.00,'P',NULL,NULL,'0',193,'2019-07-03',193,'2019-07-03'),(1351,363,22,5,30,NULL,25.00,'P',NULL,NULL,'0',193,'2019-07-03',193,'2019-07-03'),(1352,365,22,5,30,NULL,28.00,'P',NULL,NULL,'0',193,'2019-07-03',193,'2019-07-03'),(1353,366,22,5,30,NULL,36.00,'P',NULL,NULL,'0',193,'2019-07-03',193,'2019-07-03'),(1354,362,22,5,30,NULL,16.00,'P',NULL,NULL,'0',193,'2019-07-03',193,'2019-07-03'),(1355,387,22,5,30,NULL,21.00,'P',NULL,NULL,'0',193,'2019-07-03',193,'2019-07-03'),(1356,358,22,5,30,NULL,14.00,'P',NULL,NULL,'0',193,'2019-07-03',NULL,NULL),(1357,355,22,5,30,NULL,17.00,'P',NULL,NULL,'0',193,'2019-07-03',193,'2019-07-03'),(1358,388,22,5,30,NULL,12.00,'P',NULL,NULL,'0',193,'2019-07-03',193,'2019-07-03'),(1359,370,22,5,30,NULL,34.00,'P',NULL,NULL,'0',193,'2019-07-03',193,'2019-07-03'),(1360,375,22,5,30,NULL,24.00,'P',NULL,NULL,'0',193,'2019-07-03',193,'2019-07-03'),(1361,386,22,5,30,NULL,34.00,'P',NULL,NULL,'0',193,'2019-07-03',193,'2019-07-03'),(1362,384,22,5,30,NULL,30.00,'P',NULL,NULL,'0',193,'2019-07-03',193,'2019-07-03'),(1363,367,22,5,30,NULL,32.00,'P',NULL,NULL,'0',193,'2019-07-03',193,'2019-07-03'),(1364,373,22,5,30,NULL,30.00,'P',NULL,NULL,'0',193,'2019-07-03',193,'2019-07-03'),(1365,371,22,5,30,NULL,27.00,'P',NULL,NULL,'0',193,'2019-07-03',193,'2019-07-03'),(1366,354,22,5,30,NULL,40.00,'P',NULL,NULL,'0',193,'2019-07-03',193,'2019-07-03'),(1367,359,22,5,30,NULL,31.00,'P',NULL,NULL,'0',193,'2019-07-03',193,'2019-07-03'),(1368,376,22,5,30,NULL,13.00,'P',NULL,NULL,'0',193,'2019-07-03',193,'2019-07-03'),(1369,372,22,5,30,NULL,20.00,'P',NULL,NULL,'0',193,'2019-07-03',193,'2019-07-03'),(1370,377,22,5,30,NULL,33.00,'P',NULL,NULL,'0',193,'2019-07-03',193,'2019-07-03'),(1371,374,22,5,30,NULL,29.00,'P',NULL,NULL,'0',193,'2019-07-03',193,'2019-07-03'),(1372,368,22,5,30,NULL,33.00,'P',NULL,NULL,'0',193,'2019-07-03',193,'2019-07-03'),(1373,381,22,5,30,NULL,31.00,'P',NULL,NULL,'0',193,'2019-07-03',193,'2019-07-03'),(1374,390,22,5,30,NULL,39.00,'P',NULL,NULL,'0',193,'2019-07-03',193,'2019-07-03'),(1375,393,22,5,30,NULL,39.00,'P',NULL,NULL,'0',193,'2019-07-03',193,'2019-07-03'),(1376,395,22,5,30,NULL,30.00,'P',NULL,NULL,'0',193,'2019-07-03',193,'2019-07-03'),(1377,394,22,5,30,NULL,34.00,'P',NULL,NULL,'0',193,'2019-07-03',193,'2019-07-03'),(1378,392,22,5,30,NULL,31.00,'P',NULL,NULL,'0',193,'2019-07-03',193,'2019-07-03'),(1379,389,22,5,30,NULL,36.00,'P',NULL,NULL,'0',193,'2019-07-03',193,'2019-07-03'),(1380,382,22,5,30,NULL,27.00,'P',NULL,NULL,'0',193,'2019-07-03',193,'2019-07-03'),(1381,396,22,5,30,NULL,9.00,'F',NULL,NULL,'0',193,'2019-07-03',193,'2019-07-03'),(1382,397,22,5,30,NULL,0.00,'F',NULL,NULL,'1',193,'2019-07-03',NULL,NULL),(1383,235,17,4,24,NULL,12.00,'P',NULL,NULL,'0',196,'2019-07-03',NULL,NULL),(1384,245,17,4,24,NULL,13.00,'P',NULL,NULL,'0',196,'2019-07-03',NULL,NULL),(1385,221,17,4,24,NULL,13.00,'P',NULL,NULL,'0',196,'2019-07-03',NULL,NULL),(1386,216,17,4,24,NULL,34.00,'P',NULL,NULL,'0',196,'2019-07-03',NULL,NULL),(1387,217,17,4,24,NULL,38.00,'P',NULL,NULL,'0',196,'2019-07-03',NULL,NULL),(1388,239,17,4,24,NULL,37.00,'P',NULL,NULL,'0',196,'2019-07-03',NULL,NULL),(1389,253,17,4,24,NULL,34.00,'P',NULL,NULL,'0',196,'2019-07-03',NULL,NULL),(1390,225,17,4,24,NULL,40.00,'P',NULL,NULL,'0',196,'2019-07-03',NULL,NULL),(1391,224,17,4,24,NULL,40.00,'P',NULL,NULL,'0',196,'2019-07-03',NULL,NULL),(1392,229,17,4,24,NULL,39.00,'P',NULL,NULL,'0',196,'2019-07-03',NULL,NULL),(1393,223,17,4,24,NULL,22.00,'P',NULL,NULL,'0',196,'2019-07-03',NULL,NULL),(1394,256,17,4,24,NULL,21.00,'P',NULL,NULL,'0',196,'2019-07-03',NULL,NULL),(1395,244,17,4,24,NULL,13.00,'P',NULL,NULL,'0',196,'2019-07-03',NULL,NULL),(1396,251,17,4,24,NULL,15.00,'P',NULL,NULL,'0',196,'2019-07-03',NULL,NULL),(1397,249,17,4,24,NULL,39.00,'P',NULL,NULL,'0',196,'2019-07-03',NULL,NULL),(1398,236,17,4,24,NULL,13.00,'P',NULL,NULL,'0',196,'2019-07-03',NULL,NULL),(1399,255,17,4,24,NULL,12.00,'P',NULL,NULL,'0',196,'2019-07-03',NULL,NULL),(1400,219,17,4,24,NULL,39.00,'P',NULL,NULL,'0',196,'2019-07-03',NULL,NULL),(1401,222,17,4,24,NULL,16.00,'P',NULL,NULL,'0',196,'2019-07-03',NULL,NULL),(1402,252,17,4,24,NULL,9.00,'F',NULL,NULL,'0',196,'2019-07-03',196,'2019-07-03'),(1403,227,17,4,24,NULL,28.00,'P',NULL,NULL,'0',196,'2019-07-03',NULL,NULL),(1404,230,17,4,24,NULL,40.00,'P',NULL,NULL,'0',196,'2019-07-03',NULL,NULL),(1405,233,17,4,24,NULL,38.00,'P',NULL,NULL,'0',196,'2019-07-03',NULL,NULL),(1406,240,17,4,24,NULL,32.00,'P',NULL,NULL,'0',196,'2019-07-03',NULL,NULL),(1407,248,17,4,24,NULL,40.00,'P',NULL,NULL,'0',196,'2019-07-03',NULL,NULL),(1408,254,17,4,24,NULL,40.00,'P',NULL,NULL,'0',196,'2019-07-03',NULL,NULL),(1409,215,17,4,24,NULL,35.00,'P',NULL,NULL,'0',196,'2019-07-03',NULL,NULL),(1410,218,17,4,24,NULL,34.00,'P',NULL,NULL,'0',196,'2019-07-03',NULL,NULL),(1411,246,17,4,24,NULL,39.00,'P',NULL,NULL,'0',196,'2019-07-03',NULL,NULL),(1412,231,17,4,24,NULL,10.00,'F',NULL,NULL,'0',196,'2019-07-03',NULL,NULL),(1413,241,17,4,24,NULL,6.00,'F',NULL,NULL,'0',196,'2019-07-03',NULL,NULL),(1414,250,17,4,24,NULL,14.00,'P',NULL,NULL,'0',196,'2019-07-03',NULL,NULL),(1415,238,17,4,24,NULL,40.00,'P',NULL,NULL,'0',196,'2019-07-03',NULL,NULL),(1416,237,17,4,24,NULL,40.00,'P',NULL,NULL,'0',196,'2019-07-03',NULL,NULL),(1417,228,17,4,24,NULL,18.00,'P',NULL,NULL,'0',196,'2019-07-03',NULL,NULL),(1418,232,17,4,24,NULL,9.00,'F',NULL,NULL,'0',196,'2019-07-03',NULL,NULL),(1419,242,17,4,24,NULL,40.00,'P',NULL,NULL,'0',196,'2019-07-03',NULL,NULL),(1420,226,17,4,24,NULL,40.00,'P',NULL,NULL,'0',196,'2019-07-03',NULL,NULL),(1421,258,17,4,24,NULL,33.00,'P',NULL,NULL,'0',196,'2019-07-03',NULL,NULL),(1422,220,17,4,24,NULL,35.00,'P',NULL,NULL,'0',196,'2019-07-03',NULL,NULL),(1423,243,17,4,24,NULL,40.00,'P',NULL,NULL,'0',196,'2019-07-03',NULL,NULL),(1424,234,17,4,24,NULL,40.00,'P',NULL,NULL,'0',196,'2019-07-03',NULL,NULL),(1425,247,17,4,24,NULL,38.00,'P',NULL,NULL,'0',196,'2019-07-03',NULL,NULL),(1426,259,17,4,24,NULL,38.00,'P',NULL,NULL,'0',196,'2019-07-03',NULL,NULL),(1427,257,17,4,24,NULL,40.00,'P',NULL,NULL,'0',196,'2019-07-03',NULL,NULL),(1428,260,17,4,24,NULL,36.00,'P',NULL,NULL,'0',196,'2019-07-03',NULL,NULL),(1429,261,17,4,24,NULL,2.00,'F',NULL,NULL,'0',196,'2019-07-03',NULL,NULL),(1430,262,17,4,24,NULL,28.00,'P',NULL,NULL,'0',196,'2019-07-03',NULL,NULL),(1431,290,18,4,24,NULL,3.00,'F',NULL,NULL,'0',196,'2019-07-03',NULL,NULL),(1432,286,18,4,24,NULL,38.00,'P',NULL,NULL,'0',196,'2019-07-03',NULL,NULL),(1433,296,18,4,24,NULL,40.00,'P',NULL,NULL,'0',196,'2019-07-03',NULL,NULL),(1434,292,18,4,24,NULL,39.00,'P',NULL,NULL,'0',196,'2019-07-03',NULL,NULL),(1435,269,18,4,24,NULL,40.00,'P',NULL,NULL,'0',196,'2019-07-03',NULL,NULL),(1436,299,18,4,24,NULL,30.00,'P',NULL,NULL,'0',196,'2019-07-03',NULL,NULL),(1437,270,18,4,24,NULL,14.00,'P',NULL,NULL,'0',196,'2019-07-03',NULL,NULL),(1438,266,18,4,24,NULL,12.00,'P',NULL,NULL,'0',196,'2019-07-03',NULL,NULL),(1439,282,18,4,24,NULL,4.00,'F',NULL,NULL,'0',196,'2019-07-03',NULL,NULL),(1440,274,18,4,24,NULL,38.00,'P',NULL,NULL,'0',196,'2019-07-03',NULL,NULL),(1441,273,18,4,24,NULL,31.00,'P',NULL,NULL,'0',196,'2019-07-03',NULL,NULL),(1442,288,18,4,24,NULL,38.00,'P',NULL,NULL,'0',196,'2019-07-03',NULL,NULL),(1443,271,18,4,24,NULL,38.00,'P',NULL,NULL,'0',196,'2019-07-03',NULL,NULL),(1444,295,18,4,24,NULL,25.00,'P',NULL,NULL,'0',196,'2019-07-03',NULL,NULL),(1445,301,18,4,24,NULL,37.00,'P',NULL,NULL,'0',196,'2019-07-03',NULL,NULL),(1446,265,18,4,24,NULL,40.00,'P',NULL,NULL,'0',196,'2019-07-03',NULL,NULL),(1447,289,18,4,24,NULL,33.00,'P',NULL,NULL,'0',196,'2019-07-03',NULL,NULL),(1448,272,18,4,24,NULL,4.00,'F',NULL,NULL,'0',196,'2019-07-03',NULL,NULL),(1449,285,18,4,24,NULL,39.00,'P',NULL,NULL,'0',196,'2019-07-03',NULL,NULL),(1450,264,18,4,24,NULL,40.00,'P',NULL,NULL,'0',196,'2019-07-03',NULL,NULL),(1451,280,18,4,24,NULL,38.00,'P',NULL,NULL,'0',196,'2019-07-03',NULL,NULL),(1452,302,18,4,24,NULL,37.00,'P',NULL,NULL,'0',196,'2019-07-03',NULL,NULL),(1453,291,18,4,24,NULL,30.00,'P',NULL,NULL,'0',196,'2019-07-03',NULL,NULL),(1454,300,18,4,24,NULL,32.00,'P',NULL,NULL,'0',196,'2019-07-03',NULL,NULL),(1455,278,18,4,24,NULL,26.00,'P',NULL,NULL,'0',196,'2019-07-03',NULL,NULL),(1456,275,18,4,24,NULL,39.00,'P',NULL,NULL,'0',196,'2019-07-03',NULL,NULL),(1457,297,18,4,24,NULL,35.00,'P',NULL,NULL,'0',196,'2019-07-03',NULL,NULL),(1458,263,18,4,24,NULL,9.00,'F',NULL,NULL,'0',196,'2019-07-03',NULL,NULL),(1459,283,18,4,24,NULL,19.00,'P',NULL,NULL,'0',196,'2019-07-03',NULL,NULL),(1460,298,18,4,24,NULL,32.00,'P',NULL,NULL,'0',196,'2019-07-03',NULL,NULL),(1461,277,18,4,24,NULL,37.00,'P',NULL,NULL,'0',196,'2019-07-03',NULL,NULL),(1462,268,18,4,24,NULL,39.00,'P',NULL,NULL,'0',196,'2019-07-03',NULL,NULL),(1463,293,18,4,24,NULL,30.00,'P',NULL,NULL,'0',196,'2019-07-03',NULL,NULL),(1464,304,18,4,24,NULL,27.00,'P',NULL,NULL,'0',196,'2019-07-03',NULL,NULL),(1465,369,22,5,35,NULL,31.00,'P',NULL,NULL,'0',193,'2019-07-03',NULL,NULL),(1466,380,22,5,35,NULL,40.00,'P',NULL,NULL,'0',193,'2019-07-03',NULL,NULL),(1467,391,22,5,35,NULL,20.00,'P',NULL,NULL,'0',193,'2019-07-03',NULL,NULL),(1468,383,22,5,35,NULL,18.00,'P',NULL,NULL,'0',193,'2019-07-03',NULL,NULL),(1469,294,18,4,24,NULL,4.00,'F',NULL,NULL,'0',196,'2019-07-03',NULL,NULL),(1470,379,22,5,35,NULL,16.00,'P',NULL,NULL,'0',193,'2019-07-03',NULL,NULL),(1471,361,22,5,35,NULL,34.00,'P',NULL,NULL,'0',193,'2019-07-03',NULL,NULL),(1472,267,18,4,24,NULL,36.00,'P',NULL,NULL,'0',196,'2019-07-03',NULL,NULL),(1473,360,22,5,35,NULL,17.00,'P',NULL,NULL,'0',193,'2019-07-03',NULL,NULL),(1474,357,22,5,35,NULL,12.00,'P',NULL,NULL,'0',193,'2019-07-03',NULL,NULL),(1475,287,18,4,24,NULL,14.00,'P',NULL,NULL,'0',196,'2019-07-03',NULL,NULL),(1476,385,22,5,35,NULL,36.00,'P',NULL,NULL,'0',193,'2019-07-03',NULL,NULL),(1477,284,18,4,24,NULL,37.00,'P',NULL,NULL,'0',196,'2019-07-03',NULL,NULL),(1478,364,22,5,35,NULL,40.00,'P',NULL,NULL,'0',193,'2019-07-03',NULL,NULL),(1479,378,22,5,35,NULL,38.00,'P',NULL,NULL,'0',193,'2019-07-03',NULL,NULL),(1480,356,22,5,35,NULL,32.00,'P',NULL,NULL,'0',193,'2019-07-03',NULL,NULL),(1481,363,22,5,35,NULL,24.00,'P',NULL,NULL,'0',193,'2019-07-03',NULL,NULL),(1482,281,18,4,24,NULL,37.00,'P',NULL,NULL,'0',196,'2019-07-03',NULL,NULL),(1483,365,22,5,35,NULL,40.00,'P',NULL,NULL,'0',193,'2019-07-03',NULL,NULL),(1484,366,22,5,35,NULL,40.00,'P',NULL,NULL,'0',193,'2019-07-03',NULL,NULL),(1485,362,22,5,35,NULL,15.00,'P',NULL,NULL,'0',193,'2019-07-03',NULL,NULL),(1486,387,22,5,35,NULL,32.00,'P',NULL,NULL,'0',193,'2019-07-03',NULL,NULL),(1487,276,18,4,24,NULL,32.00,'P',NULL,NULL,'0',196,'2019-07-03',NULL,NULL),(1488,358,22,5,35,NULL,14.00,'P',NULL,NULL,'0',193,'2019-07-03',NULL,NULL),(1489,355,22,5,35,NULL,18.00,'P',NULL,NULL,'0',193,'2019-07-03',NULL,NULL),(1490,388,22,5,35,NULL,23.00,'P',NULL,NULL,'0',193,'2019-07-03',NULL,NULL),(1491,279,18,4,24,NULL,9.00,'F',NULL,NULL,'0',196,'2019-07-03',NULL,NULL),(1492,370,22,5,35,NULL,28.00,'P',NULL,NULL,'0',193,'2019-07-03',NULL,NULL),(1493,375,22,5,35,NULL,18.00,'P',NULL,NULL,'0',193,'2019-07-03',NULL,NULL),(1494,386,22,5,35,NULL,38.00,'P',NULL,NULL,'0',193,'2019-07-03',NULL,NULL),(1495,384,22,5,35,NULL,39.00,'P',NULL,NULL,'0',193,'2019-07-03',NULL,NULL),(1496,303,18,4,24,NULL,7.00,'F',NULL,NULL,'0',196,'2019-07-03',NULL,NULL),(1497,367,22,5,35,NULL,29.00,'P',NULL,NULL,'0',193,'2019-07-03',NULL,NULL),(1498,373,22,5,35,NULL,22.00,'P',NULL,NULL,'0',193,'2019-07-03',NULL,NULL),(1499,371,22,5,35,NULL,12.00,'P',NULL,NULL,'0',193,'2019-07-03',NULL,NULL),(1500,354,22,5,35,NULL,21.00,'P',NULL,NULL,'0',193,'2019-07-03',NULL,NULL),(1501,307,18,4,24,NULL,36.00,'P',NULL,NULL,'0',196,'2019-07-03',NULL,NULL),(1502,359,22,5,35,NULL,40.00,'P',NULL,NULL,'0',193,'2019-07-03',NULL,NULL),(1503,376,22,5,35,NULL,11.00,'F',NULL,NULL,'0',193,'2019-07-03',NULL,NULL),(1504,372,22,5,35,NULL,12.00,'P',NULL,NULL,'0',193,'2019-07-03',NULL,NULL),(1505,306,18,4,24,NULL,30.00,'P',NULL,NULL,'0',196,'2019-07-03',NULL,NULL),(1506,377,22,5,35,NULL,27.00,'P',NULL,NULL,'0',193,'2019-07-03',NULL,NULL),(1507,374,22,5,35,NULL,16.00,'P',NULL,NULL,'0',193,'2019-07-03',NULL,NULL),(1508,305,18,4,24,NULL,39.00,'P',NULL,NULL,'0',196,'2019-07-03',NULL,NULL),(1509,368,22,5,35,NULL,35.00,'P',NULL,NULL,'0',193,'2019-07-03',NULL,NULL),(1510,381,22,5,35,NULL,32.00,'P',NULL,NULL,'0',193,'2019-07-03',NULL,NULL),(1511,390,22,5,35,NULL,40.00,'P',NULL,NULL,'0',193,'2019-07-03',NULL,NULL),(1512,393,22,5,35,NULL,39.00,'P',NULL,NULL,'0',193,'2019-07-03',NULL,NULL),(1513,308,18,4,24,NULL,36.00,'P',NULL,NULL,'0',196,'2019-07-03',NULL,NULL),(1514,309,18,4,24,NULL,1.00,'F',NULL,NULL,'0',196,'2019-07-03',NULL,NULL),(1515,395,22,5,35,NULL,30.00,'P',NULL,NULL,'0',193,'2019-07-03',NULL,NULL),(1516,394,22,5,35,NULL,26.00,'P',NULL,NULL,'0',193,'2019-07-03',NULL,NULL),(1517,392,22,5,35,NULL,38.00,'P',NULL,NULL,'0',193,'2019-07-03',NULL,NULL),(1518,389,22,5,35,NULL,40.00,'P',NULL,NULL,'0',193,'2019-07-03',NULL,NULL),(1519,310,18,4,24,NULL,1.00,'F',NULL,NULL,'0',196,'2019-07-03',NULL,NULL),(1520,382,22,5,35,NULL,35.00,'P',NULL,NULL,'0',193,'2019-07-03',NULL,NULL),(1521,396,22,5,35,NULL,11.00,'F',NULL,NULL,'0',193,'2019-07-03',NULL,NULL),(1522,397,22,5,35,NULL,0.00,'F',NULL,NULL,'1',193,'2019-07-03',NULL,NULL),(1523,346,21,5,35,NULL,1.00,'F',NULL,NULL,'0',193,'2019-07-03',NULL,NULL),(1524,332,21,5,35,NULL,36.00,'P',NULL,NULL,'0',193,'2019-07-03',NULL,NULL),(1525,342,21,5,35,NULL,35.00,'P',NULL,NULL,'0',193,'2019-07-03',NULL,NULL),(1526,334,21,5,35,NULL,36.00,'P',NULL,NULL,'0',193,'2019-07-03',NULL,NULL),(1527,324,21,5,35,NULL,34.00,'P',NULL,NULL,'0',193,'2019-07-03',NULL,NULL),(1528,328,21,5,35,NULL,33.00,'P',NULL,NULL,'0',193,'2019-07-03',NULL,NULL),(1529,326,21,5,35,NULL,40.00,'P',NULL,NULL,'0',193,'2019-07-03',NULL,NULL),(1530,325,21,5,35,NULL,40.00,'P',NULL,NULL,'0',193,'2019-07-03',NULL,NULL),(1531,344,21,5,35,NULL,32.00,'P',NULL,NULL,'0',193,'2019-07-03',NULL,NULL),(1532,341,21,5,35,NULL,40.00,'P',NULL,NULL,'0',193,'2019-07-03',NULL,NULL),(1533,335,21,5,35,NULL,0.00,'F',NULL,NULL,'1',193,'2019-07-03',NULL,NULL),(1534,323,21,5,35,NULL,40.00,'P',NULL,NULL,'0',193,'2019-07-03',NULL,NULL),(1535,340,21,5,35,NULL,34.00,'P',NULL,NULL,'0',193,'2019-07-03',NULL,NULL),(1536,311,21,5,35,NULL,36.00,'P',NULL,NULL,'0',193,'2019-07-03',NULL,NULL),(1537,333,21,5,35,NULL,31.00,'P',NULL,NULL,'0',193,'2019-07-03',NULL,NULL),(1538,345,21,5,35,NULL,33.00,'P',NULL,NULL,'0',193,'2019-07-03',NULL,NULL),(1539,329,21,5,35,NULL,23.00,'P',NULL,NULL,'0',193,'2019-07-03',NULL,NULL),(1540,336,21,5,35,NULL,32.00,'P',NULL,NULL,'0',193,'2019-07-03',NULL,NULL),(1541,330,21,5,35,NULL,34.00,'P',NULL,NULL,'0',193,'2019-07-03',NULL,NULL),(1542,339,21,5,35,NULL,23.00,'P',NULL,NULL,'0',193,'2019-07-03',NULL,NULL),(1543,338,21,5,35,NULL,15.00,'P',NULL,NULL,'0',193,'2019-07-03',NULL,NULL),(1544,320,21,5,35,NULL,39.00,'P',NULL,NULL,'0',193,'2019-07-03',NULL,NULL),(1545,165,13,3,15,NULL,27.00,'P',NULL,NULL,'0',196,'2019-07-03',NULL,NULL),(1546,313,21,5,35,NULL,38.00,'P',NULL,NULL,'0',193,'2019-07-03',NULL,NULL),(1547,322,21,5,35,NULL,18.00,'P',NULL,NULL,'0',193,'2019-07-03',NULL,NULL),(1548,154,13,3,15,NULL,24.00,'P',NULL,NULL,'0',196,'2019-07-03',NULL,NULL),(1549,316,21,5,35,NULL,40.00,'P',NULL,NULL,'0',193,'2019-07-03',NULL,NULL),(1550,343,21,5,35,NULL,21.00,'P',NULL,NULL,'0',193,'2019-07-03',NULL,NULL),(1551,149,13,3,15,NULL,9.00,'F',NULL,NULL,'0',196,'2019-07-03',NULL,NULL),(1552,331,21,5,35,NULL,8.00,'F',NULL,NULL,'0',193,'2019-07-03',NULL,NULL),(1553,315,21,5,35,NULL,37.00,'P',NULL,NULL,'0',193,'2019-07-03',NULL,NULL),(1554,312,21,5,35,NULL,32.00,'P',NULL,NULL,'0',193,'2019-07-03',NULL,NULL),(1555,152,13,3,15,NULL,40.00,'P',NULL,NULL,'0',196,'2019-07-03',NULL,NULL),(1556,321,21,5,35,NULL,37.00,'P',NULL,NULL,'0',193,'2019-07-03',NULL,NULL),(1557,327,21,5,35,NULL,32.00,'P',NULL,NULL,'0',193,'2019-07-03',NULL,NULL),(1558,319,21,5,35,NULL,31.00,'P',NULL,NULL,'0',193,'2019-07-03',NULL,NULL),(1559,318,21,5,35,NULL,34.00,'P',NULL,NULL,'0',193,'2019-07-03',NULL,NULL),(1560,351,21,5,35,NULL,25.00,'P',NULL,NULL,'0',193,'2019-07-03',NULL,NULL),(1561,138,13,3,15,NULL,39.00,'P',NULL,NULL,'0',196,'2019-07-03',NULL,NULL),(1562,314,21,5,35,NULL,33.00,'P',NULL,NULL,'0',193,'2019-07-03',NULL,NULL),(1563,337,21,5,35,NULL,11.00,'F',NULL,NULL,'0',193,'2019-07-03',NULL,NULL),(1564,317,21,5,35,NULL,19.00,'P',NULL,NULL,'0',193,'2019-07-03',NULL,NULL),(1565,137,13,3,15,NULL,38.00,'P',NULL,NULL,'0',196,'2019-07-03',NULL,NULL),(1566,349,21,5,35,NULL,30.00,'P',NULL,NULL,'0',193,'2019-07-03',NULL,NULL),(1567,347,21,5,35,NULL,38.00,'P',NULL,NULL,'0',193,'2019-07-03',NULL,NULL),(1568,348,21,5,35,NULL,40.00,'P',NULL,NULL,'0',193,'2019-07-03',NULL,NULL),(1569,144,13,3,15,NULL,0.00,'F',NULL,NULL,'1',196,'2019-07-03',196,'2019-07-03'),(1570,350,21,5,35,NULL,35.00,'P',NULL,NULL,'0',193,'2019-07-03',NULL,NULL),(1571,352,21,5,35,NULL,32.00,'P',NULL,NULL,'0',193,'2019-07-03',NULL,NULL),(1572,353,21,5,35,NULL,29.00,'P',NULL,NULL,'0',193,'2019-07-03',NULL,NULL),(1573,162,13,3,15,NULL,39.00,'P',NULL,NULL,'0',196,'2019-07-03',NULL,NULL),(1574,134,13,3,15,NULL,40.00,'P',NULL,NULL,'0',196,'2019-07-03',NULL,NULL),(1575,140,13,3,15,NULL,39.00,'P',NULL,NULL,'0',196,'2019-07-03',NULL,NULL),(1576,158,13,3,15,NULL,34.00,'P',NULL,NULL,'0',196,'2019-07-03',NULL,NULL),(1577,157,13,3,15,NULL,35.00,'P',NULL,NULL,'0',196,'2019-07-03',NULL,NULL),(1578,166,13,3,15,NULL,20.00,'P',NULL,NULL,'0',196,'2019-07-03',NULL,NULL),(1579,151,13,3,15,NULL,23.00,'P',NULL,NULL,'0',196,'2019-07-03',NULL,NULL),(1580,147,13,3,15,NULL,10.00,'F',NULL,NULL,'0',196,'2019-07-03',NULL,NULL),(1581,164,13,3,15,NULL,33.00,'P',NULL,NULL,'0',196,'2019-07-03',NULL,NULL),(1582,156,13,3,15,NULL,25.00,'P',NULL,NULL,'0',196,'2019-07-03',NULL,NULL),(1583,163,13,3,15,NULL,28.00,'P',NULL,NULL,'0',196,'2019-07-03',NULL,NULL),(1584,143,13,3,15,NULL,16.00,'P',NULL,NULL,'0',196,'2019-07-03',NULL,NULL),(1585,235,17,4,26,NULL,17.00,'P',NULL,NULL,'0',193,'2019-07-03',NULL,NULL),(1586,172,13,3,15,NULL,22.00,'P',NULL,NULL,'0',196,'2019-07-03',NULL,NULL),(1587,245,17,4,26,NULL,19.00,'P',NULL,NULL,'0',193,'2019-07-03',NULL,NULL),(1588,221,17,4,26,NULL,25.00,'P',NULL,NULL,'0',193,'2019-07-03',NULL,NULL),(1589,216,17,4,26,NULL,18.00,'P',NULL,NULL,'0',193,'2019-07-03',NULL,NULL),(1590,135,13,3,15,NULL,40.00,'P',NULL,NULL,'0',196,'2019-07-03',NULL,NULL),(1591,217,17,4,26,NULL,36.00,'P',NULL,NULL,'0',193,'2019-07-03',NULL,NULL),(1592,239,17,4,26,NULL,40.00,'P',NULL,NULL,'0',193,'2019-07-03',NULL,NULL),(1593,253,17,4,26,NULL,19.00,'P',NULL,NULL,'0',193,'2019-07-03',NULL,NULL),(1594,148,13,3,15,NULL,9.00,'F',NULL,NULL,'0',196,'2019-07-03',NULL,NULL),(1595,225,17,4,26,NULL,37.00,'P',NULL,NULL,'0',193,'2019-07-03',NULL,NULL),(1596,224,17,4,26,NULL,40.00,'P',NULL,NULL,'0',193,'2019-07-03',NULL,NULL),(1597,229,17,4,26,NULL,29.00,'P',NULL,NULL,'0',193,'2019-07-03',NULL,NULL),(1598,223,17,4,26,NULL,19.00,'P',NULL,NULL,'0',193,'2019-07-03',NULL,NULL),(1599,256,17,4,26,NULL,24.00,'P',NULL,NULL,'0',193,'2019-07-03',NULL,NULL),(1600,160,13,3,15,NULL,40.00,'P',NULL,NULL,'0',196,'2019-07-03',NULL,NULL),(1601,244,17,4,26,NULL,12.00,'P',NULL,NULL,'0',193,'2019-07-03',NULL,NULL),(1602,251,17,4,26,NULL,15.00,'P',NULL,NULL,'0',193,'2019-07-03',NULL,NULL),(1603,161,13,3,15,NULL,10.00,'F',NULL,NULL,'0',196,'2019-07-03',NULL,NULL),(1604,249,17,4,26,NULL,34.00,'P',NULL,NULL,'0',193,'2019-07-03',NULL,NULL),(1605,236,17,4,26,NULL,18.00,'P',NULL,NULL,'0',193,'2019-07-03',NULL,NULL),(1606,255,17,4,26,NULL,27.00,'P',NULL,NULL,'0',193,'2019-07-03',NULL,NULL),(1607,159,13,3,15,NULL,35.00,'P',NULL,NULL,'0',196,'2019-07-03',NULL,NULL),(1608,219,17,4,26,NULL,29.00,'P',NULL,NULL,'0',193,'2019-07-03',NULL,NULL),(1609,222,17,4,26,NULL,15.00,'P',NULL,NULL,'0',193,'2019-07-03',NULL,NULL),(1610,252,17,4,26,NULL,28.00,'P',NULL,NULL,'0',193,'2019-07-03',NULL,NULL),(1611,227,17,4,26,NULL,23.00,'P',NULL,NULL,'0',193,'2019-07-03',NULL,NULL),(1612,230,17,4,26,NULL,39.00,'P',NULL,NULL,'0',193,'2019-07-03',NULL,NULL),(1613,233,17,4,26,NULL,23.00,'P',NULL,NULL,'0',193,'2019-07-03',NULL,NULL),(1614,240,17,4,26,NULL,7.00,'F',NULL,NULL,'0',193,'2019-07-03',NULL,NULL),(1615,248,17,4,26,NULL,12.00,'P',NULL,NULL,'0',193,'2019-07-03',NULL,NULL),(1616,254,17,4,26,NULL,38.00,'P',NULL,NULL,'0',193,'2019-07-03',NULL,NULL),(1617,215,17,4,26,NULL,12.00,'P',NULL,NULL,'0',193,'2019-07-03',NULL,NULL),(1618,218,17,4,26,NULL,19.00,'P',NULL,NULL,'0',193,'2019-07-03',NULL,NULL),(1619,246,17,4,26,NULL,38.00,'P',NULL,NULL,'0',193,'2019-07-03',NULL,NULL),(1620,231,17,4,26,NULL,32.00,'P',NULL,NULL,'0',193,'2019-07-03',NULL,NULL),(1621,241,17,4,26,NULL,18.00,'P',NULL,NULL,'0',193,'2019-07-03',NULL,NULL),(1622,250,17,4,26,NULL,11.00,'F',NULL,NULL,'0',193,'2019-07-03',NULL,NULL),(1623,238,17,4,26,NULL,39.00,'P',NULL,NULL,'0',193,'2019-07-03',NULL,NULL),(1624,237,17,4,26,NULL,38.00,'P',NULL,NULL,'0',193,'2019-07-03',NULL,NULL),(1625,228,17,4,26,NULL,3.00,'F',NULL,NULL,'0',193,'2019-07-03',NULL,NULL),(1626,242,17,4,26,NULL,38.00,'P',NULL,NULL,'0',193,'2019-07-03',193,'2019-07-03'),(1627,145,13,3,15,NULL,17.00,'P',NULL,NULL,'0',196,'2019-07-03',NULL,NULL),(1628,232,17,4,26,NULL,1.00,'F',NULL,NULL,'0',193,'2019-07-03',NULL,NULL),(1629,170,13,3,15,NULL,40.00,'P',NULL,NULL,'0',196,'2019-07-03',NULL,NULL),(1630,171,13,3,15,NULL,40.00,'P',NULL,NULL,'0',196,'2019-07-03',NULL,NULL),(1631,168,13,3,15,NULL,21.00,'P',NULL,NULL,'0',196,'2019-07-03',NULL,NULL),(1632,226,17,4,26,NULL,36.00,'P',NULL,NULL,'0',193,'2019-07-03',NULL,NULL),(1633,258,17,4,26,NULL,21.00,'P',NULL,NULL,'0',193,'2019-07-03',NULL,NULL),(1634,220,17,4,26,NULL,22.00,'P',NULL,NULL,'0',193,'2019-07-03',NULL,NULL),(1635,173,13,3,15,NULL,37.00,'P',NULL,NULL,'0',196,'2019-07-03',NULL,NULL),(1636,243,17,4,26,NULL,39.00,'P',NULL,NULL,'0',193,'2019-07-03',NULL,NULL),(1637,234,17,4,26,NULL,33.00,'P',NULL,NULL,'0',193,'2019-07-03',NULL,NULL),(1638,247,17,4,26,NULL,34.00,'P',NULL,NULL,'0',193,'2019-07-03',NULL,NULL),(1639,259,17,4,26,NULL,21.00,'P',NULL,NULL,'0',193,'2019-07-03',NULL,NULL),(1640,257,17,4,26,NULL,23.00,'P',NULL,NULL,'0',193,'2019-07-03',NULL,NULL),(1641,260,17,4,26,NULL,33.00,'P',NULL,NULL,'0',193,'2019-07-03',NULL,NULL),(1642,261,17,4,26,NULL,20.00,'P',NULL,NULL,'0',193,'2019-07-03',NULL,NULL),(1643,262,17,4,26,NULL,25.00,'P',NULL,NULL,'0',193,'2019-07-03',NULL,NULL),(1644,178,14,3,15,NULL,35.00,'P',NULL,NULL,'0',196,'2019-07-03',NULL,NULL),(1645,207,14,3,15,NULL,40.00,'P',NULL,NULL,'0',196,'2019-07-03',NULL,NULL),(1646,176,14,3,15,NULL,40.00,'P',NULL,NULL,'0',196,'2019-07-03',NULL,NULL),(1647,197,14,3,15,NULL,24.00,'P',NULL,NULL,'0',196,'2019-07-03',NULL,NULL),(1648,190,14,3,15,NULL,32.00,'P',NULL,NULL,'0',196,'2019-07-03',NULL,NULL),(1649,179,14,3,15,NULL,39.00,'P',NULL,NULL,'0',196,'2019-07-03',NULL,NULL),(1650,753,34,8,57,NULL,44.00,'P',NULL,NULL,'0',212,'2019-07-03',NULL,NULL),(1651,180,14,3,15,NULL,34.00,'P',NULL,NULL,'0',196,'2019-07-03',NULL,NULL),(1652,775,34,8,57,NULL,41.00,'P',NULL,NULL,'0',212,'2019-07-03',NULL,NULL),(1653,208,14,3,15,NULL,40.00,'P',NULL,NULL,'0',196,'2019-07-03',NULL,NULL),(1654,175,14,3,15,NULL,23.00,'P',NULL,NULL,'0',196,'2019-07-03',NULL,NULL),(1655,290,18,4,26,NULL,4.00,'F',NULL,NULL,'0',193,'2019-07-03',NULL,NULL),(1656,286,18,4,26,NULL,21.00,'P',NULL,NULL,'0',193,'2019-07-03',NULL,NULL),(1657,296,18,4,26,NULL,39.00,'P',NULL,NULL,'0',193,'2019-07-03',NULL,NULL),(1658,292,18,4,26,NULL,40.00,'P',NULL,NULL,'0',193,'2019-07-03',NULL,NULL),(1659,741,34,8,57,NULL,38.00,'P',NULL,NULL,'0',212,'2019-07-03',NULL,NULL),(1660,269,18,4,26,NULL,23.00,'P',NULL,NULL,'0',193,'2019-07-03',NULL,NULL),(1661,181,14,3,15,NULL,17.00,'P',NULL,NULL,'0',196,'2019-07-03',NULL,NULL),(1662,299,18,4,26,NULL,40.00,'P',NULL,NULL,'0',193,'2019-07-03',NULL,NULL),(1663,270,18,4,26,NULL,23.00,'P',NULL,NULL,'0',193,'2019-07-03',NULL,NULL),(1664,266,18,4,26,NULL,10.00,'F',NULL,NULL,'0',193,'2019-07-03',NULL,NULL),(1665,282,18,4,26,NULL,18.00,'P',NULL,NULL,'0',193,'2019-07-03',NULL,NULL),(1666,750,34,8,57,NULL,11.00,'F',NULL,NULL,'0',212,'2019-07-03',NULL,NULL),(1667,274,18,4,26,NULL,20.00,'P',NULL,NULL,'0',193,'2019-07-03',NULL,NULL),(1668,273,18,4,26,NULL,32.00,'P',NULL,NULL,'0',193,'2019-07-03',NULL,NULL),(1669,206,14,3,15,NULL,39.00,'P',NULL,NULL,'0',196,'2019-07-03',NULL,NULL),(1670,288,18,4,26,NULL,37.00,'P',NULL,NULL,'0',193,'2019-07-03',NULL,NULL),(1671,271,18,4,26,NULL,35.00,'P',NULL,NULL,'0',193,'2019-07-03',NULL,NULL),(1672,195,14,3,15,NULL,39.00,'P',NULL,NULL,'0',196,'2019-07-03',NULL,NULL),(1673,295,18,4,26,NULL,24.00,'P',NULL,NULL,'0',193,'2019-07-03',NULL,NULL),(1674,766,34,8,57,NULL,47.00,'P',NULL,NULL,'0',212,'2019-07-03',NULL,NULL),(1675,301,18,4,26,NULL,37.00,'P',NULL,NULL,'0',193,'2019-07-03',NULL,NULL),(1676,4,8,2,7,NULL,32.00,'P',NULL,NULL,'0',181,'2019-07-03',NULL,NULL),(1677,265,18,4,26,NULL,38.00,'P',NULL,NULL,'0',193,'2019-07-03',NULL,NULL),(1678,192,14,3,15,NULL,33.00,'P',NULL,NULL,'0',196,'2019-07-03',NULL,NULL),(1679,759,34,8,57,NULL,34.00,'P',NULL,NULL,'0',212,'2019-07-03',NULL,NULL),(1680,289,18,4,26,NULL,24.00,'P',NULL,NULL,'0',193,'2019-07-03',NULL,NULL),(1681,272,18,4,26,NULL,8.00,'F',NULL,NULL,'0',193,'2019-07-03',NULL,NULL),(1682,33,8,2,7,NULL,37.00,'P',NULL,NULL,'0',181,'2019-07-03',NULL,NULL),(1683,205,14,3,15,NULL,24.00,'P',NULL,NULL,'0',196,'2019-07-03',NULL,NULL),(1684,285,18,4,26,NULL,34.00,'P',NULL,NULL,'0',193,'2019-07-03',NULL,NULL),(1685,264,18,4,26,NULL,32.00,'P',NULL,NULL,'0',193,'2019-07-03',NULL,NULL),(1686,739,34,8,57,NULL,32.00,'P',NULL,NULL,'0',212,'2019-07-03',NULL,NULL),(1687,6,8,2,7,NULL,40.00,'P',NULL,NULL,'0',181,'2019-07-03',NULL,NULL),(1688,200,14,3,15,NULL,40.00,'P',NULL,NULL,'0',196,'2019-07-03',NULL,NULL),(1689,280,18,4,26,NULL,35.00,'P',NULL,NULL,'0',193,'2019-07-03',NULL,NULL),(1690,302,18,4,26,NULL,38.00,'P',NULL,NULL,'0',193,'2019-07-03',NULL,NULL),(1691,7,8,2,7,NULL,40.00,'P',NULL,NULL,'0',181,'2019-07-03',NULL,NULL),(1692,291,18,4,26,NULL,17.00,'P',NULL,NULL,'0',193,'2019-07-03',NULL,NULL),(1693,760,34,8,57,NULL,32.00,'P',NULL,NULL,'0',212,'2019-07-03',NULL,NULL),(1694,198,14,3,15,NULL,40.00,'P',NULL,NULL,'0',196,'2019-07-03',NULL,NULL),(1695,300,18,4,26,NULL,32.00,'P',NULL,NULL,'0',193,'2019-07-03',NULL,NULL),(1696,278,18,4,26,NULL,6.00,'F',NULL,NULL,'0',193,'2019-07-03',NULL,NULL),(1697,34,8,2,7,NULL,0.00,'F',NULL,NULL,'1',181,'2019-07-03',NULL,NULL),(1698,210,14,3,15,NULL,32.00,'P',NULL,NULL,'0',196,'2019-07-03',NULL,NULL),(1699,275,18,4,26,NULL,19.00,'P',NULL,NULL,'0',193,'2019-07-03',NULL,NULL),(1700,297,18,4,26,NULL,28.00,'P',NULL,NULL,'0',193,'2019-07-03',NULL,NULL),(1701,769,34,8,57,NULL,24.00,'P',NULL,NULL,'0',212,'2019-07-03',NULL,NULL),(1702,263,18,4,26,NULL,0.00,'F',NULL,NULL,'0',193,'2019-07-03',NULL,NULL),(1703,182,14,3,15,NULL,18.00,'P',NULL,NULL,'0',196,'2019-07-03',NULL,NULL),(1704,283,18,4,26,NULL,29.00,'P',NULL,NULL,'0',193,'2019-07-03',NULL,NULL),(1705,24,8,2,7,NULL,40.00,'P',NULL,NULL,'0',181,'2019-07-03',NULL,NULL),(1706,298,18,4,26,NULL,39.00,'P',NULL,NULL,'0',193,'2019-07-03',NULL,NULL),(1707,193,14,3,15,NULL,36.00,'P',NULL,NULL,'0',196,'2019-07-03',NULL,NULL),(1708,277,18,4,26,NULL,39.00,'P',NULL,NULL,'0',193,'2019-07-03',193,'2019-07-03'),(1709,268,18,4,26,NULL,28.00,'P',NULL,NULL,'0',193,'2019-07-03',193,'2019-07-03'),(1710,17,8,2,7,NULL,40.00,'P',NULL,NULL,'0',181,'2019-07-03',NULL,NULL),(1711,293,18,4,26,NULL,26.00,'P',NULL,NULL,'0',193,'2019-07-03',193,'2019-07-03'),(1712,764,34,8,57,NULL,25.00,'P',NULL,NULL,'0',212,'2019-07-03',NULL,NULL),(1713,304,18,4,26,NULL,29.00,'P',NULL,NULL,'0',193,'2019-07-03',193,'2019-07-03'),(1714,204,14,3,15,NULL,35.00,'P',NULL,NULL,'0',196,'2019-07-03',NULL,NULL),(1715,294,18,4,26,NULL,5.00,'F',NULL,NULL,'0',193,'2019-07-03',193,'2019-07-03'),(1716,11,8,2,7,NULL,38.00,'P',NULL,NULL,'0',181,'2019-07-03',NULL,NULL),(1717,267,18,4,26,NULL,21.00,'P',NULL,NULL,'0',193,'2019-07-03',193,'2019-07-03'),(1718,189,14,3,15,NULL,10.00,'F',NULL,NULL,'0',196,'2019-07-03',NULL,NULL),(1719,287,18,4,26,NULL,27.00,'P',NULL,NULL,'0',193,'2019-07-03',193,'2019-07-03'),(1720,32,8,2,7,NULL,36.00,'P',NULL,NULL,'0',181,'2019-07-03',NULL,NULL),(1721,284,18,4,26,NULL,37.00,'P',NULL,NULL,'0',193,'2019-07-03',193,'2019-07-03'),(1722,202,14,3,15,NULL,40.00,'P',NULL,NULL,'0',196,'2019-07-03',NULL,NULL),(1723,15,8,2,7,NULL,40.00,'P',NULL,NULL,'0',181,'2019-07-03',NULL,NULL),(1724,281,18,4,26,NULL,38.00,'P',NULL,NULL,'0',193,'2019-07-03',193,'2019-07-03'),(1725,191,14,3,15,NULL,22.00,'P',NULL,NULL,'0',196,'2019-07-03',NULL,NULL),(1726,754,34,8,57,NULL,36.00,'P',NULL,NULL,'0',212,'2019-07-03',NULL,NULL),(1727,5,8,2,7,NULL,39.00,'P',NULL,NULL,'0',181,'2019-07-03',NULL,NULL),(1728,187,14,3,15,NULL,38.00,'P',NULL,NULL,'0',196,'2019-07-03',NULL,NULL),(1729,276,18,4,26,NULL,32.00,'P',NULL,NULL,'0',193,'2019-07-03',193,'2019-07-03'),(1730,30,8,2,7,NULL,36.00,'P',NULL,NULL,'0',181,'2019-07-03',NULL,NULL),(1731,752,34,8,57,NULL,45.00,'P',NULL,NULL,'0',212,'2019-07-03',NULL,NULL),(1732,13,8,2,7,NULL,40.00,'P',NULL,NULL,'0',181,'2019-07-03',NULL,NULL),(1733,194,14,3,15,NULL,35.00,'P',NULL,NULL,'0',196,'2019-07-03',NULL,NULL),(1734,27,8,2,7,NULL,37.00,'P',NULL,NULL,'0',181,'2019-07-03',NULL,NULL),(1735,199,14,3,15,NULL,40.00,'P',NULL,NULL,'0',196,'2019-07-03',NULL,NULL),(1736,736,34,8,57,NULL,27.00,'P',NULL,NULL,'0',212,'2019-07-03',NULL,NULL),(1737,29,8,2,7,NULL,35.00,'P',NULL,NULL,'0',181,'2019-07-03',NULL,NULL),(1738,196,14,3,15,NULL,7.00,'F',NULL,NULL,'0',196,'2019-07-03',NULL,NULL),(1739,3,8,2,7,NULL,26.00,'P',NULL,NULL,'0',181,'2019-07-03',NULL,NULL),(1740,776,34,8,57,NULL,36.00,'P',NULL,NULL,'0',212,'2019-07-03',NULL,NULL),(1741,9,8,2,7,NULL,33.00,'P',NULL,NULL,'0',181,'2019-07-03',NULL,NULL),(1742,183,14,3,15,NULL,40.00,'P',NULL,NULL,'0',196,'2019-07-03',NULL,NULL),(1743,279,18,4,26,NULL,25.00,'P',NULL,NULL,'0',193,'2019-07-03',NULL,NULL),(1744,21,8,2,7,NULL,40.00,'P',NULL,NULL,'0',181,'2019-07-03',NULL,NULL),(1745,303,18,4,26,NULL,11.00,'F',NULL,NULL,'0',193,'2019-07-03',NULL,NULL),(1746,185,14,3,15,NULL,38.00,'P',NULL,NULL,'0',196,'2019-07-03',NULL,NULL),(1747,10,8,2,7,NULL,40.00,'P',NULL,NULL,'0',181,'2019-07-03',NULL,NULL),(1748,749,34,8,57,NULL,0.00,'F',NULL,NULL,'1',212,'2019-07-03',212,'2019-07-03'),(1749,307,18,4,26,NULL,34.00,'P',NULL,NULL,'0',193,'2019-07-03',NULL,NULL),(1750,16,8,2,7,NULL,40.00,'P',NULL,NULL,'0',181,'2019-07-03',NULL,NULL),(1751,306,18,4,26,NULL,34.00,'P',NULL,NULL,'0',193,'2019-07-03',NULL,NULL),(1752,28,8,2,7,NULL,40.00,'P',NULL,NULL,'0',181,'2019-07-03',NULL,NULL),(1753,174,14,3,15,NULL,30.00,'P',NULL,NULL,'0',196,'2019-07-03',NULL,NULL),(1754,305,18,4,26,NULL,31.00,'P',NULL,NULL,'0',193,'2019-07-03',NULL,NULL),(1755,308,18,4,26,NULL,19.00,'P',NULL,NULL,'0',193,'2019-07-03',NULL,NULL),(1756,309,18,4,26,NULL,3.00,'F',NULL,NULL,'0',193,'2019-07-03',NULL,NULL),(1757,26,8,2,7,NULL,30.00,'P',NULL,NULL,'0',181,'2019-07-03',NULL,NULL),(1758,310,18,4,26,NULL,12.00,'P',NULL,NULL,'0',193,'2019-07-03',NULL,NULL),(1759,1,8,2,7,NULL,40.00,'P',NULL,NULL,'0',181,'2019-07-03',NULL,NULL),(1760,18,8,2,7,NULL,20.00,'P',NULL,NULL,'0',181,'2019-07-03',NULL,NULL),(1761,37,8,2,7,NULL,33.00,'P',NULL,NULL,'0',181,'2019-07-03',NULL,NULL),(1762,12,8,2,7,NULL,0.00,'F',NULL,NULL,'1',181,'2019-07-03',NULL,NULL),(1763,763,34,8,57,NULL,26.00,'P',NULL,NULL,'0',212,'2019-07-03',NULL,NULL),(1764,43,8,2,7,NULL,23.00,'P',NULL,NULL,'0',181,'2019-07-03',NULL,NULL),(1765,25,8,2,7,NULL,30.00,'P',NULL,NULL,'0',181,'2019-07-03',NULL,NULL),(1766,201,14,3,15,NULL,39.00,'P',NULL,NULL,'0',196,'2019-07-03',NULL,NULL),(1767,23,8,2,7,NULL,28.00,'P',NULL,NULL,'0',181,'2019-07-03',NULL,NULL),(1768,742,34,8,57,NULL,29.00,'P',NULL,NULL,'0',212,'2019-07-03',NULL,NULL),(1769,44,8,2,7,NULL,34.00,'P',NULL,NULL,'0',181,'2019-07-03',NULL,NULL),(1770,184,14,3,15,NULL,27.00,'P',NULL,NULL,'0',196,'2019-07-03',NULL,NULL),(1771,758,34,8,57,NULL,39.00,'P',NULL,NULL,'0',212,'2019-07-03',NULL,NULL),(1772,14,8,2,7,NULL,40.00,'P',NULL,NULL,'0',181,'2019-07-03',NULL,NULL),(1773,203,14,3,15,NULL,40.00,'P',NULL,NULL,'0',196,'2019-07-03',NULL,NULL),(1774,31,8,2,7,NULL,40.00,'P',NULL,NULL,'0',181,'2019-07-03',NULL,NULL),(1775,2,8,2,7,NULL,31.00,'P',NULL,NULL,'0',181,'2019-07-03',NULL,NULL),(1776,19,8,2,7,NULL,39.00,'P',NULL,NULL,'0',181,'2019-07-03',NULL,NULL),(1777,186,14,3,15,NULL,16.00,'P',NULL,NULL,'0',196,'2019-07-03',NULL,NULL),(1778,762,34,8,57,NULL,47.00,'P',NULL,NULL,'0',212,'2019-07-03',NULL,NULL),(1779,8,8,2,7,NULL,23.00,'P',NULL,NULL,'0',181,'2019-07-03',NULL,NULL),(1780,22,8,2,7,NULL,11.00,'F',NULL,NULL,'0',181,'2019-07-03',NULL,NULL),(1781,188,14,3,15,NULL,40.00,'P',NULL,NULL,'0',196,'2019-07-03',NULL,NULL),(1782,20,8,2,7,NULL,0.00,'F',NULL,NULL,'1',181,'2019-07-03',NULL,NULL),(1783,743,34,8,57,NULL,9.00,'F',NULL,NULL,'0',212,'2019-07-03',NULL,NULL),(1784,177,14,3,15,NULL,24.00,'P',NULL,NULL,'0',196,'2019-07-03',NULL,NULL),(1785,38,8,2,7,NULL,27.00,'P',NULL,NULL,'0',181,'2019-07-03',NULL,NULL),(1786,756,34,8,57,NULL,41.00,'P',NULL,NULL,'0',212,'2019-07-03',NULL,NULL),(1787,214,14,3,15,NULL,18.00,'P',NULL,NULL,'0',196,'2019-07-03',NULL,NULL),(1788,35,8,2,7,NULL,40.00,'P',NULL,NULL,'0',181,'2019-07-03',NULL,NULL),(1789,40,8,2,7,NULL,29.00,'P',NULL,NULL,'0',181,'2019-07-03',NULL,NULL),(1790,213,14,3,15,NULL,36.00,'P',NULL,NULL,'0',196,'2019-07-03',NULL,NULL),(1791,41,8,2,7,NULL,37.00,'P',NULL,NULL,'0',181,'2019-07-03',NULL,NULL),(1792,740,34,8,57,NULL,27.00,'P',NULL,NULL,'0',212,'2019-07-03',NULL,NULL),(1793,42,8,2,7,NULL,0.00,'F',NULL,NULL,'1',181,'2019-07-03',NULL,NULL),(1794,211,14,3,15,NULL,22.00,'P',NULL,NULL,'0',196,'2019-07-03',NULL,NULL),(1795,36,8,2,7,NULL,22.00,'P',NULL,NULL,'0',181,'2019-07-03',NULL,NULL),(1796,39,8,2,7,NULL,25.00,'P',NULL,NULL,'0',181,'2019-07-03',NULL,NULL),(1797,209,14,3,15,NULL,37.00,'P',NULL,NULL,'0',196,'2019-07-03',NULL,NULL),(1798,212,14,3,15,NULL,40.00,'P',NULL,NULL,'0',196,'2019-07-03',NULL,NULL),(1799,747,34,8,57,NULL,29.00,'P',NULL,NULL,'0',212,'2019-07-03',NULL,NULL),(1800,748,34,8,57,NULL,37.00,'P',NULL,NULL,'0',212,'2019-07-03',NULL,NULL),(1801,737,34,8,57,NULL,41.00,'P',NULL,NULL,'0',212,'2019-07-03',NULL,NULL),(1802,770,34,8,57,NULL,38.00,'P',NULL,NULL,'0',212,'2019-07-03',NULL,NULL),(1803,557,25,6,44,NULL,21.00,'P',NULL,NULL,'0',193,'2019-07-03',NULL,NULL),(1804,755,34,8,57,NULL,42.00,'P',NULL,NULL,'0',212,'2019-07-03',NULL,NULL),(1805,79,9,2,7,NULL,40.00,'P',NULL,NULL,'0',181,'2019-07-03',NULL,NULL),(1806,547,25,6,44,NULL,39.00,'P',NULL,NULL,'0',193,'2019-07-03',NULL,NULL),(1807,554,25,6,44,NULL,9.00,'F',NULL,NULL,'0',193,'2019-07-03',NULL,NULL),(1808,761,34,8,57,NULL,32.00,'P',NULL,NULL,'0',212,'2019-07-03',NULL,NULL),(1809,560,25,6,44,NULL,27.00,'P',NULL,NULL,'0',193,'2019-07-03',NULL,NULL),(1810,549,25,6,44,NULL,31.00,'P',NULL,NULL,'0',193,'2019-07-03',NULL,NULL),(1811,545,25,6,44,NULL,28.00,'P',NULL,NULL,'0',193,'2019-07-03',NULL,NULL),(1812,572,25,6,44,NULL,40.00,'P',NULL,NULL,'0',193,'2019-07-03',NULL,NULL),(1813,768,34,8,57,NULL,8.00,'F',NULL,NULL,'0',212,'2019-07-03',NULL,NULL),(1814,64,9,2,7,NULL,36.00,'P',NULL,NULL,'0',181,'2019-07-03',NULL,NULL),(1815,543,25,6,44,NULL,37.00,'P',NULL,NULL,'0',193,'2019-07-03',NULL,NULL),(1816,62,9,2,7,NULL,40.00,'P',NULL,NULL,'0',181,'2019-07-03',NULL,NULL),(1817,550,25,6,44,NULL,36.00,'P',NULL,NULL,'0',193,'2019-07-03',NULL,NULL),(1818,561,25,6,44,NULL,20.00,'P',NULL,NULL,'0',193,'2019-07-03',NULL,NULL),(1819,52,9,2,7,NULL,34.00,'P',NULL,NULL,'0',181,'2019-07-03',NULL,NULL),(1820,553,25,6,44,NULL,22.00,'P',NULL,NULL,'0',193,'2019-07-03',NULL,NULL),(1821,765,34,8,57,NULL,25.00,'P',NULL,NULL,'0',212,'2019-07-03',NULL,NULL),(1822,83,9,2,7,NULL,27.00,'P',NULL,NULL,'0',181,'2019-07-03',NULL,NULL),(1823,567,25,6,44,NULL,14.00,'P',NULL,NULL,'0',193,'2019-07-03',NULL,NULL),(1824,566,25,6,44,NULL,40.00,'P',NULL,NULL,'0',193,'2019-07-03',NULL,NULL),(1825,555,25,6,44,NULL,33.00,'P',NULL,NULL,'0',193,'2019-07-03',NULL,NULL),(1826,546,25,6,44,NULL,15.00,'P',NULL,NULL,'0',193,'2019-07-03',NULL,NULL),(1827,772,34,8,57,NULL,37.00,'P',NULL,NULL,'0',212,'2019-07-03',NULL,NULL),(1828,569,25,6,44,NULL,17.00,'P',NULL,NULL,'0',193,'2019-07-03',NULL,NULL),(1829,568,25,6,44,NULL,16.00,'P',NULL,NULL,'0',193,'2019-07-03',NULL,NULL),(1830,767,34,8,57,NULL,29.00,'P',NULL,NULL,'0',212,'2019-07-03',NULL,NULL),(1831,565,25,6,44,NULL,34.00,'P',NULL,NULL,'0',193,'2019-07-03',NULL,NULL),(1832,571,25,6,44,NULL,34.00,'P',NULL,NULL,'0',193,'2019-07-03',NULL,NULL),(1833,544,25,6,44,NULL,14.00,'P',NULL,NULL,'0',193,'2019-07-03',NULL,NULL),(1834,559,25,6,44,NULL,35.00,'P',NULL,NULL,'0',193,'2019-07-03',NULL,NULL),(1835,774,34,8,57,NULL,26.00,'P',NULL,NULL,'0',212,'2019-07-03',NULL,NULL),(1836,564,25,6,44,NULL,32.00,'P',NULL,NULL,'0',193,'2019-07-03',193,'2019-07-03'),(1837,563,25,6,44,NULL,23.00,'P',NULL,NULL,'0',193,'2019-07-03',NULL,NULL),(1838,746,34,8,57,NULL,23.00,'P',NULL,NULL,'0',212,'2019-07-03',NULL,NULL),(1839,570,25,6,44,NULL,24.00,'P',NULL,NULL,'0',193,'2019-07-03',NULL,NULL),(1840,551,25,6,44,NULL,20.00,'P',NULL,NULL,'0',193,'2019-07-03',NULL,NULL),(1841,558,25,6,44,NULL,21.00,'P',NULL,NULL,'0',193,'2019-07-03',NULL,NULL),(1842,552,25,6,44,NULL,17.00,'P',NULL,NULL,'0',193,'2019-07-03',NULL,NULL),(1843,50,9,2,7,NULL,32.00,'P',NULL,NULL,'0',181,'2019-07-03',NULL,NULL),(1844,76,9,2,7,NULL,37.00,'P',NULL,NULL,'0',181,'2019-07-03',NULL,NULL),(1845,574,25,6,44,NULL,23.00,'P',NULL,NULL,'0',193,'2019-07-03',NULL,NULL),(1846,556,25,6,44,NULL,34.00,'P',NULL,NULL,'0',193,'2019-07-03',NULL,NULL),(1847,745,34,8,57,NULL,37.00,'P',NULL,NULL,'0',212,'2019-07-03',NULL,NULL),(1848,548,25,6,44,NULL,40.00,'P',NULL,NULL,'0',193,'2019-07-03',NULL,NULL),(1849,562,25,6,44,NULL,40.00,'P',NULL,NULL,'0',193,'2019-07-03',NULL,NULL),(1850,69,9,2,7,NULL,0.00,'F',NULL,NULL,'1',181,'2019-07-03',NULL,NULL),(1851,577,25,6,44,NULL,24.00,'P',NULL,NULL,'0',193,'2019-07-03',NULL,NULL),(1852,738,34,8,57,NULL,45.00,'P',NULL,NULL,'0',212,'2019-07-03',NULL,NULL),(1853,576,25,6,44,NULL,40.00,'P',NULL,NULL,'0',193,'2019-07-03',NULL,NULL),(1854,573,25,6,44,NULL,37.00,'P',NULL,NULL,'0',193,'2019-07-03',NULL,NULL),(1855,51,9,2,7,NULL,35.00,'P',NULL,NULL,'0',181,'2019-07-03',NULL,NULL),(1856,61,9,2,7,NULL,35.00,'P',NULL,NULL,'0',181,'2019-07-03',NULL,NULL),(1857,575,25,6,44,NULL,39.00,'P',NULL,NULL,'0',193,'2019-07-03',NULL,NULL),(1858,54,9,2,7,NULL,21.00,'P',NULL,NULL,'0',181,'2019-07-03',NULL,NULL),(1859,58,9,2,7,NULL,37.00,'P',NULL,NULL,'0',181,'2019-07-03',NULL,NULL),(1860,65,9,2,7,NULL,39.00,'P',NULL,NULL,'0',181,'2019-07-03',NULL,NULL),(1861,47,9,2,7,NULL,20.00,'P',NULL,NULL,'0',181,'2019-07-03',NULL,NULL),(1862,70,9,2,7,NULL,15.00,'P',NULL,NULL,'0',181,'2019-07-03',NULL,NULL),(1863,68,9,2,7,NULL,37.00,'P',NULL,NULL,'0',181,'2019-07-03',NULL,NULL),(1864,57,9,2,7,NULL,39.00,'P',NULL,NULL,'0',181,'2019-07-03',NULL,NULL),(1865,46,9,2,7,NULL,36.00,'P',NULL,NULL,'0',181,'2019-07-03',NULL,NULL),(1866,73,9,2,7,NULL,38.00,'P',NULL,NULL,'0',181,'2019-07-03',NULL,NULL),(1867,60,9,2,7,NULL,40.00,'P',NULL,NULL,'0',181,'2019-07-03',NULL,NULL),(1868,71,9,2,7,NULL,40.00,'P',NULL,NULL,'0',181,'2019-07-03',NULL,NULL),(1869,49,9,2,7,NULL,40.00,'P',NULL,NULL,'0',181,'2019-07-03',NULL,NULL),(1870,53,9,2,7,NULL,36.00,'P',NULL,NULL,'0',181,'2019-07-03',NULL,NULL),(1871,771,34,8,57,NULL,41.00,'P',NULL,NULL,'0',212,'2019-07-03',NULL,NULL),(1872,45,9,2,7,NULL,36.00,'P',NULL,NULL,'0',181,'2019-07-03',NULL,NULL),(1873,72,9,2,7,NULL,35.00,'P',NULL,NULL,'0',181,'2019-07-03',NULL,NULL),(1874,81,9,2,7,NULL,37.00,'P',NULL,NULL,'0',181,'2019-07-03',NULL,NULL),(1875,80,9,2,7,NULL,35.00,'P',NULL,NULL,'0',181,'2019-07-03',NULL,NULL),(1876,751,34,8,57,NULL,37.00,'P',NULL,NULL,'0',212,'2019-07-03',NULL,NULL),(1877,78,9,2,7,NULL,34.00,'P',NULL,NULL,'0',181,'2019-07-03',NULL,NULL),(1878,74,9,2,7,NULL,40.00,'P',NULL,NULL,'0',181,'2019-07-03',NULL,NULL),(1879,67,9,2,7,NULL,39.00,'P',NULL,NULL,'0',181,'2019-07-03',NULL,NULL),(1880,59,9,2,7,NULL,29.00,'P',NULL,NULL,'0',181,'2019-07-03',NULL,NULL),(1881,757,34,8,57,NULL,43.00,'P',NULL,NULL,'0',212,'2019-07-03',NULL,NULL),(1882,75,9,2,7,NULL,31.00,'P',NULL,NULL,'0',181,'2019-07-03',NULL,NULL),(1883,63,9,2,7,NULL,26.00,'P',NULL,NULL,'0',181,'2019-07-03',NULL,NULL),(1884,55,9,2,7,NULL,38.00,'P',NULL,NULL,'0',181,'2019-07-03',NULL,NULL),(1885,56,9,2,7,NULL,37.00,'P',NULL,NULL,'0',181,'2019-07-03',NULL,NULL),(1886,779,34,8,57,NULL,31.00,'P',NULL,NULL,'0',212,'2019-07-03',NULL,NULL),(1887,77,9,2,7,NULL,39.00,'P',NULL,NULL,'0',181,'2019-07-03',NULL,NULL),(1888,66,9,2,7,NULL,40.00,'P',NULL,NULL,'0',181,'2019-07-03',NULL,NULL),(1889,84,9,2,7,NULL,39.00,'P',NULL,NULL,'0',181,'2019-07-03',NULL,NULL),(1890,780,34,8,57,NULL,36.00,'P',NULL,NULL,'0',212,'2019-07-03',NULL,NULL),(1891,85,9,2,7,NULL,36.00,'P',NULL,NULL,'0',181,'2019-07-03',NULL,NULL),(1892,86,9,2,7,NULL,35.00,'P',NULL,NULL,'0',181,'2019-07-03',NULL,NULL),(1893,87,9,2,7,NULL,34.00,'P',NULL,NULL,'0',181,'2019-07-03',NULL,NULL),(1894,88,9,2,7,NULL,28.00,'P',NULL,NULL,'0',181,'2019-07-03',NULL,NULL),(1895,781,34,8,57,NULL,29.00,'P',NULL,NULL,'0',212,'2019-07-03',NULL,NULL),(1896,82,9,2,7,NULL,26.00,'P',NULL,NULL,'0',181,'2019-07-03',NULL,NULL),(1897,48,9,2,7,NULL,30.00,'P',NULL,NULL,'0',181,'2019-07-03',NULL,NULL),(1898,773,34,8,57,NULL,41.00,'P',NULL,NULL,'0',212,'2019-07-03',NULL,NULL),(1899,777,34,8,57,NULL,42.00,'P',NULL,NULL,'0',212,'2019-07-03',NULL,NULL),(1900,89,10,2,7,NULL,40.00,'P',NULL,NULL,'0',181,'2019-07-03',NULL,NULL),(1901,109,10,2,7,NULL,39.00,'P',NULL,NULL,'0',181,'2019-07-03',181,'2019-07-03'),(1902,778,34,8,57,NULL,19.00,'P',NULL,NULL,'0',212,'2019-07-03',NULL,NULL),(1903,113,10,2,7,NULL,40.00,'P',NULL,NULL,'0',181,'2019-07-03',NULL,NULL),(1904,112,10,2,7,NULL,36.00,'P',NULL,NULL,'0',181,'2019-07-03',NULL,NULL),(1905,94,10,2,7,NULL,0.00,'F',NULL,NULL,'1',181,'2019-07-03',NULL,NULL),(1906,744,34,8,57,NULL,49.00,'P',NULL,NULL,'0',212,'2019-07-03',NULL,NULL),(1907,782,34,8,57,NULL,11.00,'F',NULL,NULL,'0',212,'2019-07-03',NULL,NULL),(1908,119,10,2,7,NULL,33.00,'P',NULL,NULL,'0',181,'2019-07-03',NULL,NULL),(1909,111,10,2,7,NULL,28.00,'P',NULL,NULL,'0',181,'2019-07-03',NULL,NULL),(1910,108,10,2,7,NULL,17.00,'P',NULL,NULL,'0',181,'2019-07-03',NULL,NULL),(1911,107,10,2,7,NULL,0.00,'F',NULL,NULL,'1',181,'2019-07-03',NULL,NULL),(1912,124,10,2,7,NULL,23.00,'P',NULL,NULL,'0',181,'2019-07-03',NULL,NULL),(1913,110,10,2,7,NULL,40.00,'P',NULL,NULL,'0',181,'2019-07-03',NULL,NULL),(1914,102,10,2,7,NULL,19.00,'P',NULL,NULL,'0',181,'2019-07-03',NULL,NULL),(1915,116,10,2,7,NULL,40.00,'P',NULL,NULL,'0',181,'2019-07-03',NULL,NULL),(1916,92,10,2,7,NULL,40.00,'P',NULL,NULL,'0',181,'2019-07-03',NULL,NULL),(1917,118,10,2,7,NULL,39.00,'P',NULL,NULL,'0',181,'2019-07-03',NULL,NULL),(1918,123,10,2,7,NULL,39.00,'P',NULL,NULL,'0',181,'2019-07-03',NULL,NULL),(1919,117,10,2,7,NULL,40.00,'P',NULL,NULL,'0',181,'2019-07-03',NULL,NULL),(1920,98,10,2,7,NULL,40.00,'P',NULL,NULL,'0',181,'2019-07-03',NULL,NULL),(1921,115,10,2,7,NULL,40.00,'P',NULL,NULL,'0',181,'2019-07-03',NULL,NULL),(1922,104,10,2,7,NULL,17.00,'P',NULL,NULL,'0',181,'2019-07-03',NULL,NULL),(1923,120,10,2,7,NULL,39.00,'P',NULL,NULL,'0',181,'2019-07-03',NULL,NULL),(1924,96,10,2,7,NULL,32.00,'P',NULL,NULL,'0',181,'2019-07-03',NULL,NULL),(1925,100,10,2,7,NULL,25.00,'P',NULL,NULL,'0',181,'2019-07-03',NULL,NULL),(1926,121,10,2,7,NULL,34.00,'P',NULL,NULL,'0',181,'2019-07-03',NULL,NULL),(1927,105,10,2,7,NULL,37.00,'P',NULL,NULL,'0',181,'2019-07-03',NULL,NULL),(1928,103,10,2,7,NULL,38.00,'P',NULL,NULL,'0',181,'2019-07-03',NULL,NULL),(1929,128,10,2,7,NULL,34.00,'P',NULL,NULL,'0',181,'2019-07-03',NULL,NULL),(1930,99,10,2,7,NULL,40.00,'P',NULL,NULL,'0',181,'2019-07-03',NULL,NULL),(1931,122,10,2,7,NULL,20.00,'P',NULL,NULL,'0',181,'2019-07-03',NULL,NULL),(1932,125,10,2,7,NULL,40.00,'P',NULL,NULL,'0',181,'2019-07-03',NULL,NULL),(1933,664,30,7,49,NULL,17.00,'P',NULL,NULL,'0',212,'2019-07-03',NULL,NULL),(1934,91,10,2,7,NULL,36.00,'P',NULL,NULL,'0',181,'2019-07-03',NULL,NULL),(1935,97,10,2,7,NULL,40.00,'P',NULL,NULL,'0',181,'2019-07-03',NULL,NULL),(1936,101,10,2,7,NULL,32.00,'P',NULL,NULL,'0',181,'2019-07-03',NULL,NULL),(1937,679,30,7,49,NULL,29.00,'P',NULL,NULL,'0',212,'2019-07-03',NULL,NULL),(1938,95,10,2,7,NULL,15.00,'P',NULL,NULL,'0',181,'2019-07-03',NULL,NULL),(1939,114,10,2,7,NULL,38.00,'P',NULL,NULL,'0',181,'2019-07-03',NULL,NULL),(1940,106,10,2,7,NULL,33.00,'P',NULL,NULL,'0',181,'2019-07-03',NULL,NULL),(1941,684,30,7,49,NULL,31.00,'P',NULL,NULL,'0',212,'2019-07-03',NULL,NULL),(1942,90,10,2,7,NULL,39.00,'P',NULL,NULL,'0',181,'2019-07-03',NULL,NULL),(1943,126,10,2,7,NULL,19.00,'P',NULL,NULL,'0',181,'2019-07-03',NULL,NULL),(1944,130,10,2,7,NULL,38.00,'P',NULL,NULL,'0',181,'2019-07-03',NULL,NULL),(1945,680,30,7,49,NULL,26.00,'P',NULL,NULL,'0',212,'2019-07-03',NULL,NULL),(1946,131,10,2,7,NULL,23.00,'P',NULL,NULL,'0',181,'2019-07-03',NULL,NULL),(1947,132,10,2,7,NULL,31.00,'P',NULL,NULL,'0',181,'2019-07-03',NULL,NULL),(1948,127,10,2,7,NULL,23.00,'P',NULL,NULL,'0',181,'2019-07-03',NULL,NULL),(1949,129,10,2,7,NULL,16.00,'P',NULL,NULL,'0',181,'2019-07-03',NULL,NULL),(1950,674,30,7,49,NULL,18.00,'P',NULL,NULL,'0',212,'2019-07-03',NULL,NULL),(1951,93,10,2,7,NULL,34.00,'P',NULL,NULL,'0',181,'2019-07-03',NULL,NULL),(1952,133,10,2,7,NULL,35.00,'P',NULL,NULL,'0',181,'2019-07-03',NULL,NULL),(1953,669,30,7,49,NULL,19.00,'P',NULL,NULL,'0',212,'2019-07-03',NULL,NULL),(1954,662,30,7,49,NULL,30.00,'P',NULL,NULL,'0',212,'2019-07-03',NULL,NULL),(1955,685,30,7,49,NULL,9.00,'F',NULL,NULL,'0',212,'2019-07-03',NULL,NULL),(1956,678,30,7,49,NULL,40.00,'P',NULL,NULL,'0',212,'2019-07-03',NULL,NULL),(1957,155,13,3,16,NULL,36.00,'P',NULL,NULL,'0',181,'2019-07-03',NULL,NULL),(1958,141,13,3,16,NULL,35.00,'P',NULL,NULL,'0',181,'2019-07-03',NULL,NULL),(1959,667,30,7,49,NULL,30.00,'P',NULL,NULL,'0',212,'2019-07-03',NULL,NULL),(1960,150,13,3,16,NULL,34.00,'P',NULL,NULL,'0',181,'2019-07-03',NULL,NULL),(1961,142,13,3,16,NULL,34.00,'P',NULL,NULL,'0',181,'2019-07-03',NULL,NULL),(1962,169,13,3,16,NULL,32.00,'P',NULL,NULL,'0',181,'2019-07-03',NULL,NULL),(1963,146,13,3,16,NULL,25.00,'P',NULL,NULL,'0',181,'2019-07-03',NULL,NULL),(1964,682,30,7,49,NULL,12.00,'F',NULL,NULL,'0',212,'2019-07-03',NULL,NULL),(1965,136,13,3,16,NULL,19.00,'P',NULL,NULL,'0',181,'2019-07-03',NULL,NULL),(1966,139,13,3,16,NULL,23.00,'P',NULL,NULL,'0',181,'2019-07-03',NULL,NULL),(1967,153,13,3,16,NULL,34.00,'P',NULL,NULL,'0',181,'2019-07-03',NULL,NULL),(1968,167,13,3,16,NULL,17.00,'P',NULL,NULL,'0',181,'2019-07-03',NULL,NULL),(1969,651,30,7,49,NULL,27.00,'P',NULL,NULL,'0',212,'2019-07-03',NULL,NULL),(1970,165,13,3,16,NULL,29.00,'P',NULL,NULL,'0',181,'2019-07-03',NULL,NULL),(1971,154,13,3,16,NULL,28.00,'P',NULL,NULL,'0',181,'2019-07-03',NULL,NULL),(1972,149,13,3,16,NULL,20.00,'P',NULL,NULL,'0',181,'2019-07-03',NULL,NULL),(1973,656,30,7,49,NULL,43.00,'P',NULL,NULL,'0',212,'2019-07-03',NULL,NULL),(1974,152,13,3,16,NULL,36.00,'P',NULL,NULL,'0',181,'2019-07-03',NULL,NULL),(1975,138,13,3,16,NULL,29.00,'P',NULL,NULL,'0',181,'2019-07-03',NULL,NULL),(1976,137,13,3,16,NULL,28.00,'P',NULL,NULL,'0',181,'2019-07-03',NULL,NULL),(1977,144,13,3,16,NULL,0.00,'F',NULL,NULL,'1',181,'2019-07-03',NULL,NULL),(1978,657,30,7,49,NULL,13.00,'F',NULL,NULL,'0',212,'2019-07-03',NULL,NULL),(1979,162,13,3,16,NULL,33.00,'P',NULL,NULL,'0',181,'2019-07-03',NULL,NULL),(1980,134,13,3,16,NULL,28.00,'P',NULL,NULL,'0',181,'2019-07-03',NULL,NULL),(1981,140,13,3,16,NULL,32.00,'P',NULL,NULL,'0',181,'2019-07-03',NULL,NULL),(1982,158,13,3,16,NULL,31.00,'P',NULL,NULL,'0',181,'2019-07-03',NULL,NULL),(1983,677,30,7,49,NULL,49.00,'P',NULL,NULL,'0',212,'2019-07-03',NULL,NULL),(1984,157,13,3,16,NULL,33.00,'P',NULL,NULL,'0',181,'2019-07-03',NULL,NULL),(1985,166,13,3,16,NULL,15.00,'P',NULL,NULL,'0',181,'2019-07-03',NULL,NULL),(1986,151,13,3,16,NULL,27.00,'P',NULL,NULL,'0',181,'2019-07-03',NULL,NULL),(1987,671,30,7,49,NULL,35.00,'P',NULL,NULL,'0',212,'2019-07-03',NULL,NULL),(1988,147,13,3,16,NULL,17.00,'P',NULL,NULL,'0',181,'2019-07-03',NULL,NULL),(1989,164,13,3,16,NULL,31.00,'P',NULL,NULL,'0',181,'2019-07-03',NULL,NULL),(1990,673,30,7,49,NULL,27.00,'P',NULL,NULL,'0',212,'2019-07-03',NULL,NULL),(1991,156,13,3,16,NULL,21.00,'P',NULL,NULL,'0',181,'2019-07-03',NULL,NULL),(1992,163,13,3,16,NULL,25.00,'P',NULL,NULL,'0',181,'2019-07-03',NULL,NULL),(1993,653,30,7,49,NULL,30.00,'P',NULL,NULL,'0',212,'2019-07-03',NULL,NULL),(1994,143,13,3,16,NULL,34.00,'P',NULL,NULL,'0',181,'2019-07-03',NULL,NULL),(1995,172,13,3,16,NULL,17.00,'P',NULL,NULL,'0',181,'2019-07-03',NULL,NULL),(1996,135,13,3,16,NULL,40.00,'P',NULL,NULL,'0',181,'2019-07-03',NULL,NULL),(1997,652,30,7,49,NULL,21.00,'P',NULL,NULL,'0',212,'2019-07-03',NULL,NULL),(1998,148,13,3,16,NULL,7.00,'F',NULL,NULL,'0',181,'2019-07-03',NULL,NULL),(1999,160,13,3,16,NULL,39.00,'P',NULL,NULL,'0',181,'2019-07-03',NULL,NULL),(2000,658,30,7,49,NULL,26.00,'P',NULL,NULL,'0',212,'2019-07-03',NULL,NULL),(2001,161,13,3,16,NULL,9.00,'F',NULL,NULL,'0',181,'2019-07-03',NULL,NULL),(2002,159,13,3,16,NULL,34.00,'P',NULL,NULL,'0',181,'2019-07-03',NULL,NULL),(2003,668,30,7,49,NULL,30.00,'P',NULL,NULL,'0',212,'2019-07-03',NULL,NULL),(2004,145,13,3,16,NULL,18.00,'P',NULL,NULL,'0',181,'2019-07-03',NULL,NULL),(2005,170,13,3,16,NULL,35.00,'P',NULL,NULL,'0',181,'2019-07-03',NULL,NULL),(2006,171,13,3,16,NULL,39.00,'P',NULL,NULL,'0',181,'2019-07-03',NULL,NULL),(2007,665,30,7,49,NULL,41.00,'P',NULL,NULL,'0',212,'2019-07-03',NULL,NULL),(2008,168,13,3,16,NULL,23.00,'P',NULL,NULL,'0',181,'2019-07-03',NULL,NULL),(2009,173,13,3,16,NULL,40.00,'P',NULL,NULL,'0',181,'2019-07-03',NULL,NULL),(2010,676,30,7,49,NULL,25.00,'P',NULL,NULL,'0',212,'2019-07-03',NULL,NULL),(2011,681,30,7,49,NULL,46.00,'P',NULL,NULL,'0',212,'2019-07-03',NULL,NULL),(2012,178,14,3,16,NULL,31.00,'P',NULL,NULL,'0',181,'2019-07-03',NULL,NULL),(2013,207,14,3,16,NULL,38.00,'P',NULL,NULL,'0',181,'2019-07-03',NULL,NULL),(2014,176,14,3,16,NULL,23.00,'P',NULL,NULL,'0',181,'2019-07-03',NULL,NULL),(2015,197,14,3,16,NULL,28.00,'P',NULL,NULL,'0',181,'2019-07-03',NULL,NULL),(2016,672,30,7,49,NULL,29.00,'P',NULL,NULL,'0',212,'2019-07-03',NULL,NULL),(2017,190,14,3,16,NULL,33.00,'P',NULL,NULL,'0',181,'2019-07-03',NULL,NULL),(2018,179,14,3,16,NULL,38.00,'P',NULL,NULL,'0',181,'2019-07-03',NULL,NULL),(2019,180,14,3,16,NULL,30.00,'P',NULL,NULL,'0',181,'2019-07-03',NULL,NULL),(2020,208,14,3,16,NULL,38.00,'P',NULL,NULL,'0',181,'2019-07-03',NULL,NULL),(2021,175,14,3,16,NULL,30.00,'P',NULL,NULL,'0',181,'2019-07-03',NULL,NULL),(2022,661,30,7,49,NULL,29.00,'P',NULL,NULL,'0',212,'2019-07-03',NULL,NULL),(2023,181,14,3,16,NULL,0.00,'F',NULL,NULL,'1',181,'2019-07-03',NULL,NULL),(2024,206,14,3,16,NULL,37.00,'P',NULL,NULL,'0',181,'2019-07-03',NULL,NULL),(2025,195,14,3,16,NULL,38.00,'P',NULL,NULL,'0',181,'2019-07-03',NULL,NULL),(2026,670,30,7,49,NULL,49.00,'P',NULL,NULL,'0',212,'2019-07-03',NULL,NULL),(2027,192,14,3,16,NULL,35.00,'P',NULL,NULL,'0',181,'2019-07-03',NULL,NULL),(2028,205,14,3,16,NULL,27.00,'P',NULL,NULL,'0',181,'2019-07-03',NULL,NULL),(2029,200,14,3,16,NULL,31.00,'P',NULL,NULL,'0',181,'2019-07-03',NULL,NULL),(2030,198,14,3,16,NULL,28.00,'P',NULL,NULL,'0',181,'2019-07-03',NULL,NULL),(2031,210,14,3,16,NULL,32.00,'P',NULL,NULL,'0',181,'2019-07-03',NULL,NULL),(2032,182,14,3,16,NULL,18.00,'P',NULL,NULL,'0',181,'2019-07-03',NULL,NULL),(2033,655,30,7,49,NULL,41.00,'P',NULL,NULL,'0',212,'2019-07-03',NULL,NULL),(2034,193,14,3,16,NULL,29.00,'P',NULL,NULL,'0',181,'2019-07-03',NULL,NULL),(2035,204,14,3,16,NULL,32.00,'P',NULL,NULL,'0',181,'2019-07-03',NULL,NULL),(2036,189,14,3,16,NULL,14.00,'P',NULL,NULL,'0',181,'2019-07-03',NULL,NULL),(2037,202,14,3,16,NULL,39.00,'P',NULL,NULL,'0',181,'2019-07-03',NULL,NULL),(2038,191,14,3,16,NULL,31.00,'P',NULL,NULL,'0',181,'2019-07-03',NULL,NULL),(2039,660,30,7,49,NULL,24.00,'P',NULL,NULL,'0',212,'2019-07-03',NULL,NULL),(2040,187,14,3,16,NULL,34.00,'P',NULL,NULL,'0',181,'2019-07-03',NULL,NULL),(2041,194,14,3,16,NULL,35.00,'P',NULL,NULL,'0',181,'2019-07-03',NULL,NULL),(2042,199,14,3,16,NULL,38.00,'P',NULL,NULL,'0',181,'2019-07-03',NULL,NULL),(2043,196,14,3,16,NULL,27.00,'P',NULL,NULL,'0',181,'2019-07-03',NULL,NULL),(2044,183,14,3,16,NULL,29.00,'P',NULL,NULL,'0',181,'2019-07-03',NULL,NULL),(2045,185,14,3,16,NULL,38.00,'P',NULL,NULL,'0',181,'2019-07-03',NULL,NULL),(2046,659,30,7,49,NULL,34.00,'P',NULL,NULL,'0',212,'2019-07-03',NULL,NULL),(2047,174,14,3,16,NULL,34.00,'P',NULL,NULL,'0',181,'2019-07-03',NULL,NULL),(2048,675,30,7,49,NULL,49.00,'P',NULL,NULL,'0',212,'2019-07-03',NULL,NULL),(2049,201,14,3,16,NULL,22.00,'P',NULL,NULL,'0',181,'2019-07-03',NULL,NULL),(2050,184,14,3,16,NULL,35.00,'P',NULL,NULL,'0',181,'2019-07-03',NULL,NULL),(2051,203,14,3,16,NULL,38.00,'P',NULL,NULL,'0',181,'2019-07-03',NULL,NULL),(2052,186,14,3,16,NULL,27.00,'P',NULL,NULL,'0',181,'2019-07-03',NULL,NULL),(2053,663,30,7,49,NULL,28.00,'P',NULL,NULL,'0',212,'2019-07-03',NULL,NULL),(2054,188,14,3,16,NULL,26.00,'P',NULL,NULL,'0',181,'2019-07-03',NULL,NULL),(2055,177,14,3,16,NULL,32.00,'P',NULL,NULL,'0',181,'2019-07-03',NULL,NULL),(2056,214,14,3,16,NULL,34.00,'P',NULL,NULL,'0',181,'2019-07-03',NULL,NULL),(2057,213,14,3,16,NULL,33.00,'P',NULL,NULL,'0',181,'2019-07-03',NULL,NULL),(2058,654,30,7,49,NULL,43.00,'P',NULL,NULL,'0',212,'2019-07-03',NULL,NULL),(2059,211,14,3,16,NULL,37.00,'P',NULL,NULL,'0',181,'2019-07-03',NULL,NULL),(2060,209,14,3,16,NULL,37.00,'P',NULL,NULL,'0',181,'2019-07-03',NULL,NULL),(2061,212,14,3,16,NULL,39.00,'P',NULL,NULL,'0',181,'2019-07-03',NULL,NULL),(2062,687,30,7,49,NULL,34.00,'P',NULL,NULL,'0',212,'2019-07-03',NULL,NULL),(2063,686,30,7,49,NULL,14.00,'F',NULL,NULL,'0',212,'2019-07-03',NULL,NULL),(2064,683,30,7,49,NULL,48.00,'P',NULL,NULL,'0',212,'2019-07-03',NULL,NULL),(2065,666,30,7,49,NULL,15.00,'F',NULL,NULL,'0',212,'2019-07-03',NULL,NULL),(2066,235,17,4,25,NULL,13.00,'P',NULL,NULL,'0',181,'2019-07-03',NULL,NULL),(2067,245,17,4,25,NULL,20.00,'P',NULL,NULL,'0',181,'2019-07-03',NULL,NULL),(2068,221,17,4,25,NULL,17.00,'P',NULL,NULL,'0',181,'2019-07-03',NULL,NULL),(2069,688,30,7,49,NULL,33.00,'P',NULL,NULL,'0',212,'2019-07-03',NULL,NULL),(2070,216,17,4,25,NULL,13.00,'P',NULL,NULL,'0',181,'2019-07-03',NULL,NULL),(2071,217,17,4,25,NULL,22.00,'P',NULL,NULL,'0',181,'2019-07-03',NULL,NULL),(2072,239,17,4,25,NULL,38.00,'P',NULL,NULL,'0',181,'2019-07-03',NULL,NULL),(2073,253,17,4,25,NULL,19.00,'P',NULL,NULL,'0',181,'2019-07-03',NULL,NULL),(2074,225,17,4,25,NULL,33.00,'P',NULL,NULL,'0',181,'2019-07-03',NULL,NULL),(2075,224,17,4,25,NULL,33.00,'P',NULL,NULL,'0',181,'2019-07-03',NULL,NULL),(2076,229,17,4,25,NULL,24.00,'P',NULL,NULL,'0',181,'2019-07-03',NULL,NULL),(2077,223,17,4,25,NULL,12.00,'P',NULL,NULL,'0',181,'2019-07-03',NULL,NULL),(2078,256,17,4,25,NULL,22.00,'P',NULL,NULL,'0',181,'2019-07-03',NULL,NULL),(2079,244,17,4,25,NULL,14.00,'P',NULL,NULL,'0',181,'2019-07-03',NULL,NULL),(2080,251,17,4,25,NULL,10.00,'F',NULL,NULL,'0',181,'2019-07-03',NULL,NULL),(2081,249,17,4,25,NULL,32.00,'P',NULL,NULL,'0',181,'2019-07-03',NULL,NULL),(2082,236,17,4,25,NULL,15.00,'P',NULL,NULL,'0',181,'2019-07-03',NULL,NULL),(2083,255,17,4,25,NULL,15.00,'P',NULL,NULL,'0',181,'2019-07-03',NULL,NULL),(2084,219,17,4,25,NULL,32.00,'P',NULL,NULL,'0',181,'2019-07-03',NULL,NULL),(2085,222,17,4,25,NULL,11.00,'F',NULL,NULL,'0',181,'2019-07-03',NULL,NULL),(2086,252,17,4,25,NULL,12.00,'P',NULL,NULL,'0',181,'2019-07-03',NULL,NULL),(2087,227,17,4,25,NULL,25.00,'P',NULL,NULL,'0',181,'2019-07-03',NULL,NULL),(2088,230,17,4,25,NULL,33.00,'P',NULL,NULL,'0',181,'2019-07-03',NULL,NULL),(2089,233,17,4,25,NULL,24.00,'P',NULL,NULL,'0',181,'2019-07-03',NULL,NULL),(2090,240,17,4,25,NULL,16.00,'P',NULL,NULL,'0',181,'2019-07-03',NULL,NULL),(2091,248,17,4,25,NULL,10.00,'F',NULL,NULL,'0',181,'2019-07-03',NULL,NULL),(2092,254,17,4,25,NULL,33.00,'P',NULL,NULL,'0',181,'2019-07-03',NULL,NULL),(2093,215,17,4,25,NULL,21.00,'P',NULL,NULL,'0',181,'2019-07-03',NULL,NULL),(2094,218,17,4,25,NULL,20.00,'P',NULL,NULL,'0',181,'2019-07-03',NULL,NULL),(2095,246,17,4,25,NULL,32.00,'P',NULL,NULL,'0',181,'2019-07-03',NULL,NULL),(2096,231,17,4,25,NULL,10.00,'F',NULL,NULL,'0',181,'2019-07-03',NULL,NULL),(2097,241,17,4,25,NULL,8.00,'F',NULL,NULL,'0',181,'2019-07-03',NULL,NULL),(2098,250,17,4,25,NULL,11.00,'F',NULL,NULL,'0',181,'2019-07-03',NULL,NULL),(2099,238,17,4,25,NULL,36.00,'P',NULL,NULL,'0',181,'2019-07-03',NULL,NULL),(2100,237,17,4,25,NULL,36.00,'P',NULL,NULL,'0',181,'2019-07-03',NULL,NULL),(2101,228,17,4,25,NULL,12.00,'P',NULL,NULL,'0',181,'2019-07-03',NULL,NULL),(2102,232,17,4,25,NULL,6.00,'F',NULL,NULL,'0',181,'2019-07-03',NULL,NULL),(2103,242,17,4,25,NULL,26.00,'P',NULL,NULL,'0',181,'2019-07-03',NULL,NULL),(2104,226,17,4,25,NULL,32.00,'P',NULL,NULL,'0',181,'2019-07-03',NULL,NULL),(2105,605,26,6,39,NULL,5.00,'F',NULL,NULL,'0',212,'2019-07-03',NULL,NULL),(2106,258,17,4,25,NULL,21.00,'P',NULL,NULL,'0',181,'2019-07-03',NULL,NULL),(2107,220,17,4,25,NULL,16.00,'P',NULL,NULL,'0',181,'2019-07-03',NULL,NULL),(2108,243,17,4,25,NULL,38.00,'P',NULL,NULL,'0',181,'2019-07-03',NULL,NULL),(2109,234,17,4,25,NULL,28.00,'P',NULL,NULL,'0',181,'2019-07-03',NULL,NULL),(2110,593,26,6,39,NULL,12.00,'P',NULL,NULL,'0',212,'2019-07-03',NULL,NULL),(2111,247,17,4,25,NULL,34.00,'P',NULL,NULL,'0',181,'2019-07-03',NULL,NULL),(2112,259,17,4,25,NULL,30.00,'P',NULL,NULL,'0',181,'2019-07-03',NULL,NULL),(2113,257,17,4,25,NULL,26.00,'P',NULL,NULL,'0',181,'2019-07-03',NULL,NULL),(2114,260,17,4,25,NULL,34.00,'P',NULL,NULL,'0',181,'2019-07-03',NULL,NULL),(2115,581,26,6,39,NULL,31.00,'P',NULL,NULL,'0',212,'2019-07-03',NULL,NULL),(2116,261,17,4,25,NULL,13.00,'P',NULL,NULL,'0',181,'2019-07-03',NULL,NULL),(2117,262,17,4,25,NULL,30.00,'P',NULL,NULL,'0',181,'2019-07-03',NULL,NULL),(2118,596,26,6,39,NULL,21.00,'P',NULL,NULL,'0',212,'2019-07-03',NULL,NULL),(2119,585,26,6,39,NULL,37.00,'P',NULL,NULL,'0',212,'2019-07-03',NULL,NULL),(2120,290,18,4,25,NULL,14.00,'P',NULL,NULL,'0',181,'2019-07-03',NULL,NULL),(2121,286,18,4,25,NULL,34.00,'P',NULL,NULL,'0',181,'2019-07-03',NULL,NULL),(2122,296,18,4,25,NULL,39.00,'P',NULL,NULL,'0',181,'2019-07-03',NULL,NULL),(2123,591,26,6,39,NULL,4.00,'F',NULL,NULL,'0',212,'2019-07-03',NULL,NULL),(2124,292,18,4,25,NULL,39.00,'P',NULL,NULL,'0',181,'2019-07-03',NULL,NULL),(2125,269,18,4,25,NULL,16.00,'P',NULL,NULL,'0',181,'2019-07-03',NULL,NULL),(2126,299,18,4,25,NULL,36.00,'P',NULL,NULL,'0',181,'2019-07-03',NULL,NULL),(2127,270,18,4,25,NULL,18.00,'P',NULL,NULL,'0',181,'2019-07-03',NULL,NULL),(2128,598,26,6,39,NULL,26.00,'P',NULL,NULL,'0',212,'2019-07-03',NULL,NULL),(2129,266,18,4,25,NULL,13.00,'P',NULL,NULL,'0',181,'2019-07-03',NULL,NULL),(2130,282,18,4,25,NULL,19.00,'P',NULL,NULL,'0',181,'2019-07-03',NULL,NULL),(2131,274,18,4,25,NULL,16.00,'P',NULL,NULL,'0',181,'2019-07-03',NULL,NULL),(2132,587,26,6,39,NULL,26.00,'P',NULL,NULL,'0',212,'2019-07-03',NULL,NULL),(2133,273,18,4,25,NULL,31.00,'P',NULL,NULL,'0',181,'2019-07-03',NULL,NULL),(2134,288,18,4,25,NULL,31.00,'P',NULL,NULL,'0',181,'2019-07-03',NULL,NULL),(2135,271,18,4,25,NULL,29.00,'P',NULL,NULL,'0',181,'2019-07-03',NULL,NULL),(2136,295,18,4,25,NULL,16.00,'P',NULL,NULL,'0',181,'2019-07-03',NULL,NULL),(2137,604,26,6,39,NULL,25.00,'P',NULL,NULL,'0',212,'2019-07-03',NULL,NULL),(2138,301,18,4,25,NULL,37.00,'P',NULL,NULL,'0',181,'2019-07-03',NULL,NULL),(2139,265,18,4,25,NULL,39.00,'P',NULL,NULL,'0',181,'2019-07-03',NULL,NULL),(2140,289,18,4,25,NULL,16.00,'P',NULL,NULL,'0',181,'2019-07-03',NULL,NULL),(2141,272,18,4,25,NULL,9.00,'F',NULL,NULL,'0',181,'2019-07-03',NULL,NULL),(2142,580,26,6,39,NULL,30.00,'P',NULL,NULL,'0',212,'2019-07-03',NULL,NULL),(2143,285,18,4,25,NULL,28.00,'P',NULL,NULL,'0',181,'2019-07-03',NULL,NULL),(2144,264,18,4,25,NULL,37.00,'P',NULL,NULL,'0',181,'2019-07-03',NULL,NULL),(2145,280,18,4,25,NULL,22.00,'P',NULL,NULL,'0',181,'2019-07-03',181,'2019-07-03'),(2146,302,18,4,25,NULL,38.00,'P',NULL,NULL,'0',181,'2019-07-03',NULL,NULL),(2147,595,26,6,39,NULL,30.00,'P',NULL,NULL,'0',212,'2019-07-03',NULL,NULL),(2148,578,26,6,39,NULL,14.00,'P',NULL,NULL,'0',212,'2019-07-03',NULL,NULL),(2149,600,26,6,39,NULL,19.00,'P',NULL,NULL,'0',212,'2019-07-03',NULL,NULL),(2150,291,18,4,25,NULL,18.00,'P',NULL,NULL,'0',181,'2019-07-03',NULL,NULL),(2151,300,18,4,25,NULL,21.00,'P',NULL,NULL,'0',181,'2019-07-03',NULL,NULL),(2152,601,26,6,39,NULL,14.00,'P',NULL,NULL,'0',212,'2019-07-03',NULL,NULL),(2153,278,18,4,25,NULL,14.00,'P',NULL,NULL,'0',181,'2019-07-03',NULL,NULL),(2154,275,18,4,25,NULL,13.00,'P',NULL,NULL,'0',181,'2019-07-03',NULL,NULL),(2155,297,18,4,25,NULL,24.00,'P',NULL,NULL,'0',181,'2019-07-03',NULL,NULL),(2156,263,18,4,25,NULL,11.00,'F',NULL,NULL,'0',181,'2019-07-03',NULL,NULL),(2157,592,26,6,39,NULL,4.00,'F',NULL,NULL,'0',212,'2019-07-03',NULL,NULL),(2158,283,18,4,25,NULL,27.00,'P',NULL,NULL,'0',181,'2019-07-03',NULL,NULL),(2159,298,18,4,25,NULL,34.00,'P',NULL,NULL,'0',181,'2019-07-03',NULL,NULL),(2160,277,18,4,25,NULL,37.00,'P',NULL,NULL,'0',181,'2019-07-03',NULL,NULL),(2161,579,26,6,39,NULL,1.00,'F',NULL,NULL,'0',212,'2019-07-03',NULL,NULL),(2162,268,18,4,25,NULL,20.00,'P',NULL,NULL,'0',181,'2019-07-03',NULL,NULL),(2163,293,18,4,25,NULL,23.00,'P',NULL,NULL,'0',181,'2019-07-03',NULL,NULL),(2164,304,18,4,25,NULL,33.00,'P',NULL,NULL,'0',181,'2019-07-03',NULL,NULL),(2165,584,26,6,39,NULL,8.00,'F',NULL,NULL,'0',212,'2019-07-03',NULL,NULL),(2166,294,18,4,25,NULL,11.00,'F',NULL,NULL,'0',181,'2019-07-03',NULL,NULL),(2167,267,18,4,25,NULL,20.00,'P',NULL,NULL,'0',181,'2019-07-03',NULL,NULL),(2168,287,18,4,25,NULL,25.00,'P',NULL,NULL,'0',181,'2019-07-03',NULL,NULL),(2169,284,18,4,25,NULL,28.00,'P',NULL,NULL,'0',181,'2019-07-03',NULL,NULL),(2170,281,18,4,25,NULL,33.00,'P',NULL,NULL,'0',181,'2019-07-03',NULL,NULL),(2171,276,18,4,25,NULL,17.00,'P',NULL,NULL,'0',181,'2019-07-03',NULL,NULL),(2172,279,18,4,25,NULL,22.00,'P',NULL,NULL,'0',181,'2019-07-03',NULL,NULL),(2173,303,18,4,25,NULL,14.00,'P',NULL,NULL,'0',181,'2019-07-03',NULL,NULL),(2174,307,18,4,25,NULL,26.00,'P',NULL,NULL,'0',181,'2019-07-03',NULL,NULL),(2175,306,18,4,25,NULL,23.00,'P',NULL,NULL,'0',181,'2019-07-03',NULL,NULL),(2176,305,18,4,25,NULL,25.00,'P',NULL,NULL,'0',181,'2019-07-03',NULL,NULL),(2177,594,26,6,39,NULL,15.00,'P',NULL,NULL,'0',212,'2019-07-03',NULL,NULL),(2178,308,18,4,25,NULL,19.00,'P',NULL,NULL,'0',181,'2019-07-03',NULL,NULL),(2179,309,18,4,25,NULL,9.00,'F',NULL,NULL,'0',181,'2019-07-03',NULL,NULL),(2180,310,18,4,25,NULL,16.00,'P',NULL,NULL,'0',181,'2019-07-03',NULL,NULL),(2181,582,26,6,39,NULL,14.00,'P',NULL,NULL,'0',212,'2019-07-03',NULL,NULL),(2182,602,26,6,39,NULL,21.00,'P',NULL,NULL,'0',212,'2019-07-03',NULL,NULL),(2183,612,26,6,39,NULL,26.00,'P',NULL,NULL,'0',212,'2019-07-03',NULL,NULL),(2184,609,26,6,39,NULL,20.00,'P',NULL,NULL,'0',212,'2019-07-03',NULL,NULL),(2185,610,26,6,39,NULL,18.00,'P',NULL,NULL,'0',212,'2019-07-03',NULL,NULL),(2186,589,26,6,39,NULL,21.00,'P',NULL,NULL,'0',212,'2019-07-03',NULL,NULL),(2187,4,8,12,68,NULL,18.00,'P',NULL,NULL,'0',181,'2019-07-03',NULL,NULL),(2188,33,8,12,68,NULL,20.00,'P',NULL,NULL,'0',181,'2019-07-03',NULL,NULL),(2189,6,8,12,68,NULL,20.00,'P',NULL,NULL,'0',181,'2019-07-03',NULL,NULL),(2190,599,26,6,39,NULL,21.00,'P',NULL,NULL,'0',212,'2019-07-03',NULL,NULL),(2191,7,8,12,68,NULL,20.00,'P',NULL,NULL,'0',181,'2019-07-03',NULL,NULL),(2192,34,8,12,68,NULL,0.00,'F',NULL,NULL,'1',181,'2019-07-03',NULL,NULL),(2193,597,26,6,39,NULL,21.00,'P',NULL,NULL,'0',212,'2019-07-03',NULL,NULL),(2194,24,8,12,68,NULL,20.00,'P',NULL,NULL,'0',181,'2019-07-03',NULL,NULL),(2195,17,8,12,68,NULL,20.00,'P',NULL,NULL,'0',181,'2019-07-03',NULL,NULL),(2196,11,8,12,68,NULL,19.00,'P',NULL,NULL,'0',181,'2019-07-03',181,'2019-07-03'),(2197,603,26,6,39,NULL,29.00,'P',NULL,NULL,'0',212,'2019-07-03',NULL,NULL),(2198,32,8,12,68,NULL,20.00,'P',NULL,NULL,'0',181,'2019-07-03',NULL,NULL),(2199,15,8,12,68,NULL,20.00,'P',NULL,NULL,'0',181,'2019-07-03',NULL,NULL),(2200,5,8,12,68,NULL,19.00,'P',NULL,NULL,'0',181,'2019-07-03',NULL,NULL),(2201,586,26,6,39,NULL,22.00,'P',NULL,NULL,'0',212,'2019-07-03',NULL,NULL),(2202,30,8,12,68,NULL,19.00,'P',NULL,NULL,'0',181,'2019-07-03',NULL,NULL),(2203,13,8,12,68,NULL,20.00,'P',NULL,NULL,'0',181,'2019-07-03',NULL,NULL),(2204,27,8,12,68,NULL,20.00,'P',NULL,NULL,'0',181,'2019-07-03',NULL,NULL),(2205,590,26,6,39,NULL,26.00,'P',NULL,NULL,'0',212,'2019-07-03',NULL,NULL),(2206,29,8,12,68,NULL,20.00,'P',NULL,NULL,'0',181,'2019-07-03',NULL,NULL),(2207,3,8,12,68,NULL,20.00,'P',NULL,NULL,'0',181,'2019-07-03',NULL,NULL),(2208,9,8,12,68,NULL,20.00,'P',NULL,NULL,'0',181,'2019-07-03',NULL,NULL),(2209,583,26,6,39,NULL,11.00,'F',NULL,NULL,'0',212,'2019-07-03',NULL,NULL),(2210,588,26,6,39,NULL,26.00,'P',NULL,NULL,'0',212,'2019-07-03',NULL,NULL),(2211,611,26,6,39,NULL,14.00,'P',NULL,NULL,'0',212,'2019-07-03',NULL,NULL),(2212,21,8,12,68,NULL,20.00,'P',NULL,NULL,'0',181,'2019-07-03',NULL,NULL),(2213,10,8,12,68,NULL,20.00,'P',NULL,NULL,'0',181,'2019-07-03',181,'2019-07-03'),(2214,607,26,6,39,NULL,4.00,'F',NULL,NULL,'0',212,'2019-07-03',NULL,NULL),(2215,608,26,6,39,NULL,24.00,'P',NULL,NULL,'0',212,'2019-07-03',NULL,NULL),(2216,16,8,12,68,NULL,17.00,'P',NULL,NULL,'0',181,'2019-07-03',NULL,NULL),(2217,606,26,6,39,NULL,10.00,'F',NULL,NULL,'0',212,'2019-07-03',NULL,NULL),(2218,28,8,12,68,NULL,20.00,'P',NULL,NULL,'0',181,'2019-07-03',NULL,NULL),(2219,26,8,12,68,NULL,19.00,'P',NULL,NULL,'0',181,'2019-07-03',NULL,NULL),(2220,1,8,12,68,NULL,20.00,'P',NULL,NULL,'0',181,'2019-07-03',NULL,NULL),(2221,613,26,6,39,NULL,14.00,'P',NULL,NULL,'0',212,'2019-07-03',NULL,NULL),(2222,18,8,12,68,NULL,5.00,'F',NULL,NULL,'0',181,'2019-07-03',NULL,NULL),(2223,37,8,12,68,NULL,13.00,'P',NULL,NULL,'0',181,'2019-07-03',NULL,NULL),(2224,12,8,12,68,NULL,0.00,'F',NULL,NULL,'1',181,'2019-07-03',NULL,NULL),(2225,43,8,12,68,NULL,13.00,'P',NULL,NULL,'0',181,'2019-07-03',NULL,NULL),(2226,25,8,12,68,NULL,13.00,'P',NULL,NULL,'0',181,'2019-07-03',181,'2019-07-03'),(2227,23,8,12,68,NULL,7.00,'P',NULL,NULL,'0',181,'2019-07-03',NULL,NULL),(2228,44,8,12,68,NULL,19.00,'P',NULL,NULL,'0',181,'2019-07-03',181,'2019-07-03'),(2229,14,8,12,68,NULL,20.00,'P',NULL,NULL,'0',181,'2019-07-03',181,'2019-07-03'),(2230,31,8,12,68,NULL,19.00,'P',NULL,NULL,'0',181,'2019-07-03',181,'2019-07-03'),(2231,2,8,12,68,NULL,16.00,'P',NULL,NULL,'0',181,'2019-07-03',181,'2019-07-03'),(2232,19,8,12,68,NULL,19.00,'P',NULL,NULL,'0',181,'2019-07-03',181,'2019-07-03'),(2233,8,8,12,68,NULL,11.00,'P',NULL,NULL,'0',181,'2019-07-03',181,'2019-07-03'),(2234,20,8,12,68,NULL,0.00,'F',NULL,NULL,'1',181,'2019-07-03',181,'2019-07-03'),(2235,22,8,12,68,NULL,10.00,'P',NULL,NULL,'0',181,'2019-07-03',181,'2019-07-03'),(2236,38,8,12,68,NULL,17.00,'P',NULL,NULL,'0',181,'2019-07-03',181,'2019-07-03'),(2237,35,8,12,68,NULL,20.00,'P',NULL,NULL,'0',181,'2019-07-03',181,'2019-07-03'),(2238,40,8,12,68,NULL,18.00,'P',NULL,NULL,'0',181,'2019-07-03',181,'2019-07-03'),(2239,41,8,12,68,NULL,20.00,'P',NULL,NULL,'0',181,'2019-07-03',181,'2019-07-03'),(2240,42,8,12,68,NULL,19.00,'P',NULL,NULL,'0',181,'2019-07-03',181,'2019-07-03'),(2241,39,8,12,68,NULL,0.00,'F',NULL,NULL,'1',181,'2019-07-03',181,'2019-07-03'),(2242,36,8,12,68,NULL,15.00,'P',NULL,NULL,'0',181,'2019-07-03',181,'2019-07-03'),(2243,79,9,12,68,NULL,20.00,'P',NULL,NULL,'0',181,'2019-07-03',NULL,NULL),(2244,64,9,12,68,NULL,18.00,'P',NULL,NULL,'0',181,'2019-07-03',NULL,NULL),(2245,52,9,12,68,NULL,20.00,'P',NULL,NULL,'0',181,'2019-07-03',NULL,NULL),(2246,83,9,12,68,NULL,11.00,'P',NULL,NULL,'0',181,'2019-07-03',NULL,NULL),(2247,50,9,12,68,NULL,20.00,'P',NULL,NULL,'0',181,'2019-07-03',NULL,NULL),(2248,76,9,12,68,NULL,19.00,'P',NULL,NULL,'0',181,'2019-07-03',181,'2019-07-03'),(2249,69,9,12,68,NULL,0.00,'F',NULL,NULL,'1',181,'2019-07-03',NULL,NULL),(2250,51,9,12,68,NULL,9.00,'P',NULL,NULL,'0',181,'2019-07-03',NULL,NULL),(2251,61,9,12,68,NULL,5.00,'F',NULL,NULL,'0',181,'2019-07-03',181,'2019-07-03'),(2252,54,9,12,68,NULL,1.00,'F',NULL,NULL,'0',181,'2019-07-03',181,'2019-07-03'),(2253,58,9,12,68,NULL,18.00,'P',NULL,NULL,'0',181,'2019-07-03',181,'2019-07-03'),(2254,65,9,12,68,NULL,8.00,'P',NULL,NULL,'0',181,'2019-07-03',181,'2019-07-03'),(2255,47,9,12,68,NULL,18.00,'P',NULL,NULL,'0',181,'2019-07-03',181,'2019-07-03'),(2256,70,9,12,68,NULL,0.00,'F',NULL,NULL,'0',181,'2019-07-03',181,'2019-07-03'),(2257,68,9,12,68,NULL,19.00,'P',NULL,NULL,'0',181,'2019-07-03',NULL,NULL),(2258,57,9,12,68,NULL,19.00,'P',NULL,NULL,'0',181,'2019-07-03',181,'2019-07-03'),(2259,46,9,12,68,NULL,18.00,'P',NULL,NULL,'0',181,'2019-07-03',181,'2019-07-03'),(2260,73,9,12,68,NULL,18.00,'P',NULL,NULL,'0',181,'2019-07-03',181,'2019-07-03'),(2261,60,9,12,68,NULL,20.00,'P',NULL,NULL,'0',181,'2019-07-03',181,'2019-07-03'),(2262,71,9,12,68,NULL,20.00,'P',NULL,NULL,'0',181,'2019-07-03',NULL,NULL),(2263,49,9,12,68,NULL,20.00,'P',NULL,NULL,'0',181,'2019-07-03',181,'2019-07-03'),(2264,53,9,12,68,NULL,16.00,'P',NULL,NULL,'0',181,'2019-07-03',181,'2019-07-03'),(2265,45,9,12,68,NULL,20.00,'P',NULL,NULL,'0',181,'2019-07-03',NULL,NULL),(2266,72,9,12,68,NULL,20.00,'P',NULL,NULL,'0',181,'2019-07-03',NULL,NULL),(2267,81,9,12,68,NULL,20.00,'P',NULL,NULL,'0',181,'2019-07-03',181,'2019-07-03'),(2268,80,9,12,68,NULL,20.00,'P',NULL,NULL,'0',181,'2019-07-03',181,'2019-07-03'),(2269,78,9,12,68,NULL,14.00,'P',NULL,NULL,'0',181,'2019-07-03',NULL,NULL),(2270,74,9,12,68,NULL,17.00,'P',NULL,NULL,'0',181,'2019-07-03',NULL,NULL),(2271,67,9,12,68,NULL,9.00,'P',NULL,NULL,'0',181,'2019-07-03',NULL,NULL),(2272,59,9,12,68,NULL,17.00,'P',NULL,NULL,'0',181,'2019-07-03',NULL,NULL),(2273,75,9,12,68,NULL,19.00,'P',NULL,NULL,'0',181,'2019-07-03',NULL,NULL),(2274,63,9,12,68,NULL,15.00,'P',NULL,NULL,'0',181,'2019-07-03',NULL,NULL),(2275,55,9,12,68,NULL,19.00,'P',NULL,NULL,'0',181,'2019-07-03',NULL,NULL),(2276,56,9,12,68,NULL,14.00,'P',NULL,NULL,'0',181,'2019-07-03',NULL,NULL),(2277,77,9,12,68,NULL,16.00,'P',NULL,NULL,'0',181,'2019-07-03',NULL,NULL),(2278,66,9,12,68,NULL,16.00,'P',NULL,NULL,'0',181,'2019-07-03',NULL,NULL),(2279,84,9,12,68,NULL,20.00,'P',NULL,NULL,'0',181,'2019-07-03',NULL,NULL),(2280,85,9,12,68,NULL,19.00,'P',NULL,NULL,'0',181,'2019-07-03',NULL,NULL),(2281,86,9,12,68,NULL,13.00,'P',NULL,NULL,'0',181,'2019-07-03',NULL,NULL),(2282,87,9,12,68,NULL,20.00,'P',NULL,NULL,'0',181,'2019-07-03',NULL,NULL),(2283,88,9,12,68,NULL,15.00,'P',NULL,NULL,'0',181,'2019-07-03',NULL,NULL),(2284,82,9,12,68,NULL,17.00,'P',NULL,NULL,'0',181,'2019-07-03',NULL,NULL),(2285,48,9,12,68,NULL,0.00,'F',NULL,NULL,'1',181,'2019-07-03',NULL,NULL),(2286,89,10,12,68,NULL,20.00,'P',NULL,NULL,'0',181,'2019-07-03',NULL,NULL),(2287,109,10,12,68,NULL,20.00,'P',NULL,NULL,'0',181,'2019-07-03',181,'2019-07-03'),(2288,113,10,12,68,NULL,20.00,'P',NULL,NULL,'0',181,'2019-07-03',NULL,NULL),(2289,112,10,12,68,NULL,0.00,'F',NULL,NULL,'1',181,'2019-07-03',NULL,NULL),(2290,94,10,12,68,NULL,0.00,'F',NULL,NULL,'1',181,'2019-07-03',NULL,NULL),(2291,119,10,12,68,NULL,20.00,'P',NULL,NULL,'0',181,'2019-07-03',NULL,NULL),(2292,111,10,12,68,NULL,3.00,'F',NULL,NULL,'0',181,'2019-07-03',NULL,NULL),(2293,108,10,12,68,NULL,7.00,'P',NULL,NULL,'0',181,'2019-07-03',NULL,NULL),(2294,107,10,12,68,NULL,0.00,'F',NULL,NULL,'1',181,'2019-07-03',NULL,NULL),(2295,124,10,12,68,NULL,6.00,'F',NULL,NULL,'0',181,'2019-07-03',NULL,NULL),(2296,110,10,12,68,NULL,17.00,'P',NULL,NULL,'0',181,'2019-07-03',NULL,NULL),(2297,102,10,12,68,NULL,4.00,'F',NULL,NULL,'0',181,'2019-07-03',NULL,NULL),(2298,116,10,12,68,NULL,20.00,'P',NULL,NULL,'0',181,'2019-07-03',NULL,NULL),(2299,92,10,12,68,NULL,19.00,'P',NULL,NULL,'0',181,'2019-07-03',NULL,NULL),(2300,118,10,12,68,NULL,19.00,'P',NULL,NULL,'0',181,'2019-07-03',NULL,NULL),(2301,123,10,12,68,NULL,18.00,'P',NULL,NULL,'0',181,'2019-07-03',NULL,NULL),(2302,117,10,12,68,NULL,20.00,'P',NULL,NULL,'0',181,'2019-07-03',NULL,NULL),(2303,98,10,12,68,NULL,20.00,'P',NULL,NULL,'0',181,'2019-07-03',NULL,NULL),(2304,115,10,12,68,NULL,20.00,'P',NULL,NULL,'0',181,'2019-07-03',NULL,NULL),(2305,104,10,12,68,NULL,10.00,'P',NULL,NULL,'0',181,'2019-07-03',NULL,NULL),(2306,120,10,12,68,NULL,20.00,'P',NULL,NULL,'0',181,'2019-07-03',NULL,NULL),(2307,96,10,12,68,NULL,10.00,'P',NULL,NULL,'0',181,'2019-07-03',NULL,NULL),(2308,100,10,12,68,NULL,13.00,'P',NULL,NULL,'0',181,'2019-07-03',NULL,NULL),(2309,121,10,12,68,NULL,13.00,'P',NULL,NULL,'0',181,'2019-07-03',NULL,NULL),(2310,105,10,12,68,NULL,16.00,'P',NULL,NULL,'0',181,'2019-07-03',NULL,NULL),(2311,103,10,12,68,NULL,18.00,'P',NULL,NULL,'0',181,'2019-07-03',NULL,NULL),(2312,128,10,12,68,NULL,17.00,'P',NULL,NULL,'0',181,'2019-07-03',NULL,NULL),(2313,99,10,12,68,NULL,17.00,'P',NULL,NULL,'0',181,'2019-07-03',NULL,NULL),(2314,122,10,12,68,NULL,0.00,'F',NULL,NULL,'0',181,'2019-07-03',NULL,NULL),(2315,125,10,12,68,NULL,20.00,'P',NULL,NULL,'0',181,'2019-07-03',NULL,NULL),(2316,91,10,12,68,NULL,20.00,'P',NULL,NULL,'0',181,'2019-07-03',NULL,NULL),(2317,97,10,12,68,NULL,20.00,'P',NULL,NULL,'0',181,'2019-07-03',NULL,NULL),(2318,101,10,12,68,NULL,18.00,'P',NULL,NULL,'0',181,'2019-07-03',NULL,NULL),(2319,95,10,12,68,NULL,14.00,'P',NULL,NULL,'0',181,'2019-07-03',NULL,NULL),(2320,114,10,12,68,NULL,20.00,'P',NULL,NULL,'0',181,'2019-07-03',NULL,NULL),(2321,106,10,12,68,NULL,15.00,'P',NULL,NULL,'0',181,'2019-07-03',NULL,NULL),(2322,90,10,12,68,NULL,20.00,'P',NULL,NULL,'0',181,'2019-07-03',NULL,NULL),(2323,126,10,12,68,NULL,2.00,'F',NULL,NULL,'0',181,'2019-07-03',NULL,NULL),(2324,130,10,12,68,NULL,18.00,'P',NULL,NULL,'0',181,'2019-07-03',NULL,NULL),(2325,131,10,12,68,NULL,3.00,'F',NULL,NULL,'0',181,'2019-07-03',NULL,NULL),(2326,132,10,12,68,NULL,18.00,'P',NULL,NULL,'0',181,'2019-07-03',NULL,NULL),(2327,127,10,12,68,NULL,5.00,'F',NULL,NULL,'0',181,'2019-07-03',NULL,NULL),(2328,129,10,12,68,NULL,6.00,'F',NULL,NULL,'0',181,'2019-07-03',NULL,NULL),(2329,93,10,12,68,NULL,17.00,'P',NULL,NULL,'0',181,'2019-07-03',NULL,NULL),(2330,133,10,12,68,NULL,0.00,'F',NULL,NULL,'1',181,'2019-07-03',NULL,NULL),(2331,346,21,5,32,NULL,1.00,'F',NULL,NULL,'0',203,'2019-07-03',NULL,NULL),(2332,332,21,5,32,NULL,14.00,'P',NULL,NULL,'0',203,'2019-07-03',NULL,NULL),(2333,342,21,5,32,NULL,37.00,'P',NULL,NULL,'0',203,'2019-07-03',NULL,NULL),(2334,334,21,5,32,NULL,40.00,'P',NULL,NULL,'0',203,'2019-07-03',NULL,NULL),(2335,324,21,5,32,NULL,30.00,'P',NULL,NULL,'0',203,'2019-07-03',NULL,NULL),(2336,328,21,5,32,NULL,34.00,'P',NULL,NULL,'0',203,'2019-07-03',NULL,NULL),(2337,326,21,5,32,NULL,39.00,'P',NULL,NULL,'0',203,'2019-07-03',NULL,NULL),(2338,325,21,5,32,NULL,34.00,'P',NULL,NULL,'0',203,'2019-07-03',NULL,NULL),(2339,344,21,5,32,NULL,24.00,'P',NULL,NULL,'0',203,'2019-07-03',NULL,NULL),(2340,341,21,5,32,NULL,38.00,'P',NULL,NULL,'0',203,'2019-07-03',NULL,NULL),(2341,335,21,5,32,NULL,0.00,'F',NULL,NULL,'1',203,'2019-07-03',NULL,NULL),(2342,323,21,5,32,NULL,39.00,'P',NULL,NULL,'0',203,'2019-07-03',NULL,NULL),(2343,340,21,5,32,NULL,24.00,'P',NULL,NULL,'0',203,'2019-07-03',NULL,NULL),(2344,311,21,5,32,NULL,34.00,'P',NULL,NULL,'0',203,'2019-07-03',NULL,NULL),(2345,333,21,5,32,NULL,39.00,'P',NULL,NULL,'0',203,'2019-07-03',NULL,NULL),(2346,345,21,5,32,NULL,27.00,'P',NULL,NULL,'0',203,'2019-07-03',NULL,NULL),(2347,329,21,5,32,NULL,17.00,'P',NULL,NULL,'0',203,'2019-07-03',NULL,NULL),(2348,336,21,5,32,NULL,26.00,'P',NULL,NULL,'0',203,'2019-07-03',NULL,NULL),(2349,330,21,5,32,NULL,34.00,'P',NULL,NULL,'0',203,'2019-07-03',NULL,NULL),(2350,339,21,5,32,NULL,17.00,'P',NULL,NULL,'0',203,'2019-07-03',NULL,NULL),(2351,338,21,5,32,NULL,14.00,'P',NULL,NULL,'0',203,'2019-07-03',NULL,NULL),(2352,320,21,5,32,NULL,40.00,'P',NULL,NULL,'0',203,'2019-07-03',NULL,NULL),(2353,313,21,5,32,NULL,37.00,'P',NULL,NULL,'0',203,'2019-07-03',NULL,NULL),(2354,322,21,5,32,NULL,19.00,'P',NULL,NULL,'0',203,'2019-07-03',NULL,NULL),(2355,316,21,5,32,NULL,36.00,'P',NULL,NULL,'0',203,'2019-07-03',NULL,NULL),(2356,343,21,5,32,NULL,14.00,'P',NULL,NULL,'0',203,'2019-07-03',NULL,NULL),(2357,331,21,5,32,NULL,1.00,'F',NULL,NULL,'0',203,'2019-07-03',NULL,NULL),(2358,315,21,5,32,NULL,34.00,'P',NULL,NULL,'0',203,'2019-07-03',NULL,NULL),(2359,312,21,5,32,NULL,19.00,'P',NULL,NULL,'0',203,'2019-07-03',NULL,NULL),(2360,321,21,5,32,NULL,35.00,'P',NULL,NULL,'0',203,'2019-07-03',NULL,NULL),(2361,327,21,5,32,NULL,28.00,'P',NULL,NULL,'0',203,'2019-07-03',NULL,NULL),(2362,319,21,5,32,NULL,30.00,'P',NULL,NULL,'0',203,'2019-07-03',NULL,NULL),(2363,318,21,5,32,NULL,34.00,'P',NULL,NULL,'0',203,'2019-07-03',NULL,NULL),(2364,351,21,5,32,NULL,21.00,'P',NULL,NULL,'0',203,'2019-07-03',NULL,NULL),(2365,314,21,5,32,NULL,27.00,'P',NULL,NULL,'0',203,'2019-07-03',NULL,NULL),(2366,337,21,5,32,NULL,4.00,'F',NULL,NULL,'0',203,'2019-07-03',NULL,NULL),(2367,317,21,5,32,NULL,18.00,'P',NULL,NULL,'0',203,'2019-07-03',NULL,NULL),(2368,349,21,5,32,NULL,29.00,'P',NULL,NULL,'0',203,'2019-07-03',NULL,NULL),(2369,347,21,5,32,NULL,32.00,'P',NULL,NULL,'0',203,'2019-07-03',NULL,NULL),(2370,348,21,5,32,NULL,38.00,'P',NULL,NULL,'0',203,'2019-07-03',NULL,NULL),(2371,350,21,5,32,NULL,25.00,'P',NULL,NULL,'0',203,'2019-07-03',NULL,NULL),(2372,352,21,5,32,NULL,26.00,'P',NULL,NULL,'0',203,'2019-07-03',NULL,NULL),(2373,353,21,5,32,NULL,25.00,'P',NULL,NULL,'0',203,'2019-07-03',NULL,NULL),(2374,605,26,6,41,NULL,19.00,'P',NULL,NULL,'0',203,'2019-07-03',NULL,NULL),(2375,593,26,6,41,NULL,33.00,'P',NULL,NULL,'0',203,'2019-07-03',NULL,NULL),(2376,581,26,6,41,NULL,35.00,'P',NULL,NULL,'0',203,'2019-07-03',NULL,NULL),(2377,596,26,6,41,NULL,27.00,'P',NULL,NULL,'0',203,'2019-07-03',NULL,NULL),(2378,585,26,6,41,NULL,39.00,'P',NULL,NULL,'0',203,'2019-07-03',NULL,NULL),(2379,591,26,6,41,NULL,24.00,'P',NULL,NULL,'0',203,'2019-07-03',NULL,NULL),(2380,598,26,6,41,NULL,35.00,'P',NULL,NULL,'0',203,'2019-07-03',NULL,NULL),(2381,587,26,6,41,NULL,40.00,'P',NULL,NULL,'0',203,'2019-07-03',NULL,NULL),(2382,604,26,6,41,NULL,29.00,'P',NULL,NULL,'0',203,'2019-07-03',NULL,NULL),(2383,580,26,6,41,NULL,40.00,'P',NULL,NULL,'0',203,'2019-07-03',NULL,NULL),(2384,595,26,6,41,NULL,40.00,'P',NULL,NULL,'0',203,'2019-07-03',NULL,NULL),(2385,578,26,6,41,NULL,15.00,'P',NULL,NULL,'0',203,'2019-07-03',NULL,NULL),(2386,600,26,6,41,NULL,14.00,'P',NULL,NULL,'0',203,'2019-07-03',NULL,NULL),(2387,601,26,6,41,NULL,9.00,'F',NULL,NULL,'0',203,'2019-07-03',NULL,NULL),(2388,592,26,6,41,NULL,6.00,'F',NULL,NULL,'0',203,'2019-07-03',NULL,NULL),(2389,579,26,6,41,NULL,6.00,'F',NULL,NULL,'0',203,'2019-07-03',203,'2019-07-03'),(2390,584,26,6,41,NULL,19.00,'P',NULL,NULL,'0',203,'2019-07-03',203,'2019-07-03'),(2391,594,26,6,41,NULL,17.00,'P',NULL,NULL,'0',203,'2019-07-03',203,'2019-07-03'),(2392,582,26,6,41,NULL,37.00,'P',NULL,NULL,'0',203,'2019-07-03',203,'2019-07-03'),(2393,602,26,6,41,NULL,18.00,'P',NULL,NULL,'0',203,'2019-07-03',203,'2019-07-03'),(2394,612,26,6,41,NULL,20.00,'P',NULL,NULL,'0',203,'2019-07-03',203,'2019-07-03'),(2395,609,26,6,41,NULL,26.00,'P',NULL,NULL,'0',203,'2019-07-03',203,'2019-07-03'),(2396,610,26,6,41,NULL,34.00,'P',NULL,NULL,'0',203,'2019-07-03',203,'2019-07-03'),(2397,589,26,6,41,NULL,18.00,'P',NULL,NULL,'0',203,'2019-07-03',203,'2019-07-03'),(2398,599,26,6,41,NULL,22.00,'P',NULL,NULL,'0',203,'2019-07-03',203,'2019-07-03'),(2399,597,26,6,41,NULL,30.00,'P',NULL,NULL,'0',203,'2019-07-03',203,'2019-07-03'),(2400,603,26,6,41,NULL,40.00,'P',NULL,NULL,'0',203,'2019-07-03',203,'2019-07-03'),(2401,586,26,6,41,NULL,26.00,'P',NULL,NULL,'0',203,'2019-07-03',203,'2019-07-03'),(2402,590,26,6,41,NULL,31.00,'P',NULL,NULL,'0',203,'2019-07-03',203,'2019-07-03'),(2403,583,26,6,41,NULL,5.00,'F',NULL,NULL,'0',203,'2019-07-03',203,'2019-07-03'),(2404,588,26,6,41,NULL,37.00,'P',NULL,NULL,'0',203,'2019-07-03',203,'2019-07-03'),(2405,611,26,6,41,NULL,0.00,'F',NULL,NULL,'1',203,'2019-07-03',NULL,NULL),(2406,607,26,6,41,NULL,15.00,'P',NULL,NULL,'0',203,'2019-07-03',NULL,NULL),(2407,608,26,6,41,NULL,30.00,'P',NULL,NULL,'0',203,'2019-07-03',NULL,NULL),(2408,606,26,6,41,NULL,27.00,'P',NULL,NULL,'0',203,'2019-07-03',NULL,NULL),(2409,613,26,6,41,NULL,2.00,'F',NULL,NULL,'0',203,'2019-07-03',NULL,NULL),(2410,642,29,22,113,NULL,24.00,'P',NULL,NULL,'0',204,'2019-07-03',NULL,NULL),(2411,647,29,22,113,NULL,16.00,'P',NULL,NULL,'0',204,'2019-07-03',NULL,NULL),(2412,615,29,22,113,NULL,25.00,'P',NULL,NULL,'0',204,'2019-07-03',NULL,NULL),(2413,627,29,22,113,NULL,10.00,'P',NULL,NULL,'0',204,'2019-07-03',NULL,NULL),(2414,634,29,22,113,NULL,0.00,'F',NULL,NULL,'1',204,'2019-07-03',NULL,NULL),(2415,624,29,22,113,NULL,10.00,'P',NULL,NULL,'0',204,'2019-07-03',NULL,NULL),(2416,623,29,22,113,NULL,13.00,'P',NULL,NULL,'0',204,'2019-07-03',NULL,NULL),(2417,626,29,22,113,NULL,22.00,'P',NULL,NULL,'0',204,'2019-07-03',NULL,NULL),(2418,618,29,22,113,NULL,8.00,'F',NULL,NULL,'0',204,'2019-07-03',NULL,NULL),(2419,646,29,22,113,NULL,14.00,'P',NULL,NULL,'0',204,'2019-07-03',NULL,NULL),(2420,637,29,22,113,NULL,18.00,'P',NULL,NULL,'0',204,'2019-07-03',NULL,NULL),(2421,648,29,22,113,NULL,11.00,'P',NULL,NULL,'0',204,'2019-07-03',NULL,NULL),(2422,620,29,22,113,NULL,24.00,'P',NULL,NULL,'0',204,'2019-07-03',NULL,NULL),(2423,617,29,22,113,NULL,14.00,'P',NULL,NULL,'0',204,'2019-07-03',NULL,NULL),(2424,628,29,22,113,NULL,10.00,'P',NULL,NULL,'0',204,'2019-07-03',NULL,NULL),(2425,635,29,22,113,NULL,16.00,'P',NULL,NULL,'0',204,'2019-07-03',NULL,NULL),(2426,632,29,22,113,NULL,14.00,'P',NULL,NULL,'0',204,'2019-07-03',NULL,NULL),(2427,638,29,22,113,NULL,10.00,'P',NULL,NULL,'0',204,'2019-07-03',NULL,NULL),(2428,625,29,22,113,NULL,6.00,'F',NULL,NULL,'0',204,'2019-07-03',NULL,NULL),(2429,643,29,22,113,NULL,19.00,'P',NULL,NULL,'0',204,'2019-07-03',NULL,NULL),(2430,644,29,22,113,NULL,25.00,'P',NULL,NULL,'0',204,'2019-07-03',NULL,NULL),(2431,629,29,22,113,NULL,20.00,'P',NULL,NULL,'0',204,'2019-07-03',NULL,NULL),(2432,621,29,22,113,NULL,14.00,'P',NULL,NULL,'0',204,'2019-07-03',NULL,NULL),(2433,641,29,22,113,NULL,12.00,'P',NULL,NULL,'0',204,'2019-07-03',NULL,NULL),(2434,640,29,22,113,NULL,21.00,'P',NULL,NULL,'0',204,'2019-07-03',NULL,NULL),(2435,645,29,22,113,NULL,19.00,'P',NULL,NULL,'0',204,'2019-07-03',NULL,NULL),(2436,630,29,22,113,NULL,23.00,'P',NULL,NULL,'0',204,'2019-07-03',NULL,NULL),(2437,631,29,22,113,NULL,16.00,'P',NULL,NULL,'0',204,'2019-07-03',NULL,NULL),(2438,636,29,22,113,NULL,17.00,'P',NULL,NULL,'0',204,'2019-07-03',NULL,NULL),(2439,702,33,8,55,NULL,42.00,'P',NULL,NULL,'0',210,'2019-07-03',NULL,NULL),(2440,622,29,22,113,NULL,12.00,'P',NULL,NULL,'0',204,'2019-07-03',NULL,NULL),(2441,619,29,22,113,NULL,16.00,'P',NULL,NULL,'0',204,'2019-07-03',NULL,NULL),(2442,700,33,8,55,NULL,28.00,'P',NULL,NULL,'0',210,'2019-07-03',NULL,NULL),(2443,639,29,22,113,NULL,17.00,'P',NULL,NULL,'0',204,'2019-07-03',NULL,NULL),(2444,616,29,22,113,NULL,20.00,'P',NULL,NULL,'0',204,'2019-07-03',NULL,NULL),(2445,633,29,22,113,NULL,17.00,'P',NULL,NULL,'0',204,'2019-07-03',NULL,NULL),(2446,710,33,8,55,NULL,47.00,'P',NULL,NULL,'0',210,'2019-07-03',NULL,NULL),(2447,650,29,22,113,NULL,19.00,'P',NULL,NULL,'0',204,'2019-07-03',NULL,NULL),(2448,649,29,22,113,NULL,16.00,'P',NULL,NULL,'0',204,'2019-07-03',NULL,NULL),(2449,706,33,8,55,NULL,12.00,'F',NULL,NULL,'0',210,'2019-07-03',NULL,NULL),(2450,614,29,22,113,NULL,23.00,'P',NULL,NULL,'0',204,'2019-07-03',NULL,NULL),(2451,708,33,8,55,NULL,26.00,'P',NULL,NULL,'0',210,'2019-07-03',NULL,NULL),(2452,732,33,8,55,NULL,6.00,'F',NULL,NULL,'0',210,'2019-07-03',210,'2019-07-10'),(2453,726,33,8,55,NULL,0.00,'F',NULL,NULL,'1',210,'2019-07-03',NULL,NULL),(2454,691,33,8,55,NULL,16.00,'F',NULL,NULL,'0',210,'2019-07-03',NULL,NULL),(2455,709,33,8,55,NULL,24.00,'P',NULL,NULL,'0',210,'2019-07-03',NULL,NULL),(2456,714,33,8,55,NULL,43.00,'P',NULL,NULL,'0',210,'2019-07-03',NULL,NULL),(2457,722,33,8,55,NULL,27.00,'P',NULL,NULL,'0',210,'2019-07-03',NULL,NULL),(2458,705,33,8,55,NULL,33.00,'P',NULL,NULL,'0',210,'2019-07-03',NULL,NULL),(2459,698,33,8,55,NULL,14.00,'F',NULL,NULL,'0',210,'2019-07-03',NULL,NULL),(2460,703,33,8,55,NULL,37.00,'P',NULL,NULL,'0',210,'2019-07-03',NULL,NULL),(2461,713,33,8,55,NULL,17.00,'P',NULL,NULL,'0',210,'2019-07-03',NULL,NULL),(2462,723,33,8,55,NULL,11.00,'F',NULL,NULL,'0',210,'2019-07-03',NULL,NULL),(2463,718,33,8,55,NULL,43.00,'P',NULL,NULL,'0',210,'2019-07-03',NULL,NULL),(2464,721,33,8,55,NULL,48.00,'P',NULL,NULL,'0',210,'2019-07-03',NULL,NULL),(2465,697,33,8,55,NULL,44.00,'P',NULL,NULL,'0',210,'2019-07-03',NULL,NULL),(2466,717,33,8,55,NULL,12.00,'F',NULL,NULL,'0',210,'2019-07-03',NULL,NULL),(2467,695,33,8,55,NULL,36.00,'P',NULL,NULL,'0',210,'2019-07-03',NULL,NULL),(2468,696,33,8,55,NULL,47.00,'P',NULL,NULL,'0',210,'2019-07-03',NULL,NULL),(2469,719,33,8,55,NULL,41.00,'P',NULL,NULL,'0',210,'2019-07-03',NULL,NULL),(2470,699,33,8,55,NULL,13.00,'F',NULL,NULL,'0',210,'2019-07-03',NULL,NULL),(2471,707,33,8,55,NULL,31.00,'P',NULL,NULL,'0',210,'2019-07-03',NULL,NULL),(2472,692,33,8,55,NULL,38.00,'P',NULL,NULL,'0',210,'2019-07-03',NULL,NULL),(2473,712,33,8,55,NULL,25.00,'P',NULL,NULL,'0',210,'2019-07-03',NULL,NULL),(2474,690,33,8,55,NULL,44.00,'P',NULL,NULL,'0',210,'2019-07-03',NULL,NULL),(2475,694,33,8,55,NULL,24.00,'P',NULL,NULL,'0',210,'2019-07-03',NULL,NULL),(2476,725,33,8,55,NULL,42.00,'P',NULL,NULL,'0',210,'2019-07-03',NULL,NULL),(2477,715,33,8,55,NULL,43.00,'P',NULL,NULL,'0',210,'2019-07-03',NULL,NULL),(2478,704,33,8,55,NULL,39.00,'P',NULL,NULL,'0',210,'2019-07-03',NULL,NULL),(2479,693,33,8,55,NULL,18.00,'P',NULL,NULL,'0',210,'2019-07-03',NULL,NULL),(2480,716,33,8,55,NULL,22.00,'P',NULL,NULL,'0',210,'2019-07-03',NULL,NULL),(2481,701,33,8,55,NULL,38.00,'P',NULL,NULL,'0',210,'2019-07-03',NULL,NULL),(2482,720,33,8,55,NULL,35.00,'P',NULL,NULL,'0',210,'2019-07-03',NULL,NULL),(2483,689,33,8,55,NULL,28.00,'P',NULL,NULL,'0',210,'2019-07-03',NULL,NULL),(2484,711,33,8,55,NULL,0.00,'F',NULL,NULL,'1',210,'2019-07-03',NULL,NULL),(2485,727,33,8,55,NULL,46.00,'P',NULL,NULL,'0',210,'2019-07-03',NULL,NULL),(2486,730,33,8,55,NULL,34.00,'P',NULL,NULL,'0',210,'2019-07-03',NULL,NULL),(2487,729,33,8,55,NULL,38.00,'P',NULL,NULL,'0',210,'2019-07-03',NULL,NULL),(2488,731,33,8,55,NULL,21.00,'P',NULL,NULL,'0',210,'2019-07-03',NULL,NULL),(2489,728,33,8,55,NULL,26.00,'P',NULL,NULL,'0',210,'2019-07-03',NULL,NULL),(2490,724,33,8,55,NULL,13.00,'F',NULL,NULL,'0',210,'2019-07-03',NULL,NULL),(2491,733,33,8,55,NULL,44.00,'P',NULL,NULL,'0',210,'2019-07-03',NULL,NULL),(2492,734,33,8,55,NULL,27.00,'P',NULL,NULL,'0',210,'2019-07-03',NULL,NULL),(2493,735,33,8,55,NULL,27.00,'P',NULL,NULL,'0',210,'2019-07-03',NULL,NULL),(2494,89,10,2,1,NULL,40.00,'P',NULL,NULL,'0',192,'2019-07-03',NULL,NULL),(2495,109,10,2,1,NULL,38.00,'P',NULL,NULL,'0',192,'2019-07-03',NULL,NULL),(2496,113,10,2,1,NULL,40.00,'P',NULL,NULL,'0',192,'2019-07-03',NULL,NULL),(2497,112,10,2,1,NULL,33.00,'P',NULL,NULL,'0',192,'2019-07-03',NULL,NULL),(2498,94,10,2,1,NULL,0.00,'F',NULL,NULL,'1',192,'2019-07-03',NULL,NULL),(2499,119,10,2,1,NULL,34.00,'P',NULL,NULL,'0',192,'2019-07-03',NULL,NULL),(2500,111,10,2,1,NULL,37.00,'P',NULL,NULL,'0',192,'2019-07-03',NULL,NULL),(2501,108,10,2,1,NULL,35.00,'P',NULL,NULL,'0',192,'2019-07-03',NULL,NULL),(2502,124,10,2,1,NULL,26.00,'P',NULL,NULL,'0',192,'2019-07-03',192,'2019-07-03'),(2503,107,10,2,1,NULL,0.00,'F',NULL,NULL,'1',192,'2019-07-03',NULL,NULL),(2504,110,10,2,1,NULL,40.00,'P',NULL,NULL,'0',192,'2019-07-03',NULL,NULL),(2505,102,10,2,1,NULL,37.00,'P',NULL,NULL,'0',192,'2019-07-03',NULL,NULL),(2506,116,10,2,1,NULL,38.00,'P',NULL,NULL,'0',192,'2019-07-03',NULL,NULL),(2507,92,10,2,1,NULL,40.00,'P',NULL,NULL,'0',192,'2019-07-03',NULL,NULL),(2508,118,10,2,1,NULL,39.00,'P',NULL,NULL,'0',192,'2019-07-03',NULL,NULL),(2509,123,10,2,1,NULL,36.00,'P',NULL,NULL,'0',192,'2019-07-03',NULL,NULL),(2510,117,10,2,1,NULL,38.00,'P',NULL,NULL,'0',192,'2019-07-03',NULL,NULL),(2511,642,29,7,47,NULL,46.00,'P',NULL,NULL,'0',210,'2019-07-03',NULL,NULL),(2512,98,10,2,1,NULL,39.00,'P',NULL,NULL,'0',192,'2019-07-03',NULL,NULL),(2513,115,10,2,1,NULL,39.00,'P',NULL,NULL,'0',192,'2019-07-03',192,'2019-07-03'),(2514,104,10,2,1,NULL,15.00,'P',NULL,NULL,'0',192,'2019-07-03',192,'2019-07-03'),(2515,120,10,2,1,NULL,40.00,'P',NULL,NULL,'0',192,'2019-07-03',192,'2019-07-03'),(2516,96,10,2,1,NULL,32.00,'P',NULL,NULL,'0',192,'2019-07-03',192,'2019-07-03'),(2517,647,29,7,47,NULL,40.00,'P',NULL,NULL,'0',210,'2019-07-03',NULL,NULL),(2518,615,29,7,47,NULL,46.00,'P',NULL,NULL,'0',210,'2019-07-03',NULL,NULL),(2519,627,29,7,47,NULL,40.00,'P',NULL,NULL,'0',210,'2019-07-03',NULL,NULL),(2520,634,29,7,47,NULL,0.00,'F',NULL,NULL,'1',210,'2019-07-03',NULL,NULL),(2521,624,29,7,47,NULL,11.00,'F',NULL,NULL,'0',210,'2019-07-03',NULL,NULL),(2522,623,29,7,47,NULL,29.00,'P',NULL,NULL,'0',210,'2019-07-03',NULL,NULL),(2523,626,29,7,47,NULL,36.00,'P',NULL,NULL,'0',210,'2019-07-03',NULL,NULL),(2524,618,29,7,47,NULL,15.00,'F',NULL,NULL,'0',210,'2019-07-03',NULL,NULL),(2525,100,10,2,1,NULL,37.00,'P',NULL,NULL,'0',192,'2019-07-03',NULL,NULL),(2526,121,10,2,1,NULL,32.00,'P',NULL,NULL,'0',192,'2019-07-03',NULL,NULL),(2527,105,10,2,1,NULL,37.00,'P',NULL,NULL,'0',192,'2019-07-03',NULL,NULL),(2528,103,10,2,1,NULL,36.00,'P',NULL,NULL,'0',192,'2019-07-03',NULL,NULL),(2529,128,10,2,1,NULL,38.00,'P',NULL,NULL,'0',192,'2019-07-03',NULL,NULL),(2530,646,29,7,47,NULL,38.00,'P',NULL,NULL,'0',210,'2019-07-03',NULL,NULL),(2531,99,10,2,1,NULL,37.00,'P',NULL,NULL,'0',192,'2019-07-03',NULL,NULL),(2532,122,10,2,1,NULL,17.00,'P',NULL,NULL,'0',192,'2019-07-03',NULL,NULL),(2533,125,10,2,1,NULL,38.00,'P',NULL,NULL,'0',192,'2019-07-03',NULL,NULL),(2534,637,29,7,47,NULL,34.00,'P',NULL,NULL,'0',210,'2019-07-03',NULL,NULL),(2535,91,10,2,1,NULL,40.00,'P',NULL,NULL,'0',192,'2019-07-03',NULL,NULL),(2536,648,29,7,47,NULL,46.00,'P',NULL,NULL,'0',210,'2019-07-03',NULL,NULL),(2537,97,10,2,1,NULL,37.00,'P',NULL,NULL,'0',192,'2019-07-03',NULL,NULL),(2538,620,29,7,47,NULL,48.00,'P',NULL,NULL,'0',210,'2019-07-03',NULL,NULL),(2539,101,10,2,1,NULL,26.00,'P',NULL,NULL,'0',192,'2019-07-03',NULL,NULL),(2540,95,10,2,1,NULL,22.00,'P',NULL,NULL,'0',192,'2019-07-03',NULL,NULL),(2541,114,10,2,1,NULL,40.00,'P',NULL,NULL,'0',192,'2019-07-03',NULL,NULL),(2542,106,10,2,1,NULL,33.00,'P',NULL,NULL,'0',192,'2019-07-03',NULL,NULL),(2543,617,29,7,47,NULL,8.00,'F',NULL,NULL,'0',210,'2019-07-03',NULL,NULL),(2544,90,10,2,1,NULL,40.00,'P',NULL,NULL,'0',192,'2019-07-03',NULL,NULL),(2545,126,10,2,1,NULL,16.00,'P',NULL,NULL,'0',192,'2019-07-03',NULL,NULL),(2546,130,10,2,1,NULL,40.00,'P',NULL,NULL,'0',192,'2019-07-03',NULL,NULL),(2547,131,10,2,1,NULL,28.00,'P',NULL,NULL,'0',192,'2019-07-03',NULL,NULL),(2548,132,10,2,1,NULL,31.00,'P',NULL,NULL,'0',192,'2019-07-03',NULL,NULL),(2549,628,29,7,47,NULL,36.00,'P',NULL,NULL,'0',210,'2019-07-03',NULL,NULL),(2550,127,10,2,1,NULL,35.00,'P',NULL,NULL,'0',192,'2019-07-03',NULL,NULL),(2551,129,10,2,1,NULL,19.00,'P',NULL,NULL,'0',192,'2019-07-03',NULL,NULL),(2552,93,10,2,1,NULL,33.00,'P',NULL,NULL,'0',192,'2019-07-03',NULL,NULL),(2553,635,29,7,47,NULL,31.00,'P',NULL,NULL,'0',210,'2019-07-03',NULL,NULL),(2554,632,29,7,47,NULL,39.00,'P',NULL,NULL,'0',210,'2019-07-03',NULL,NULL),(2555,638,29,7,47,NULL,27.00,'P',NULL,NULL,'0',210,'2019-07-03',NULL,NULL),(2556,625,29,7,47,NULL,11.00,'F',NULL,NULL,'0',210,'2019-07-03',NULL,NULL),(2557,643,29,7,47,NULL,50.00,'P',NULL,NULL,'0',210,'2019-07-03',NULL,NULL),(2558,644,29,7,47,NULL,47.00,'P',NULL,NULL,'0',210,'2019-07-03',NULL,NULL),(2559,629,29,7,47,NULL,37.00,'P',NULL,NULL,'0',210,'2019-07-03',NULL,NULL),(2560,621,29,7,47,NULL,33.00,'P',NULL,NULL,'0',210,'2019-07-03',NULL,NULL),(2561,641,29,7,47,NULL,27.00,'P',NULL,NULL,'0',210,'2019-07-03',NULL,NULL),(2562,640,29,7,47,NULL,47.00,'P',NULL,NULL,'0',210,'2019-07-03',NULL,NULL),(2563,645,29,7,47,NULL,47.00,'P',NULL,NULL,'0',210,'2019-07-03',NULL,NULL),(2564,630,29,7,47,NULL,44.00,'P',NULL,NULL,'0',210,'2019-07-03',NULL,NULL),(2565,631,29,7,47,NULL,38.00,'P',NULL,NULL,'0',210,'2019-07-03',NULL,NULL),(2566,636,29,7,47,NULL,24.00,'P',NULL,NULL,'0',210,'2019-07-03',NULL,NULL),(2567,622,29,7,47,NULL,11.00,'F',NULL,NULL,'0',210,'2019-07-03',NULL,NULL),(2568,619,29,7,47,NULL,17.00,'P',NULL,NULL,'0',210,'2019-07-03',NULL,NULL),(2569,639,29,7,47,NULL,15.00,'F',NULL,NULL,'0',210,'2019-07-03',NULL,NULL),(2570,616,29,7,47,NULL,37.00,'P',NULL,NULL,'0',210,'2019-07-03',NULL,NULL),(2571,633,29,7,47,NULL,31.00,'P',NULL,NULL,'0',210,'2019-07-03',NULL,NULL),(2572,650,29,7,47,NULL,37.00,'P',NULL,NULL,'0',210,'2019-07-03',NULL,NULL),(2573,649,29,7,47,NULL,31.00,'P',NULL,NULL,'0',210,'2019-07-03',NULL,NULL),(2574,614,29,7,47,NULL,26.00,'P',NULL,NULL,'0',210,'2019-07-03',NULL,NULL),(2575,89,10,2,4,NULL,39.00,'P',NULL,NULL,'0',192,'2019-07-03',NULL,NULL),(2576,109,10,2,4,NULL,34.00,'P',NULL,NULL,'0',192,'2019-07-03',NULL,NULL),(2577,113,10,2,4,NULL,38.00,'P',NULL,NULL,'0',192,'2019-07-03',NULL,NULL),(2578,112,10,2,4,NULL,30.00,'P',NULL,NULL,'0',192,'2019-07-03',NULL,NULL),(2579,94,10,2,4,NULL,0.00,'F',NULL,NULL,'1',192,'2019-07-03',NULL,NULL),(2580,119,10,2,4,NULL,34.00,'P',NULL,NULL,'0',192,'2019-07-03',NULL,NULL),(2581,111,10,2,4,NULL,34.00,'P',NULL,NULL,'0',192,'2019-07-03',NULL,NULL),(2582,108,10,2,4,NULL,26.00,'P',NULL,NULL,'0',192,'2019-07-03',NULL,NULL),(2583,107,10,2,4,NULL,0.00,'F',NULL,NULL,'1',192,'2019-07-03',NULL,NULL),(2584,124,10,2,4,NULL,31.00,'P',NULL,NULL,'0',192,'2019-07-03',NULL,NULL),(2585,110,10,2,4,NULL,40.00,'P',NULL,NULL,'0',192,'2019-07-03',NULL,NULL),(2586,102,10,2,4,NULL,25.00,'P',NULL,NULL,'0',192,'2019-07-03',NULL,NULL),(2587,116,10,2,4,NULL,39.00,'P',NULL,NULL,'0',192,'2019-07-03',NULL,NULL),(2588,92,10,2,4,NULL,40.00,'P',NULL,NULL,'0',192,'2019-07-03',NULL,NULL),(2589,118,10,2,4,NULL,36.00,'P',NULL,NULL,'0',192,'2019-07-03',NULL,NULL),(2590,123,10,2,4,NULL,36.00,'P',NULL,NULL,'0',192,'2019-07-03',NULL,NULL),(2591,117,10,2,4,NULL,40.00,'P',NULL,NULL,'0',192,'2019-07-03',NULL,NULL),(2592,98,10,2,4,NULL,40.00,'P',NULL,NULL,'0',192,'2019-07-03',NULL,NULL),(2593,115,10,2,4,NULL,40.00,'P',NULL,NULL,'0',192,'2019-07-03',NULL,NULL),(2594,104,10,2,4,NULL,24.00,'P',NULL,NULL,'0',192,'2019-07-03',NULL,NULL),(2595,120,10,2,4,NULL,40.00,'P',NULL,NULL,'0',192,'2019-07-03',NULL,NULL),(2596,96,10,2,4,NULL,36.00,'P',NULL,NULL,'0',192,'2019-07-03',NULL,NULL),(2597,100,10,2,4,NULL,32.00,'P',NULL,NULL,'0',192,'2019-07-03',NULL,NULL),(2598,121,10,2,4,NULL,31.00,'P',NULL,NULL,'0',192,'2019-07-03',NULL,NULL),(2599,105,10,2,4,NULL,37.00,'P',NULL,NULL,'0',192,'2019-07-03',NULL,NULL),(2600,103,10,2,4,NULL,35.00,'P',NULL,NULL,'0',192,'2019-07-03',NULL,NULL),(2601,128,10,2,4,NULL,37.00,'P',NULL,NULL,'0',192,'2019-07-03',NULL,NULL),(2602,99,10,2,4,NULL,37.00,'P',NULL,NULL,'0',192,'2019-07-03',NULL,NULL),(2603,122,10,2,4,NULL,23.00,'P',NULL,NULL,'0',192,'2019-07-03',NULL,NULL),(2604,125,10,2,4,NULL,39.00,'P',NULL,NULL,'0',192,'2019-07-03',NULL,NULL),(2605,664,30,7,46,NULL,30.00,'P',NULL,NULL,'0',190,'2019-07-03',NULL,NULL),(2606,679,30,7,46,NULL,45.00,'P',NULL,NULL,'0',190,'2019-07-03',NULL,NULL),(2607,684,30,7,46,NULL,39.00,'P',NULL,NULL,'0',190,'2019-07-03',NULL,NULL),(2608,91,10,2,4,NULL,40.00,'P',NULL,NULL,'0',192,'2019-07-03',NULL,NULL),(2609,680,30,7,46,NULL,47.00,'P',NULL,NULL,'0',190,'2019-07-03',NULL,NULL),(2610,97,10,2,4,NULL,38.00,'P',NULL,NULL,'0',192,'2019-07-03',NULL,NULL),(2611,101,10,2,4,NULL,35.00,'P',NULL,NULL,'0',192,'2019-07-03',NULL,NULL),(2612,674,30,7,46,NULL,39.00,'P',NULL,NULL,'0',190,'2019-07-03',NULL,NULL),(2613,95,10,2,4,NULL,26.00,'P',NULL,NULL,'0',192,'2019-07-03',NULL,NULL),(2614,114,10,2,4,NULL,34.00,'P',NULL,NULL,'0',192,'2019-07-03',NULL,NULL),(2615,669,30,7,46,NULL,23.00,'P',NULL,NULL,'0',190,'2019-07-03',NULL,NULL),(2616,106,10,2,4,NULL,38.00,'P',NULL,NULL,'0',192,'2019-07-03',NULL,NULL),(2617,90,10,2,4,NULL,40.00,'P',NULL,NULL,'0',192,'2019-07-03',NULL,NULL),(2618,662,30,7,46,NULL,36.00,'P',NULL,NULL,'0',190,'2019-07-03',NULL,NULL),(2619,126,10,2,4,NULL,24.00,'P',NULL,NULL,'0',192,'2019-07-03',NULL,NULL),(2620,130,10,2,4,NULL,39.00,'P',NULL,NULL,'0',192,'2019-07-03',NULL,NULL),(2621,685,30,7,46,NULL,34.00,'P',NULL,NULL,'0',190,'2019-07-03',NULL,NULL),(2622,131,10,2,4,NULL,32.00,'P',NULL,NULL,'0',192,'2019-07-03',NULL,NULL),(2623,678,30,7,46,NULL,36.00,'P',NULL,NULL,'0',190,'2019-07-03',NULL,NULL),(2624,132,10,2,4,NULL,32.00,'P',NULL,NULL,'0',192,'2019-07-03',NULL,NULL),(2625,127,10,2,4,NULL,35.00,'P',NULL,NULL,'0',192,'2019-07-03',NULL,NULL),(2626,129,10,2,4,NULL,21.00,'P',NULL,NULL,'0',192,'2019-07-03',NULL,NULL),(2627,93,10,2,4,NULL,38.00,'P',NULL,NULL,'0',192,'2019-07-03',NULL,NULL),(2628,667,30,7,46,NULL,38.00,'P',NULL,NULL,'0',190,'2019-07-03',NULL,NULL),(2629,682,30,7,46,NULL,18.00,'P',NULL,NULL,'0',190,'2019-07-03',NULL,NULL),(2630,557,25,6,38,NULL,32.00,'P',NULL,NULL,'0',210,'2019-07-03',NULL,NULL),(2631,651,30,7,46,NULL,22.00,'P',NULL,NULL,'0',190,'2019-07-03',NULL,NULL),(2632,656,30,7,46,NULL,42.00,'P',NULL,NULL,'0',190,'2019-07-03',NULL,NULL),(2633,547,25,6,38,NULL,38.00,'P',NULL,NULL,'0',210,'2019-07-03',NULL,NULL),(2634,657,30,7,46,NULL,20.00,'P',NULL,NULL,'0',190,'2019-07-03',NULL,NULL),(2635,554,25,6,38,NULL,3.00,'F',NULL,NULL,'0',210,'2019-07-03',NULL,NULL),(2636,677,30,7,46,NULL,47.00,'P',NULL,NULL,'0',190,'2019-07-03',NULL,NULL),(2637,671,30,7,46,NULL,34.00,'P',NULL,NULL,'0',190,'2019-07-03',NULL,NULL),(2638,560,25,6,38,NULL,32.00,'P',NULL,NULL,'0',210,'2019-07-03',NULL,NULL),(2639,673,30,7,46,NULL,21.00,'P',NULL,NULL,'0',190,'2019-07-03',NULL,NULL),(2640,653,30,7,46,NULL,33.00,'P',NULL,NULL,'0',190,'2019-07-03',NULL,NULL),(2641,652,30,7,46,NULL,27.00,'P',NULL,NULL,'0',190,'2019-07-03',NULL,NULL),(2642,549,25,6,38,NULL,36.00,'P',NULL,NULL,'0',210,'2019-07-03',NULL,NULL),(2643,658,30,7,46,NULL,18.00,'P',NULL,NULL,'0',190,'2019-07-03',NULL,NULL),(2644,668,30,7,46,NULL,18.00,'P',NULL,NULL,'0',190,'2019-07-03',NULL,NULL),(2645,545,25,6,38,NULL,38.00,'P',NULL,NULL,'0',210,'2019-07-03',NULL,NULL),(2646,665,30,7,46,NULL,47.00,'P',NULL,NULL,'0',190,'2019-07-03',NULL,NULL),(2647,572,25,6,38,NULL,25.00,'P',NULL,NULL,'0',210,'2019-07-03',NULL,NULL),(2648,676,30,7,46,NULL,37.00,'P',NULL,NULL,'0',190,'2019-07-03',NULL,NULL),(2649,681,30,7,46,NULL,46.00,'P',NULL,NULL,'0',190,'2019-07-03',NULL,NULL),(2650,672,30,7,46,NULL,32.00,'P',NULL,NULL,'0',190,'2019-07-03',NULL,NULL),(2651,661,30,7,46,NULL,22.00,'P',NULL,NULL,'0',190,'2019-07-03',NULL,NULL),(2652,543,25,6,38,NULL,37.00,'P',NULL,NULL,'0',210,'2019-07-03',NULL,NULL),(2653,670,30,7,46,NULL,47.00,'P',NULL,NULL,'0',190,'2019-07-03',NULL,NULL),(2654,550,25,6,38,NULL,39.00,'P',NULL,NULL,'0',210,'2019-07-03',NULL,NULL),(2655,655,30,7,46,NULL,43.00,'P',NULL,NULL,'0',190,'2019-07-03',NULL,NULL),(2656,660,30,7,46,NULL,31.00,'P',NULL,NULL,'0',190,'2019-07-03',NULL,NULL),(2657,659,30,7,46,NULL,32.00,'P',NULL,NULL,'0',190,'2019-07-03',NULL,NULL),(2658,561,25,6,38,NULL,34.00,'P',NULL,NULL,'0',210,'2019-07-03',NULL,NULL),(2659,675,30,7,46,NULL,43.00,'P',NULL,NULL,'0',190,'2019-07-03',NULL,NULL),(2660,663,30,7,46,NULL,40.00,'P',NULL,NULL,'0',190,'2019-07-03',NULL,NULL),(2661,553,25,6,38,NULL,40.00,'P',NULL,NULL,'0',210,'2019-07-03',NULL,NULL),(2662,654,30,7,46,NULL,42.00,'P',NULL,NULL,'0',190,'2019-07-03',NULL,NULL),(2663,89,10,2,6,NULL,40.00,'P',NULL,NULL,'0',192,'2019-07-03',NULL,NULL),(2664,687,30,7,46,NULL,34.00,'P',NULL,NULL,'0',190,'2019-07-03',NULL,NULL),(2665,567,25,6,38,NULL,15.00,'P',NULL,NULL,'0',210,'2019-07-03',NULL,NULL),(2666,109,10,2,6,NULL,39.00,'P',NULL,NULL,'0',192,'2019-07-03',NULL,NULL),(2667,686,30,7,46,NULL,28.00,'P',NULL,NULL,'0',190,'2019-07-03',NULL,NULL),(2668,113,10,2,6,NULL,38.00,'P',NULL,NULL,'0',192,'2019-07-03',NULL,NULL),(2669,112,10,2,6,NULL,32.00,'P',NULL,NULL,'0',192,'2019-07-03',NULL,NULL),(2670,683,30,7,46,NULL,46.00,'P',NULL,NULL,'0',190,'2019-07-03',NULL,NULL),(2671,566,25,6,38,NULL,39.00,'P',NULL,NULL,'0',210,'2019-07-03',NULL,NULL),(2672,666,30,7,46,NULL,22.00,'P',NULL,NULL,'0',190,'2019-07-03',NULL,NULL),(2673,94,10,2,6,NULL,0.00,'F',NULL,NULL,'1',192,'2019-07-03',NULL,NULL),(2674,555,25,6,38,NULL,37.00,'P',NULL,NULL,'0',210,'2019-07-03',NULL,NULL),(2675,688,30,7,46,NULL,41.00,'P',NULL,NULL,'0',190,'2019-07-03',NULL,NULL),(2676,119,10,2,6,NULL,33.00,'P',NULL,NULL,'0',192,'2019-07-03',NULL,NULL),(2677,111,10,2,6,NULL,39.00,'P',NULL,NULL,'0',192,'2019-07-03',NULL,NULL),(2678,546,25,6,38,NULL,30.00,'P',NULL,NULL,'0',210,'2019-07-03',NULL,NULL),(2679,108,10,2,6,NULL,27.00,'P',NULL,NULL,'0',192,'2019-07-03',NULL,NULL),(2680,107,10,2,6,NULL,0.00,'F',NULL,NULL,'1',192,'2019-07-03',NULL,NULL),(2681,569,25,6,38,NULL,15.00,'P',NULL,NULL,'0',210,'2019-07-03',NULL,NULL),(2682,124,10,2,6,NULL,27.00,'P',NULL,NULL,'0',192,'2019-07-03',NULL,NULL),(2683,110,10,2,6,NULL,39.00,'P',NULL,NULL,'0',192,'2019-07-03',NULL,NULL),(2684,102,10,2,6,NULL,39.00,'P',NULL,NULL,'0',192,'2019-07-03',NULL,NULL),(2685,568,25,6,38,NULL,13.00,'P',NULL,NULL,'0',210,'2019-07-03',NULL,NULL),(2686,116,10,2,6,NULL,39.00,'P',NULL,NULL,'0',192,'2019-07-03',NULL,NULL),(2687,92,10,2,6,NULL,37.00,'P',NULL,NULL,'0',192,'2019-07-03',NULL,NULL),(2688,118,10,2,6,NULL,40.00,'P',NULL,NULL,'0',192,'2019-07-03',NULL,NULL),(2689,565,25,6,38,NULL,34.00,'P',NULL,NULL,'0',210,'2019-07-03',NULL,NULL),(2690,123,10,2,6,NULL,31.00,'P',NULL,NULL,'0',192,'2019-07-03',NULL,NULL),(2691,117,10,2,6,NULL,39.00,'P',NULL,NULL,'0',192,'2019-07-03',NULL,NULL),(2692,571,25,6,38,NULL,39.00,'P',NULL,NULL,'0',210,'2019-07-03',NULL,NULL),(2693,544,25,6,38,NULL,22.00,'P',NULL,NULL,'0',210,'2019-07-03',NULL,NULL),(2694,559,25,6,38,NULL,39.00,'P',NULL,NULL,'0',210,'2019-07-03',NULL,NULL),(2695,98,10,2,6,NULL,40.00,'P',NULL,NULL,'0',192,'2019-07-03',NULL,NULL),(2696,115,10,2,6,NULL,40.00,'P',NULL,NULL,'0',192,'2019-07-03',NULL,NULL),(2697,563,25,6,38,NULL,40.00,'P',NULL,NULL,'0',210,'2019-07-03',NULL,NULL),(2698,104,10,2,6,NULL,27.00,'P',NULL,NULL,'0',192,'2019-07-03',NULL,NULL),(2699,120,10,2,6,NULL,39.00,'P',NULL,NULL,'0',192,'2019-07-03',NULL,NULL),(2700,564,25,6,38,NULL,40.00,'P',NULL,NULL,'0',210,'2019-07-03',NULL,NULL),(2701,96,10,2,6,NULL,36.00,'P',NULL,NULL,'0',192,'2019-07-03',NULL,NULL),(2702,100,10,2,6,NULL,29.00,'P',NULL,NULL,'0',192,'2019-07-03',NULL,NULL),(2703,121,10,2,6,NULL,25.00,'P',NULL,NULL,'0',192,'2019-07-03',NULL,NULL),(2704,105,10,2,6,NULL,38.00,'P',NULL,NULL,'0',192,'2019-07-03',NULL,NULL),(2705,570,25,6,38,NULL,34.00,'P',NULL,NULL,'0',210,'2019-07-03',NULL,NULL),(2706,103,10,2,6,NULL,34.00,'P',NULL,NULL,'0',192,'2019-07-03',NULL,NULL),(2707,128,10,2,6,NULL,34.00,'P',NULL,NULL,'0',192,'2019-07-03',NULL,NULL),(2708,551,25,6,38,NULL,30.00,'P',NULL,NULL,'0',210,'2019-07-03',NULL,NULL),(2709,558,25,6,38,NULL,22.00,'P',NULL,NULL,'0',210,'2019-07-03',NULL,NULL),(2710,346,21,5,28,NULL,1.00,'F',NULL,NULL,'0',190,'2019-07-03',NULL,NULL),(2711,99,10,2,6,NULL,39.00,'P',NULL,NULL,'0',192,'2019-07-03',NULL,NULL),(2712,122,10,2,6,NULL,19.00,'P',NULL,NULL,'0',192,'2019-07-03',NULL,NULL),(2713,332,21,5,28,NULL,32.00,'P',NULL,NULL,'0',190,'2019-07-03',NULL,NULL),(2714,125,10,2,6,NULL,39.00,'P',NULL,NULL,'0',192,'2019-07-03',NULL,NULL),(2715,552,25,6,38,NULL,12.00,'P',NULL,NULL,'0',210,'2019-07-03',NULL,NULL),(2716,91,10,2,6,NULL,37.00,'P',NULL,NULL,'0',192,'2019-07-03',NULL,NULL),(2717,97,10,2,6,NULL,40.00,'P',NULL,NULL,'0',192,'2019-07-03',NULL,NULL),(2718,574,25,6,38,NULL,30.00,'P',NULL,NULL,'0',210,'2019-07-03',NULL,NULL),(2719,101,10,2,6,NULL,27.00,'P',NULL,NULL,'0',192,'2019-07-03',NULL,NULL),(2720,95,10,2,6,NULL,24.00,'P',NULL,NULL,'0',192,'2019-07-03',NULL,NULL),(2721,556,25,6,38,NULL,37.00,'P',NULL,NULL,'0',210,'2019-07-03',NULL,NULL),(2722,342,21,5,28,NULL,37.00,'P',NULL,NULL,'0',190,'2019-07-03',NULL,NULL),(2723,114,10,2,6,NULL,39.00,'P',NULL,NULL,'0',192,'2019-07-03',NULL,NULL),(2724,334,21,5,28,NULL,29.00,'P',NULL,NULL,'0',190,'2019-07-03',NULL,NULL),(2725,106,10,2,6,NULL,38.00,'P',NULL,NULL,'0',192,'2019-07-03',NULL,NULL),(2726,548,25,6,38,NULL,40.00,'P',NULL,NULL,'0',210,'2019-07-03',NULL,NULL),(2727,324,21,5,28,NULL,29.00,'P',NULL,NULL,'0',190,'2019-07-03',NULL,NULL),(2728,328,21,5,28,NULL,33.00,'P',NULL,NULL,'0',190,'2019-07-03',NULL,NULL),(2729,326,21,5,28,NULL,39.00,'P',NULL,NULL,'0',190,'2019-07-03',NULL,NULL),(2730,90,10,2,6,NULL,28.00,'P',NULL,NULL,'0',192,'2019-07-03',NULL,NULL),(2731,562,25,6,38,NULL,35.00,'P',NULL,NULL,'0',210,'2019-07-03',NULL,NULL),(2732,325,21,5,28,NULL,37.00,'P',NULL,NULL,'0',190,'2019-07-03',NULL,NULL),(2733,126,10,2,6,NULL,36.00,'P',NULL,NULL,'0',192,'2019-07-03',NULL,NULL),(2734,344,21,5,28,NULL,28.00,'P',NULL,NULL,'0',190,'2019-07-03',NULL,NULL),(2735,130,10,2,6,NULL,38.00,'P',NULL,NULL,'0',192,'2019-07-03',NULL,NULL),(2736,577,25,6,38,NULL,18.00,'P',NULL,NULL,'0',210,'2019-07-03',NULL,NULL),(2737,131,10,2,6,NULL,21.00,'P',NULL,NULL,'0',192,'2019-07-03',NULL,NULL),(2738,341,21,5,28,NULL,35.00,'P',NULL,NULL,'0',190,'2019-07-03',NULL,NULL),(2739,132,10,2,6,NULL,39.00,'P',NULL,NULL,'0',192,'2019-07-03',NULL,NULL),(2740,127,10,2,6,NULL,38.00,'P',NULL,NULL,'0',192,'2019-07-03',NULL,NULL),(2741,335,21,5,28,NULL,0.00,'F',NULL,NULL,'1',190,'2019-07-03',NULL,NULL),(2742,576,25,6,38,NULL,40.00,'P',NULL,NULL,'0',210,'2019-07-03',NULL,NULL),(2743,129,10,2,6,NULL,23.00,'P',NULL,NULL,'0',192,'2019-07-03',NULL,NULL),(2744,93,10,2,6,NULL,34.00,'P',NULL,NULL,'0',192,'2019-07-03',NULL,NULL),(2745,573,25,6,38,NULL,36.00,'P',NULL,NULL,'0',210,'2019-07-03',NULL,NULL),(2746,323,21,5,28,NULL,34.00,'P',NULL,NULL,'0',190,'2019-07-03',NULL,NULL),(2747,575,25,6,38,NULL,38.00,'P',NULL,NULL,'0',210,'2019-07-03',NULL,NULL),(2748,340,21,5,28,NULL,32.00,'P',NULL,NULL,'0',190,'2019-07-03',NULL,NULL),(2749,311,21,5,28,NULL,31.00,'P',NULL,NULL,'0',190,'2019-07-03',NULL,NULL),(2750,333,21,5,28,NULL,34.00,'P',NULL,NULL,'0',190,'2019-07-03',NULL,NULL),(2751,345,21,5,28,NULL,35.00,'P',NULL,NULL,'0',190,'2019-07-03',NULL,NULL),(2752,329,21,5,28,NULL,18.00,'P',NULL,NULL,'0',190,'2019-07-03',NULL,NULL),(2753,133,10,2,6,NULL,26.00,'P',NULL,NULL,'0',192,'2019-07-03',NULL,NULL),(2754,336,21,5,28,NULL,33.00,'P',NULL,NULL,'0',190,'2019-07-03',NULL,NULL),(2755,330,21,5,28,NULL,38.00,'P',NULL,NULL,'0',190,'2019-07-03',NULL,NULL),(2756,339,21,5,28,NULL,24.00,'P',NULL,NULL,'0',190,'2019-07-03',NULL,NULL),(2757,338,21,5,28,NULL,12.00,'P',NULL,NULL,'0',190,'2019-07-03',NULL,NULL),(2758,320,21,5,28,NULL,39.00,'P',NULL,NULL,'0',190,'2019-07-03',NULL,NULL),(2759,313,21,5,28,NULL,34.00,'P',NULL,NULL,'0',190,'2019-07-03',NULL,NULL),(2760,322,21,5,28,NULL,25.00,'P',NULL,NULL,'0',190,'2019-07-03',NULL,NULL),(2761,316,21,5,28,NULL,37.00,'P',NULL,NULL,'0',190,'2019-07-03',NULL,NULL),(2762,343,21,5,28,NULL,28.00,'P',NULL,NULL,'0',190,'2019-07-03',NULL,NULL),(2763,331,21,5,28,NULL,1.00,'F',NULL,NULL,'0',190,'2019-07-03',NULL,NULL),(2764,315,21,5,28,NULL,31.00,'P',NULL,NULL,'0',190,'2019-07-03',NULL,NULL),(2765,312,21,5,28,NULL,20.00,'P',NULL,NULL,'0',190,'2019-07-03',NULL,NULL),(2766,321,21,5,28,NULL,39.00,'P',NULL,NULL,'0',190,'2019-07-03',NULL,NULL),(2767,327,21,5,28,NULL,37.00,'P',NULL,NULL,'0',190,'2019-07-03',NULL,NULL),(2768,319,21,5,28,NULL,32.00,'P',NULL,NULL,'0',190,'2019-07-03',NULL,NULL),(2769,318,21,5,28,NULL,33.00,'P',NULL,NULL,'0',190,'2019-07-03',NULL,NULL),(2770,235,17,4,19,NULL,13.00,'P',NULL,NULL,'0',192,'2019-07-03',NULL,NULL),(2771,351,21,5,28,NULL,30.00,'P',NULL,NULL,'0',190,'2019-07-03',NULL,NULL),(2772,245,17,4,19,NULL,16.00,'P',NULL,NULL,'0',192,'2019-07-03',NULL,NULL),(2773,221,17,4,19,NULL,23.00,'P',NULL,NULL,'0',192,'2019-07-03',NULL,NULL),(2774,216,17,4,19,NULL,15.00,'P',NULL,NULL,'0',192,'2019-07-03',NULL,NULL),(2775,217,17,4,19,NULL,25.00,'P',NULL,NULL,'0',192,'2019-07-03',NULL,NULL),(2776,239,17,4,19,NULL,37.00,'P',NULL,NULL,'0',192,'2019-07-03',NULL,NULL),(2777,253,17,4,19,NULL,18.00,'P',NULL,NULL,'0',192,'2019-07-03',NULL,NULL),(2778,225,17,4,19,NULL,38.00,'P',NULL,NULL,'0',192,'2019-07-03',NULL,NULL),(2779,224,17,4,19,NULL,39.00,'P',NULL,NULL,'0',192,'2019-07-03',NULL,NULL),(2780,314,21,5,28,NULL,35.00,'P',NULL,NULL,'0',190,'2019-07-03',NULL,NULL),(2781,229,17,4,19,NULL,28.00,'P',NULL,NULL,'0',192,'2019-07-03',NULL,NULL),(2782,223,17,4,19,NULL,31.00,'P',NULL,NULL,'0',192,'2019-07-03',NULL,NULL),(2783,337,21,5,28,NULL,18.00,'P',NULL,NULL,'0',190,'2019-07-03',NULL,NULL),(2784,317,21,5,28,NULL,23.00,'P',NULL,NULL,'0',190,'2019-07-03',NULL,NULL),(2785,256,17,4,19,NULL,30.00,'P',NULL,NULL,'0',192,'2019-07-03',NULL,NULL),(2786,244,17,4,19,NULL,11.00,'F',NULL,NULL,'0',192,'2019-07-03',NULL,NULL),(2787,349,21,5,28,NULL,28.00,'P',NULL,NULL,'0',190,'2019-07-03',NULL,NULL),(2788,251,17,4,19,NULL,8.00,'F',NULL,NULL,'0',192,'2019-07-03',NULL,NULL),(2789,347,21,5,28,NULL,38.00,'P',NULL,NULL,'0',190,'2019-07-03',NULL,NULL),(2790,249,17,4,19,NULL,36.00,'P',NULL,NULL,'0',192,'2019-07-03',NULL,NULL),(2791,236,17,4,19,NULL,24.00,'P',NULL,NULL,'0',192,'2019-07-03',NULL,NULL),(2792,348,21,5,28,NULL,36.00,'P',NULL,NULL,'0',190,'2019-07-03',NULL,NULL),(2793,255,17,4,19,NULL,26.00,'P',NULL,NULL,'0',192,'2019-07-03',NULL,NULL),(2794,219,17,4,19,NULL,32.00,'P',NULL,NULL,'0',192,'2019-07-03',NULL,NULL),(2795,350,21,5,28,NULL,34.00,'P',NULL,NULL,'0',190,'2019-07-03',NULL,NULL),(2796,352,21,5,28,NULL,35.00,'P',NULL,NULL,'0',190,'2019-07-03',NULL,NULL),(2797,222,17,4,19,NULL,9.00,'F',NULL,NULL,'0',192,'2019-07-03',NULL,NULL),(2798,252,17,4,19,NULL,9.00,'F',NULL,NULL,'0',192,'2019-07-03',NULL,NULL),(2799,353,21,5,28,NULL,36.00,'P',NULL,NULL,'0',190,'2019-07-03',NULL,NULL),(2800,227,17,4,19,NULL,31.00,'P',NULL,NULL,'0',192,'2019-07-03',NULL,NULL),(2801,230,17,4,19,NULL,36.00,'P',NULL,NULL,'0',192,'2019-07-03',NULL,NULL),(2802,233,17,4,19,NULL,27.00,'P',NULL,NULL,'0',192,'2019-07-03',NULL,NULL),(2803,240,17,4,19,NULL,14.00,'P',NULL,NULL,'0',192,'2019-07-03',NULL,NULL),(2804,248,17,4,19,NULL,14.00,'P',NULL,NULL,'0',192,'2019-07-03',NULL,NULL),(2805,254,17,4,19,NULL,35.00,'P',NULL,NULL,'0',192,'2019-07-03',NULL,NULL),(2806,215,17,4,19,NULL,17.00,'P',NULL,NULL,'0',192,'2019-07-03',NULL,NULL),(2807,218,17,4,19,NULL,19.00,'P',NULL,NULL,'0',192,'2019-07-03',NULL,NULL),(2808,246,17,4,19,NULL,30.00,'P',NULL,NULL,'0',192,'2019-07-03',NULL,NULL),(2809,231,17,4,19,NULL,20.00,'P',NULL,NULL,'0',192,'2019-07-03',NULL,NULL),(2810,241,17,4,19,NULL,17.00,'P',NULL,NULL,'0',192,'2019-07-03',NULL,NULL),(2811,250,17,4,19,NULL,14.00,'P',NULL,NULL,'0',192,'2019-07-03',NULL,NULL),(2812,238,17,4,19,NULL,35.00,'P',NULL,NULL,'0',192,'2019-07-03',NULL,NULL),(2813,237,17,4,19,NULL,33.00,'P',NULL,NULL,'0',192,'2019-07-03',NULL,NULL),(2814,228,17,4,19,NULL,24.00,'P',NULL,NULL,'0',192,'2019-07-03',NULL,NULL),(2815,232,17,4,19,NULL,14.00,'P',NULL,NULL,'0',192,'2019-07-03',NULL,NULL),(2816,242,17,4,19,NULL,33.00,'P',NULL,NULL,'0',192,'2019-07-03',NULL,NULL),(2817,290,18,4,19,NULL,9.00,'F',NULL,NULL,'0',190,'2019-07-03',NULL,NULL),(2818,286,18,4,19,NULL,18.00,'P',NULL,NULL,'0',190,'2019-07-03',NULL,NULL),(2819,296,18,4,19,NULL,38.00,'P',NULL,NULL,'0',190,'2019-07-03',NULL,NULL),(2820,292,18,4,19,NULL,38.00,'P',NULL,NULL,'0',190,'2019-07-03',NULL,NULL),(2821,605,26,6,38,NULL,30.00,'P',NULL,NULL,'0',199,'2019-07-03',NULL,NULL),(2822,226,17,4,19,NULL,34.00,'P',NULL,NULL,'0',192,'2019-07-03',NULL,NULL),(2823,269,18,4,19,NULL,23.00,'P',NULL,NULL,'0',190,'2019-07-03',NULL,NULL),(2824,593,26,6,38,NULL,38.00,'P',NULL,NULL,'0',199,'2019-07-03',NULL,NULL),(2825,258,17,4,19,NULL,22.00,'P',NULL,NULL,'0',192,'2019-07-03',NULL,NULL),(2826,299,18,4,19,NULL,33.00,'P',NULL,NULL,'0',190,'2019-07-03',NULL,NULL),(2827,581,26,6,38,NULL,40.00,'P',NULL,NULL,'0',199,'2019-07-03',NULL,NULL),(2828,270,18,4,19,NULL,17.00,'P',NULL,NULL,'0',190,'2019-07-03',NULL,NULL),(2829,596,26,6,38,NULL,31.00,'P',NULL,NULL,'0',199,'2019-07-03',NULL,NULL),(2830,266,18,4,19,NULL,14.00,'P',NULL,NULL,'0',190,'2019-07-03',NULL,NULL),(2831,220,17,4,19,NULL,24.00,'P',NULL,NULL,'0',192,'2019-07-03',NULL,NULL),(2832,585,26,6,38,NULL,40.00,'P',NULL,NULL,'0',199,'2019-07-03',NULL,NULL),(2833,282,18,4,19,NULL,14.00,'P',NULL,NULL,'0',190,'2019-07-03',NULL,NULL),(2834,243,17,4,19,NULL,40.00,'P',NULL,NULL,'0',192,'2019-07-03',NULL,NULL),(2835,234,17,4,19,NULL,28.00,'P',NULL,NULL,'0',192,'2019-07-03',NULL,NULL),(2836,591,26,6,38,NULL,18.00,'P',NULL,NULL,'0',199,'2019-07-03',NULL,NULL),(2837,247,17,4,19,NULL,28.00,'P',NULL,NULL,'0',192,'2019-07-03',NULL,NULL),(2838,598,26,6,38,NULL,40.00,'P',NULL,NULL,'0',199,'2019-07-03',NULL,NULL),(2839,274,18,4,19,NULL,16.00,'P',NULL,NULL,'0',190,'2019-07-03',NULL,NULL),(2840,259,17,4,19,NULL,22.00,'P',NULL,NULL,'0',192,'2019-07-03',NULL,NULL),(2841,257,17,4,19,NULL,25.00,'P',NULL,NULL,'0',192,'2019-07-03',NULL,NULL),(2842,587,26,6,38,NULL,37.00,'P',NULL,NULL,'0',199,'2019-07-03',NULL,NULL),(2843,260,17,4,19,NULL,35.00,'P',NULL,NULL,'0',192,'2019-07-03',NULL,NULL),(2844,273,18,4,19,NULL,24.00,'P',NULL,NULL,'0',190,'2019-07-03',NULL,NULL),(2845,604,26,6,38,NULL,30.00,'P',NULL,NULL,'0',199,'2019-07-03',NULL,NULL),(2846,288,18,4,19,NULL,29.00,'P',NULL,NULL,'0',190,'2019-07-03',NULL,NULL),(2847,580,26,6,38,NULL,37.00,'P',NULL,NULL,'0',199,'2019-07-03',NULL,NULL),(2848,271,18,4,19,NULL,26.00,'P',NULL,NULL,'0',190,'2019-07-03',NULL,NULL),(2849,295,18,4,19,NULL,19.00,'P',NULL,NULL,'0',190,'2019-07-03',NULL,NULL),(2850,261,17,4,19,NULL,10.00,'F',NULL,NULL,'0',192,'2019-07-03',NULL,NULL),(2851,595,26,6,38,NULL,39.00,'P',NULL,NULL,'0',199,'2019-07-03',NULL,NULL),(2852,578,26,6,38,NULL,26.00,'P',NULL,NULL,'0',199,'2019-07-03',NULL,NULL),(2853,301,18,4,19,NULL,35.00,'P',NULL,NULL,'0',190,'2019-07-03',NULL,NULL),(2854,265,18,4,19,NULL,35.00,'P',NULL,NULL,'0',190,'2019-07-03',190,'2020-03-04'),(2855,600,26,6,38,NULL,26.00,'P',NULL,NULL,'0',199,'2019-07-03',NULL,NULL),(2856,289,18,4,19,NULL,17.00,'P',NULL,NULL,'0',190,'2019-07-03',NULL,NULL),(2857,262,17,4,19,NULL,35.00,'P',NULL,NULL,'0',192,'2019-07-03',NULL,NULL),(2858,601,26,6,38,NULL,14.00,'P',NULL,NULL,'0',199,'2019-07-03',NULL,NULL),(2859,272,18,4,19,NULL,8.00,'F',NULL,NULL,'0',190,'2019-07-03',NULL,NULL),(2860,592,26,6,38,NULL,16.00,'P',NULL,NULL,'0',199,'2019-07-03',NULL,NULL),(2861,285,18,4,19,NULL,39.00,'P',NULL,NULL,'0',190,'2019-07-03',NULL,NULL),(2862,579,26,6,38,NULL,6.00,'F',NULL,NULL,'0',199,'2019-07-03',NULL,NULL),(2863,264,18,4,19,NULL,35.00,'P',NULL,NULL,'0',190,'2019-07-03',NULL,NULL),(2864,280,18,4,19,NULL,32.00,'P',NULL,NULL,'0',190,'2019-07-03',NULL,NULL),(2865,584,26,6,38,NULL,15.00,'P',NULL,NULL,'0',199,'2019-07-03',NULL,NULL),(2866,302,18,4,19,NULL,36.00,'P',NULL,NULL,'0',190,'2019-07-03',NULL,NULL),(2867,594,26,6,38,NULL,36.00,'P',NULL,NULL,'0',199,'2019-07-03',NULL,NULL),(2868,582,26,6,38,NULL,40.00,'P',NULL,NULL,'0',199,'2019-07-03',NULL,NULL),(2869,291,18,4,19,NULL,17.00,'P',NULL,NULL,'0',190,'2019-07-03',NULL,NULL),(2870,602,26,6,38,NULL,26.00,'P',NULL,NULL,'0',199,'2019-07-03',NULL,NULL),(2871,300,18,4,19,NULL,30.00,'P',NULL,NULL,'0',190,'2019-07-03',NULL,NULL),(2872,278,18,4,19,NULL,19.00,'P',NULL,NULL,'0',190,'2019-07-03',NULL,NULL),(2873,275,18,4,19,NULL,12.00,'P',NULL,NULL,'0',190,'2019-07-03',NULL,NULL),(2874,612,26,6,38,NULL,21.00,'P',NULL,NULL,'0',199,'2019-07-03',NULL,NULL),(2875,297,18,4,19,NULL,28.00,'P',NULL,NULL,'0',190,'2019-07-03',NULL,NULL),(2876,609,26,6,38,NULL,31.00,'P',NULL,NULL,'0',199,'2019-07-03',NULL,NULL),(2877,610,26,6,38,NULL,32.00,'P',NULL,NULL,'0',199,'2019-07-03',NULL,NULL),(2878,589,26,6,38,NULL,27.00,'P',NULL,NULL,'0',199,'2019-07-03',NULL,NULL),(2879,599,26,6,38,NULL,38.00,'P',NULL,NULL,'0',199,'2019-07-03',NULL,NULL),(2880,263,18,4,19,NULL,3.00,'F',NULL,NULL,'0',190,'2019-07-03',NULL,NULL),(2881,597,26,6,38,NULL,40.00,'P',NULL,NULL,'0',199,'2019-07-03',NULL,NULL),(2882,283,18,4,19,NULL,25.00,'P',NULL,NULL,'0',190,'2019-07-03',NULL,NULL),(2883,603,26,6,38,NULL,39.00,'P',NULL,NULL,'0',199,'2019-07-03',NULL,NULL),(2884,298,18,4,19,NULL,35.00,'P',NULL,NULL,'0',190,'2019-07-03',NULL,NULL),(2885,586,26,6,38,NULL,30.00,'P',NULL,NULL,'0',199,'2019-07-03',NULL,NULL),(2886,590,26,6,38,NULL,36.00,'P',NULL,NULL,'0',199,'2019-07-03',NULL,NULL),(2887,583,26,6,38,NULL,9.00,'F',NULL,NULL,'0',199,'2019-07-03',NULL,NULL),(2888,588,26,6,38,NULL,32.00,'P',NULL,NULL,'0',199,'2019-07-03',NULL,NULL),(2889,611,26,6,38,NULL,13.00,'P',NULL,NULL,'0',199,'2019-07-03',NULL,NULL),(2890,277,18,4,19,NULL,37.00,'P',NULL,NULL,'0',190,'2019-07-03',NULL,NULL),(2891,607,26,6,38,NULL,14.00,'P',NULL,NULL,'0',199,'2019-07-03',NULL,NULL),(2892,608,26,6,38,NULL,33.00,'P',NULL,NULL,'0',199,'2019-07-03',NULL,NULL),(2893,268,18,4,19,NULL,25.00,'P',NULL,NULL,'0',190,'2019-07-03',NULL,NULL),(2894,606,26,6,38,NULL,36.00,'P',NULL,NULL,'0',199,'2019-07-03',NULL,NULL),(2895,293,18,4,19,NULL,20.00,'P',NULL,NULL,'0',190,'2019-07-03',NULL,NULL),(2896,304,18,4,19,NULL,30.00,'P',NULL,NULL,'0',190,'2019-07-03',NULL,NULL),(2897,294,18,4,19,NULL,5.00,'F',NULL,NULL,'0',190,'2019-07-03',NULL,NULL),(2898,613,26,6,38,NULL,8.00,'F',NULL,NULL,'0',199,'2019-07-03',NULL,NULL),(2899,267,18,4,19,NULL,22.00,'P',NULL,NULL,'0',190,'2019-07-03',NULL,NULL),(2900,287,18,4,19,NULL,28.00,'P',NULL,NULL,'0',190,'2019-07-03',NULL,NULL),(2901,284,18,4,19,NULL,35.00,'P',NULL,NULL,'0',190,'2019-07-03',NULL,NULL),(2902,281,18,4,19,NULL,33.00,'P',NULL,NULL,'0',190,'2019-07-03',NULL,NULL),(2903,276,18,4,19,NULL,32.00,'P',NULL,NULL,'0',190,'2019-07-03',NULL,NULL),(2904,279,18,4,19,NULL,34.00,'P',NULL,NULL,'0',190,'2019-07-03',NULL,NULL),(2905,346,21,5,29,NULL,2.00,'F',NULL,NULL,'0',199,'2019-07-03',NULL,NULL),(2906,332,21,5,29,NULL,30.00,'P',NULL,NULL,'0',199,'2019-07-03',NULL,NULL),(2907,342,21,5,29,NULL,40.00,'P',NULL,NULL,'0',199,'2019-07-03',NULL,NULL),(2908,334,21,5,29,NULL,32.00,'P',NULL,NULL,'0',199,'2019-07-03',NULL,NULL),(2909,324,21,5,29,NULL,29.00,'P',NULL,NULL,'0',199,'2019-07-03',NULL,NULL),(2910,328,21,5,29,NULL,39.00,'P',NULL,NULL,'0',199,'2019-07-03',NULL,NULL),(2911,326,21,5,29,NULL,39.00,'P',NULL,NULL,'0',199,'2019-07-03',NULL,NULL),(2912,325,21,5,29,NULL,40.00,'P',NULL,NULL,'0',199,'2019-07-03',NULL,NULL),(2913,303,18,4,19,NULL,7.00,'F',NULL,NULL,'0',190,'2019-07-03',NULL,NULL),(2914,344,21,5,29,NULL,35.00,'P',NULL,NULL,'0',199,'2019-07-03',NULL,NULL),(2915,307,18,4,19,NULL,31.00,'P',NULL,NULL,'0',190,'2019-07-03',NULL,NULL),(2916,341,21,5,29,NULL,38.00,'P',NULL,NULL,'0',199,'2019-07-03',NULL,NULL),(2917,306,18,4,19,NULL,30.00,'P',NULL,NULL,'0',190,'2019-07-03',NULL,NULL),(2918,335,21,5,29,NULL,0.00,'F',NULL,NULL,'1',199,'2019-07-03',199,'2019-07-03'),(2919,305,18,4,19,NULL,34.00,'P',NULL,NULL,'0',190,'2019-07-03',NULL,NULL),(2920,308,18,4,19,NULL,28.00,'P',NULL,NULL,'0',190,'2019-07-03',NULL,NULL),(2921,323,21,5,29,NULL,39.00,'P',NULL,NULL,'0',199,'2019-07-03',NULL,NULL),(2922,309,18,4,19,NULL,1.00,'F',NULL,NULL,'0',190,'2019-07-03',NULL,NULL),(2923,340,21,5,29,NULL,24.00,'P',NULL,NULL,'0',199,'2019-07-03',NULL,NULL),(2924,310,18,4,19,NULL,3.00,'F',NULL,NULL,'0',190,'2019-07-03',NULL,NULL),(2925,311,21,5,29,NULL,20.00,'P',NULL,NULL,'0',199,'2019-07-03',NULL,NULL),(2926,333,21,5,29,NULL,40.00,'P',NULL,NULL,'0',199,'2019-07-03',NULL,NULL),(2927,345,21,5,29,NULL,31.00,'P',NULL,NULL,'0',199,'2019-07-03',NULL,NULL),(2928,329,21,5,29,NULL,23.00,'P',NULL,NULL,'0',199,'2019-07-03',NULL,NULL),(2929,336,21,5,29,NULL,38.00,'P',NULL,NULL,'0',199,'2019-07-03',NULL,NULL),(2930,79,9,2,8,NULL,36.00,'P',NULL,NULL,'0',190,'2019-07-03',NULL,NULL),(2931,330,21,5,29,NULL,31.00,'P',NULL,NULL,'0',199,'2019-07-03',NULL,NULL),(2932,64,9,2,8,NULL,35.00,'P',NULL,NULL,'0',190,'2019-07-03',NULL,NULL),(2933,339,21,5,29,NULL,26.00,'P',NULL,NULL,'0',199,'2019-07-03',NULL,NULL),(2934,62,9,2,8,NULL,40.00,'P',NULL,NULL,'0',190,'2019-07-03',NULL,NULL),(2935,338,21,5,29,NULL,11.00,'F',NULL,NULL,'0',199,'2019-07-03',NULL,NULL),(2936,52,9,2,8,NULL,33.00,'P',NULL,NULL,'0',190,'2019-07-03',NULL,NULL),(2937,320,21,5,29,NULL,40.00,'P',NULL,NULL,'0',199,'2019-07-03',NULL,NULL),(2938,83,9,2,8,NULL,25.00,'P',NULL,NULL,'0',190,'2019-07-03',NULL,NULL),(2939,313,21,5,29,NULL,40.00,'P',NULL,NULL,'0',199,'2019-07-03',NULL,NULL),(2940,322,21,5,29,NULL,13.00,'P',NULL,NULL,'0',199,'2019-07-03',NULL,NULL),(2941,50,9,2,8,NULL,39.00,'P',NULL,NULL,'0',190,'2019-07-03',NULL,NULL),(2942,316,21,5,29,NULL,40.00,'P',NULL,NULL,'0',199,'2019-07-03',NULL,NULL),(2943,343,21,5,29,NULL,27.00,'P',NULL,NULL,'0',199,'2019-07-03',NULL,NULL),(2944,76,9,2,8,NULL,34.00,'P',NULL,NULL,'0',190,'2019-07-03',NULL,NULL),(2945,331,21,5,29,NULL,4.00,'F',NULL,NULL,'0',199,'2019-07-03',NULL,NULL),(2946,51,9,2,8,NULL,21.00,'P',NULL,NULL,'0',190,'2019-07-03',NULL,NULL),(2947,61,9,2,8,NULL,24.00,'P',NULL,NULL,'0',190,'2019-07-03',NULL,NULL),(2948,315,21,5,29,NULL,36.00,'P',NULL,NULL,'0',199,'2019-07-03',NULL,NULL),(2949,54,9,2,8,NULL,22.00,'P',NULL,NULL,'0',190,'2019-07-03',NULL,NULL),(2950,312,21,5,29,NULL,17.00,'P',NULL,NULL,'0',199,'2019-07-03',NULL,NULL),(2951,58,9,2,8,NULL,33.00,'P',NULL,NULL,'0',190,'2019-07-03',NULL,NULL),(2952,321,21,5,29,NULL,40.00,'P',NULL,NULL,'0',199,'2019-07-03',NULL,NULL),(2953,65,9,2,8,NULL,29.00,'P',NULL,NULL,'0',190,'2019-07-03',NULL,NULL),(2954,327,21,5,29,NULL,29.00,'P',NULL,NULL,'0',199,'2019-07-03',NULL,NULL),(2955,47,9,2,8,NULL,26.00,'P',NULL,NULL,'0',190,'2019-07-03',NULL,NULL),(2956,319,21,5,29,NULL,32.00,'P',NULL,NULL,'0',199,'2019-07-03',NULL,NULL),(2957,70,9,2,8,NULL,19.00,'P',NULL,NULL,'0',190,'2019-07-03',NULL,NULL),(2958,68,9,2,8,NULL,38.00,'P',NULL,NULL,'0',190,'2019-07-03',NULL,NULL),(2959,318,21,5,29,NULL,40.00,'P',NULL,NULL,'0',199,'2019-07-03',NULL,NULL),(2960,57,9,2,8,NULL,38.00,'P',NULL,NULL,'0',190,'2019-07-03',NULL,NULL),(2961,351,21,5,29,NULL,37.00,'P',NULL,NULL,'0',199,'2019-07-03',NULL,NULL),(2962,46,9,2,8,NULL,35.00,'P',NULL,NULL,'0',190,'2019-07-03',NULL,NULL),(2963,73,9,2,8,NULL,26.00,'P',NULL,NULL,'0',190,'2019-07-03',NULL,NULL),(2964,60,9,2,8,NULL,40.00,'P',NULL,NULL,'0',190,'2019-07-03',NULL,NULL),(2965,71,9,2,8,NULL,40.00,'P',NULL,NULL,'0',190,'2019-07-03',NULL,NULL),(2966,49,9,2,8,NULL,40.00,'P',NULL,NULL,'0',190,'2019-07-03',NULL,NULL),(2967,53,9,2,8,NULL,32.00,'P',NULL,NULL,'0',190,'2019-07-03',NULL,NULL),(2968,314,21,5,29,NULL,23.00,'P',NULL,NULL,'0',199,'2019-07-03',NULL,NULL),(2969,45,9,2,8,NULL,32.00,'P',NULL,NULL,'0',190,'2019-07-03',NULL,NULL),(2970,337,21,5,29,NULL,10.00,'F',NULL,NULL,'0',199,'2019-07-03',NULL,NULL),(2971,72,9,2,8,NULL,40.00,'P',NULL,NULL,'0',190,'2019-07-03',NULL,NULL),(2972,317,21,5,29,NULL,11.00,'F',NULL,NULL,'0',199,'2019-07-03',NULL,NULL),(2973,81,9,2,8,NULL,40.00,'P',NULL,NULL,'0',190,'2019-07-03',NULL,NULL),(2974,349,21,5,29,NULL,36.00,'P',NULL,NULL,'0',199,'2019-07-03',NULL,NULL),(2975,347,21,5,29,NULL,39.00,'P',NULL,NULL,'0',199,'2019-07-03',NULL,NULL),(2976,80,9,2,8,NULL,35.00,'P',NULL,NULL,'0',190,'2019-07-03',NULL,NULL),(2977,348,21,5,29,NULL,40.00,'P',NULL,NULL,'0',199,'2019-07-03',NULL,NULL),(2978,78,9,2,8,NULL,36.00,'P',NULL,NULL,'0',190,'2019-07-03',NULL,NULL),(2979,350,21,5,29,NULL,26.00,'P',NULL,NULL,'0',199,'2019-07-03',NULL,NULL),(2980,74,9,2,8,NULL,36.00,'P',NULL,NULL,'0',190,'2019-07-03',NULL,NULL),(2981,352,21,5,29,NULL,27.00,'P',NULL,NULL,'0',199,'2019-07-03',NULL,NULL),(2982,67,9,2,8,NULL,33.00,'P',NULL,NULL,'0',190,'2019-07-03',NULL,NULL),(2983,353,21,5,29,NULL,34.00,'P',NULL,NULL,'0',199,'2019-07-03',NULL,NULL),(2984,59,9,2,8,NULL,37.00,'P',NULL,NULL,'0',190,'2019-07-03',NULL,NULL),(2985,75,9,2,8,NULL,35.00,'P',NULL,NULL,'0',190,'2019-07-03',NULL,NULL),(2986,63,9,2,8,NULL,35.00,'P',NULL,NULL,'0',190,'2019-07-03',NULL,NULL),(2987,55,9,2,8,NULL,37.00,'P',NULL,NULL,'0',190,'2019-07-03',NULL,NULL),(2988,56,9,2,8,NULL,34.00,'P',NULL,NULL,'0',190,'2019-07-03',NULL,NULL),(2989,77,9,2,8,NULL,34.00,'P',NULL,NULL,'0',190,'2019-07-03',NULL,NULL),(2990,66,9,2,8,NULL,32.00,'P',NULL,NULL,'0',190,'2019-07-03',NULL,NULL),(2991,84,9,2,8,NULL,35.00,'P',NULL,NULL,'0',190,'2019-07-03',NULL,NULL),(2992,85,9,2,8,NULL,30.00,'P',NULL,NULL,'0',190,'2019-07-03',NULL,NULL),(2993,86,9,2,8,NULL,34.00,'P',NULL,NULL,'0',190,'2019-07-03',NULL,NULL),(2994,87,9,2,8,NULL,40.00,'P',NULL,NULL,'0',190,'2019-07-03',NULL,NULL),(2995,88,9,2,8,NULL,29.00,'P',NULL,NULL,'0',190,'2019-07-03',NULL,NULL),(2996,82,9,2,8,NULL,19.00,'P',NULL,NULL,'0',190,'2019-07-03',NULL,NULL),(2997,48,9,2,8,NULL,0.00,'F',NULL,NULL,'1',190,'2019-07-03',NULL,NULL),(2998,557,25,6,39,NULL,10.00,'F',NULL,NULL,'0',209,'2019-07-03',NULL,NULL),(2999,547,25,6,39,NULL,28.00,'P',NULL,NULL,'0',209,'2019-07-03',NULL,NULL),(3000,554,25,6,39,NULL,6.00,'F',NULL,NULL,'0',209,'2019-07-03',NULL,NULL),(3001,560,25,6,39,NULL,15.00,'P',NULL,NULL,'0',209,'2019-07-03',NULL,NULL),(3002,549,25,6,39,NULL,22.00,'P',NULL,NULL,'0',209,'2019-07-03',NULL,NULL),(3003,545,25,6,39,NULL,6.00,'F',NULL,NULL,'0',209,'2019-07-03',NULL,NULL),(3004,572,25,6,39,NULL,24.00,'P',NULL,NULL,'0',209,'2019-07-03',NULL,NULL),(3005,543,25,6,39,NULL,30.00,'P',NULL,NULL,'0',209,'2019-07-03',NULL,NULL),(3006,550,25,6,39,NULL,14.00,'P',NULL,NULL,'0',209,'2019-07-03',NULL,NULL),(3007,561,25,6,39,NULL,14.00,'P',NULL,NULL,'0',209,'2019-07-03',NULL,NULL),(3008,553,25,6,39,NULL,26.00,'P',NULL,NULL,'0',209,'2019-07-03',NULL,NULL),(3009,567,25,6,39,NULL,11.00,'F',NULL,NULL,'0',209,'2019-07-03',NULL,NULL),(3010,566,25,6,39,NULL,17.00,'P',NULL,NULL,'0',209,'2019-07-03',NULL,NULL),(3011,555,25,6,39,NULL,12.00,'P',NULL,NULL,'0',209,'2019-07-03',NULL,NULL),(3012,546,25,6,39,NULL,20.00,'P',NULL,NULL,'0',209,'2019-07-03',NULL,NULL),(3013,569,25,6,39,NULL,19.00,'P',NULL,NULL,'0',209,'2019-07-03',NULL,NULL),(3014,568,25,6,39,NULL,17.00,'P',NULL,NULL,'0',209,'2019-07-03',NULL,NULL),(3015,565,25,6,39,NULL,29.00,'P',NULL,NULL,'0',209,'2019-07-03',NULL,NULL),(3016,571,25,6,39,NULL,10.00,'F',NULL,NULL,'0',209,'2019-07-03',NULL,NULL),(3017,544,25,6,39,NULL,22.00,'P',NULL,NULL,'0',209,'2019-07-03',NULL,NULL),(3018,559,25,6,39,NULL,29.00,'P',NULL,NULL,'0',209,'2019-07-03',NULL,NULL),(3019,563,25,6,39,NULL,20.00,'P',NULL,NULL,'0',209,'2019-07-03',NULL,NULL),(3020,564,25,6,39,NULL,29.00,'P',NULL,NULL,'0',209,'2019-07-03',NULL,NULL),(3021,570,25,6,39,NULL,16.00,'P',NULL,NULL,'0',209,'2019-07-03',NULL,NULL),(3022,551,25,6,39,NULL,26.00,'P',NULL,NULL,'0',209,'2019-07-03',NULL,NULL),(3023,558,25,6,39,NULL,25.00,'P',NULL,NULL,'0',209,'2019-07-03',NULL,NULL),(3024,552,25,6,39,NULL,16.00,'P',NULL,NULL,'0',209,'2019-07-03',NULL,NULL),(3025,574,25,6,39,NULL,9.00,'F',NULL,NULL,'0',209,'2019-07-03',NULL,NULL),(3026,556,25,6,39,NULL,24.00,'P',NULL,NULL,'0',209,'2019-07-03',NULL,NULL),(3027,548,25,6,39,NULL,29.00,'P',NULL,NULL,'0',209,'2019-07-03',NULL,NULL),(3028,562,25,6,39,NULL,30.00,'P',NULL,NULL,'0',209,'2019-07-03',NULL,NULL),(3029,79,9,2,1,NULL,39.00,'P',NULL,NULL,'0',188,'2019-07-03',NULL,NULL),(3030,577,25,6,39,NULL,16.00,'P',NULL,NULL,'0',209,'2019-07-03',NULL,NULL),(3031,576,25,6,39,NULL,32.00,'P',NULL,NULL,'0',209,'2019-07-03',NULL,NULL),(3032,64,9,2,1,NULL,37.00,'P',NULL,NULL,'0',188,'2019-07-03',NULL,NULL),(3033,573,25,6,39,NULL,21.00,'P',NULL,NULL,'0',209,'2019-07-03',NULL,NULL),(3034,62,9,2,1,NULL,40.00,'P',NULL,NULL,'0',188,'2019-07-03',NULL,NULL),(3035,575,25,6,39,NULL,14.00,'P',NULL,NULL,'0',209,'2019-07-03',NULL,NULL),(3036,52,9,2,1,NULL,39.00,'P',NULL,NULL,'0',188,'2019-07-03',NULL,NULL),(3037,83,9,2,1,NULL,28.00,'P',NULL,NULL,'0',188,'2019-07-03',NULL,NULL),(3038,50,9,2,1,NULL,40.00,'P',NULL,NULL,'0',188,'2019-07-03',NULL,NULL),(3039,642,29,7,49,NULL,42.00,'P',NULL,NULL,'0',209,'2019-07-03',NULL,NULL),(3040,647,29,7,49,NULL,21.00,'P',NULL,NULL,'0',209,'2019-07-03',NULL,NULL),(3041,76,9,2,1,NULL,40.00,'P',NULL,NULL,'0',188,'2019-07-03',NULL,NULL),(3042,615,29,7,49,NULL,46.00,'P',NULL,NULL,'0',209,'2019-07-03',NULL,NULL),(3043,627,29,7,49,NULL,29.00,'P',NULL,NULL,'0',209,'2019-07-03',NULL,NULL),(3044,634,29,7,49,NULL,0.00,'F',NULL,NULL,'1',209,'2019-07-03',NULL,NULL),(3045,624,29,7,49,NULL,18.00,'P',NULL,NULL,'0',209,'2019-07-03',NULL,NULL),(3046,69,9,2,1,NULL,0.00,'F',NULL,NULL,'1',188,'2019-07-03',NULL,NULL),(3047,623,29,7,49,NULL,18.00,'P',NULL,NULL,'0',209,'2019-07-03',NULL,NULL),(3048,626,29,7,49,NULL,20.00,'P',NULL,NULL,'0',209,'2019-07-03',NULL,NULL),(3049,618,29,7,49,NULL,13.00,'F',NULL,NULL,'0',209,'2019-07-03',NULL,NULL),(3050,646,29,7,49,NULL,45.00,'P',NULL,NULL,'0',209,'2019-07-03',NULL,NULL),(3051,51,9,2,1,NULL,37.00,'P',NULL,NULL,'0',188,'2019-07-03',NULL,NULL),(3052,637,29,7,49,NULL,39.00,'P',NULL,NULL,'0',209,'2019-07-03',NULL,NULL),(3053,648,29,7,49,NULL,42.00,'P',NULL,NULL,'0',209,'2019-07-03',NULL,NULL),(3054,61,9,2,1,NULL,28.00,'P',NULL,NULL,'0',188,'2019-07-03',NULL,NULL),(3055,54,9,2,1,NULL,14.00,'P',NULL,NULL,'0',188,'2019-07-03',NULL,NULL),(3056,620,29,7,49,NULL,47.00,'P',NULL,NULL,'0',209,'2019-07-03',NULL,NULL),(3057,617,29,7,49,NULL,11.00,'F',NULL,NULL,'0',209,'2019-07-03',NULL,NULL),(3058,628,29,7,49,NULL,19.00,'P',NULL,NULL,'0',209,'2019-07-03',NULL,NULL),(3059,58,9,2,1,NULL,39.00,'P',NULL,NULL,'0',188,'2019-07-03',NULL,NULL),(3060,635,29,7,49,NULL,18.00,'P',NULL,NULL,'0',209,'2019-07-03',NULL,NULL),(3061,632,29,7,49,NULL,32.00,'P',NULL,NULL,'0',209,'2019-07-03',NULL,NULL),(3062,638,29,7,49,NULL,19.00,'P',NULL,NULL,'0',209,'2019-07-03',NULL,NULL),(3063,65,9,2,1,NULL,37.00,'P',NULL,NULL,'0',188,'2019-07-03',NULL,NULL),(3064,625,29,7,49,NULL,18.00,'P',NULL,NULL,'0',209,'2019-07-03',NULL,NULL),(3065,643,29,7,49,NULL,33.00,'P',NULL,NULL,'0',209,'2019-07-03',NULL,NULL),(3066,47,9,2,1,NULL,27.00,'P',NULL,NULL,'0',188,'2019-07-03',NULL,NULL),(3067,644,29,7,49,NULL,48.00,'P',NULL,NULL,'0',209,'2019-07-03',NULL,NULL),(3068,629,29,7,49,NULL,30.00,'P',NULL,NULL,'0',209,'2019-07-03',NULL,NULL),(3069,70,9,2,1,NULL,30.00,'P',NULL,NULL,'0',188,'2019-07-03',NULL,NULL),(3070,621,29,7,49,NULL,34.00,'P',NULL,NULL,'0',209,'2019-07-03',NULL,NULL),(3071,641,29,7,49,NULL,44.00,'P',NULL,NULL,'0',209,'2019-07-03',NULL,NULL),(3072,68,9,2,1,NULL,40.00,'P',NULL,NULL,'0',188,'2019-07-03',NULL,NULL),(3073,640,29,7,49,NULL,50.00,'P',NULL,NULL,'0',209,'2019-07-03',NULL,NULL),(3074,57,9,2,1,NULL,40.00,'P',NULL,NULL,'0',188,'2019-07-03',NULL,NULL),(3075,645,29,7,49,NULL,49.00,'P',NULL,NULL,'0',209,'2019-07-03',NULL,NULL),(3076,630,29,7,49,NULL,48.00,'P',NULL,NULL,'0',209,'2019-07-03',NULL,NULL),(3077,631,29,7,49,NULL,19.00,'P',NULL,NULL,'0',209,'2019-07-03',NULL,NULL),(3078,636,29,7,49,NULL,33.00,'P',NULL,NULL,'0',209,'2019-07-03',NULL,NULL),(3079,622,29,7,49,NULL,12.00,'F',NULL,NULL,'0',209,'2019-07-03',NULL,NULL),(3080,619,29,7,49,NULL,16.00,'F',NULL,NULL,'0',209,'2019-07-03',NULL,NULL),(3081,639,29,7,49,NULL,24.00,'P',NULL,NULL,'0',209,'2019-07-03',NULL,NULL),(3082,616,29,7,49,NULL,41.00,'P',NULL,NULL,'0',209,'2019-07-03',NULL,NULL),(3083,633,29,7,49,NULL,27.00,'P',NULL,NULL,'0',209,'2019-07-03',NULL,NULL),(3084,650,29,7,49,NULL,42.00,'P',NULL,NULL,'0',209,'2019-07-03',NULL,NULL),(3085,649,29,7,49,NULL,26.00,'P',NULL,NULL,'0',209,'2019-07-03',NULL,NULL),(3086,614,29,7,49,NULL,42.00,'P',NULL,NULL,'0',209,'2019-07-03',NULL,NULL),(3087,46,9,2,1,NULL,25.00,'P',NULL,NULL,'0',188,'2019-07-03',NULL,NULL),(3088,73,9,2,1,NULL,33.00,'P',NULL,NULL,'0',188,'2019-07-03',NULL,NULL),(3089,60,9,2,1,NULL,40.00,'P',NULL,NULL,'0',188,'2019-07-03',NULL,NULL),(3090,71,9,2,1,NULL,40.00,'P',NULL,NULL,'0',188,'2019-07-03',NULL,NULL),(3091,49,9,2,1,NULL,40.00,'P',NULL,NULL,'0',188,'2019-07-03',NULL,NULL),(3092,53,9,2,1,NULL,40.00,'P',NULL,NULL,'0',188,'2019-07-03',NULL,NULL),(3093,45,9,2,1,NULL,40.00,'P',NULL,NULL,'0',188,'2019-07-03',NULL,NULL),(3094,72,9,2,1,NULL,40.00,'P',NULL,NULL,'0',188,'2019-07-03',NULL,NULL),(3095,81,9,2,1,NULL,40.00,'P',NULL,NULL,'0',188,'2019-07-03',NULL,NULL),(3096,80,9,2,1,NULL,40.00,'P',NULL,NULL,'0',188,'2019-07-03',NULL,NULL),(3097,78,9,2,1,NULL,40.00,'P',NULL,NULL,'0',188,'2019-07-03',NULL,NULL),(3098,702,33,8,57,NULL,37.00,'P',NULL,NULL,'0',209,'2019-07-03',NULL,NULL),(3099,700,33,8,57,NULL,27.00,'P',NULL,NULL,'0',209,'2019-07-03',NULL,NULL),(3100,706,33,8,57,NULL,30.00,'P',NULL,NULL,'0',209,'2019-07-03',209,'2019-07-03'),(3101,74,9,2,1,NULL,37.00,'P',NULL,NULL,'0',188,'2019-07-03',NULL,NULL),(3102,710,33,8,57,NULL,50.00,'P',NULL,NULL,'0',209,'2019-07-03',NULL,NULL),(3103,67,9,2,1,NULL,40.00,'P',NULL,NULL,'0',188,'2019-07-03',NULL,NULL),(3104,59,9,2,1,NULL,36.00,'P',NULL,NULL,'0',188,'2019-07-03',NULL,NULL),(3105,708,33,8,57,NULL,22.00,'P',NULL,NULL,'0',209,'2019-07-03',NULL,NULL),(3106,732,33,8,57,NULL,18.00,'P',NULL,NULL,'0',209,'2019-07-03',NULL,NULL),(3107,726,33,8,57,NULL,0.00,'F',NULL,NULL,'1',209,'2019-07-03',NULL,NULL),(3108,691,33,8,57,NULL,14.00,'F',NULL,NULL,'0',209,'2019-07-03',NULL,NULL),(3109,709,33,8,57,NULL,12.00,'F',NULL,NULL,'0',209,'2019-07-03',NULL,NULL),(3110,714,33,8,57,NULL,40.00,'P',NULL,NULL,'0',209,'2019-07-03',NULL,NULL),(3111,722,33,8,57,NULL,26.00,'P',NULL,NULL,'0',209,'2019-07-03',NULL,NULL),(3112,705,33,8,57,NULL,26.00,'P',NULL,NULL,'0',209,'2019-07-03',NULL,NULL),(3113,698,33,8,57,NULL,22.00,'P',NULL,NULL,'0',209,'2019-07-03',NULL,NULL),(3114,703,33,8,57,NULL,29.00,'P',NULL,NULL,'0',209,'2019-07-03',NULL,NULL),(3115,713,33,8,57,NULL,40.00,'P',NULL,NULL,'0',209,'2019-07-03',NULL,NULL),(3116,723,33,8,57,NULL,11.00,'F',NULL,NULL,'0',209,'2019-07-03',NULL,NULL),(3117,718,33,8,57,NULL,42.00,'P',NULL,NULL,'0',209,'2019-07-03',NULL,NULL),(3118,721,33,8,57,NULL,46.00,'P',NULL,NULL,'0',209,'2019-07-03',NULL,NULL),(3119,75,9,2,1,NULL,40.00,'P',NULL,NULL,'0',188,'2019-07-03',NULL,NULL),(3120,697,33,8,57,NULL,40.00,'P',NULL,NULL,'0',209,'2019-07-03',NULL,NULL),(3121,717,33,8,57,NULL,24.00,'P',NULL,NULL,'0',209,'2019-07-03',NULL,NULL),(3122,63,9,2,1,NULL,39.00,'P',NULL,NULL,'0',188,'2019-07-03',NULL,NULL),(3123,695,33,8,57,NULL,39.00,'P',NULL,NULL,'0',209,'2019-07-03',NULL,NULL),(3124,696,33,8,57,NULL,32.00,'P',NULL,NULL,'0',209,'2019-07-03',NULL,NULL),(3125,719,33,8,57,NULL,46.00,'P',NULL,NULL,'0',209,'2019-07-03',NULL,NULL),(3126,699,33,8,57,NULL,14.00,'F',NULL,NULL,'0',209,'2019-07-03',NULL,NULL),(3127,707,33,8,57,NULL,32.00,'P',NULL,NULL,'0',209,'2019-07-03',NULL,NULL),(3128,692,33,8,57,NULL,35.00,'P',NULL,NULL,'0',209,'2019-07-03',NULL,NULL),(3129,712,33,8,57,NULL,13.00,'F',NULL,NULL,'0',209,'2019-07-03',NULL,NULL),(3130,690,33,8,57,NULL,41.00,'P',NULL,NULL,'0',209,'2019-07-03',NULL,NULL),(3131,694,33,8,57,NULL,30.00,'P',NULL,NULL,'0',209,'2019-07-03',NULL,NULL),(3132,725,33,8,57,NULL,43.00,'P',NULL,NULL,'0',209,'2019-07-03',NULL,NULL),(3133,715,33,8,57,NULL,42.00,'P',NULL,NULL,'0',209,'2019-07-03',NULL,NULL),(3134,704,33,8,57,NULL,47.00,'P',NULL,NULL,'0',209,'2019-07-03',NULL,NULL),(3135,693,33,8,57,NULL,28.00,'P',NULL,NULL,'0',209,'2019-07-03',NULL,NULL),(3136,716,33,8,57,NULL,25.00,'P',NULL,NULL,'0',209,'2019-07-03',NULL,NULL),(3137,701,33,8,57,NULL,26.00,'P',NULL,NULL,'0',209,'2019-07-03',NULL,NULL),(3138,720,33,8,57,NULL,30.00,'P',NULL,NULL,'0',209,'2019-07-03',NULL,NULL),(3139,689,33,8,57,NULL,33.00,'P',NULL,NULL,'0',209,'2019-07-03',NULL,NULL),(3140,711,33,8,57,NULL,50.00,'P',NULL,NULL,'0',209,'2019-07-03',NULL,NULL),(3141,727,33,8,57,NULL,47.00,'P',NULL,NULL,'0',209,'2019-07-03',NULL,NULL),(3142,729,33,8,57,NULL,30.00,'P',NULL,NULL,'0',209,'2019-07-03',209,'2019-07-03'),(3143,730,33,8,57,NULL,27.00,'P',NULL,NULL,'0',209,'2019-07-03',NULL,NULL),(3144,731,33,8,57,NULL,29.00,'P',NULL,NULL,'0',209,'2019-07-03',NULL,NULL),(3145,728,33,8,57,NULL,27.00,'P',NULL,NULL,'0',209,'2019-07-03',NULL,NULL),(3146,724,33,8,57,NULL,34.00,'P',NULL,NULL,'0',209,'2019-07-03',NULL,NULL),(3147,733,33,8,57,NULL,49.00,'P',NULL,NULL,'0',209,'2019-07-03',NULL,NULL),(3148,734,33,8,57,NULL,32.00,'P',NULL,NULL,'0',209,'2019-07-03',NULL,NULL),(3149,735,33,8,57,NULL,40.00,'P',NULL,NULL,'0',209,'2019-07-03',NULL,NULL),(3150,55,9,2,1,NULL,40.00,'P',NULL,NULL,'0',188,'2019-07-03',NULL,NULL),(3151,56,9,2,1,NULL,35.00,'P',NULL,NULL,'0',188,'2019-07-03',NULL,NULL),(3152,290,18,4,21,NULL,16.00,'P',NULL,NULL,'0',189,'2019-07-03',NULL,NULL),(3153,286,18,4,21,NULL,40.00,'P',NULL,NULL,'0',189,'2019-07-03',NULL,NULL),(3154,296,18,4,21,NULL,40.00,'P',NULL,NULL,'0',189,'2019-07-03',NULL,NULL),(3155,292,18,4,21,NULL,40.00,'P',NULL,NULL,'0',189,'2019-07-03',NULL,NULL),(3156,269,18,4,21,NULL,34.00,'P',NULL,NULL,'0',189,'2019-07-03',NULL,NULL),(3157,299,18,4,21,NULL,19.00,'P',NULL,NULL,'0',189,'2019-07-03',NULL,NULL),(3158,270,18,4,21,NULL,37.00,'P',NULL,NULL,'0',189,'2019-07-03',NULL,NULL),(3159,642,29,7,48,NULL,48.00,'P',NULL,NULL,'0',205,'2019-07-03',NULL,NULL),(3160,266,18,4,21,NULL,29.00,'P',NULL,NULL,'0',189,'2019-07-03',NULL,NULL),(3161,647,29,7,48,NULL,42.00,'P',NULL,NULL,'0',205,'2019-07-03',NULL,NULL),(3162,282,18,4,21,NULL,33.00,'P',NULL,NULL,'0',189,'2019-07-03',NULL,NULL),(3163,615,29,7,48,NULL,44.00,'P',NULL,NULL,'0',205,'2019-07-03',NULL,NULL),(3164,274,18,4,21,NULL,34.00,'P',NULL,NULL,'0',189,'2019-07-03',NULL,NULL),(3165,627,29,7,48,NULL,35.00,'P',NULL,NULL,'0',205,'2019-07-03',NULL,NULL),(3166,634,29,7,48,NULL,0.00,'F',NULL,NULL,'1',205,'2019-07-03',NULL,NULL),(3167,273,18,4,21,NULL,31.00,'P',NULL,NULL,'0',189,'2019-07-03',NULL,NULL),(3168,624,29,7,48,NULL,17.00,'P',NULL,NULL,'0',205,'2019-07-03',NULL,NULL),(3169,288,18,4,21,NULL,36.00,'P',NULL,NULL,'0',189,'2019-07-03',NULL,NULL),(3170,623,29,7,48,NULL,24.00,'P',NULL,NULL,'0',205,'2019-07-03',NULL,NULL),(3171,626,29,7,48,NULL,38.00,'P',NULL,NULL,'0',205,'2019-07-03',NULL,NULL),(3172,271,18,4,21,NULL,39.00,'P',NULL,NULL,'0',189,'2019-07-03',NULL,NULL),(3173,618,29,7,48,NULL,21.00,'P',NULL,NULL,'0',205,'2019-07-03',NULL,NULL),(3174,295,18,4,21,NULL,34.00,'P',NULL,NULL,'0',189,'2019-07-03',NULL,NULL),(3175,646,29,7,48,NULL,40.00,'P',NULL,NULL,'0',205,'2019-07-03',NULL,NULL),(3176,637,29,7,48,NULL,21.00,'P',NULL,NULL,'0',205,'2019-07-03',NULL,NULL),(3177,301,18,4,21,NULL,38.00,'P',NULL,NULL,'0',189,'2019-07-03',NULL,NULL),(3178,648,29,7,48,NULL,40.00,'P',NULL,NULL,'0',205,'2019-07-03',NULL,NULL),(3179,620,29,7,48,NULL,47.00,'P',NULL,NULL,'0',205,'2019-07-03',NULL,NULL),(3180,617,29,7,48,NULL,21.00,'P',NULL,NULL,'0',205,'2019-07-03',NULL,NULL),(3181,265,18,4,21,NULL,38.00,'P',NULL,NULL,'0',189,'2019-07-03',NULL,NULL),(3182,628,29,7,48,NULL,18.00,'P',NULL,NULL,'0',205,'2019-07-03',NULL,NULL),(3183,289,18,4,21,NULL,32.00,'P',NULL,NULL,'0',189,'2019-07-03',NULL,NULL),(3184,635,29,7,48,NULL,18.00,'P',NULL,NULL,'0',205,'2019-07-03',NULL,NULL),(3185,632,29,7,48,NULL,20.00,'P',NULL,NULL,'0',205,'2019-07-03',NULL,NULL),(3186,272,18,4,21,NULL,22.00,'P',NULL,NULL,'0',189,'2019-07-03',NULL,NULL),(3187,638,29,7,48,NULL,26.00,'P',NULL,NULL,'0',205,'2019-07-03',NULL,NULL),(3188,285,18,4,21,NULL,36.00,'P',NULL,NULL,'0',189,'2019-07-03',NULL,NULL),(3189,625,29,7,48,NULL,11.00,'F',NULL,NULL,'0',205,'2019-07-03',NULL,NULL),(3190,264,18,4,21,NULL,36.00,'P',NULL,NULL,'0',189,'2019-07-03',NULL,NULL),(3191,643,29,7,48,NULL,38.00,'P',NULL,NULL,'0',205,'2019-07-03',NULL,NULL),(3192,280,18,4,21,NULL,37.00,'P',NULL,NULL,'0',189,'2019-07-03',NULL,NULL),(3193,644,29,7,48,NULL,47.00,'P',NULL,NULL,'0',205,'2019-07-03',NULL,NULL),(3194,302,18,4,21,NULL,35.00,'P',NULL,NULL,'0',189,'2019-07-03',NULL,NULL),(3195,629,29,7,48,NULL,34.00,'P',NULL,NULL,'0',205,'2019-07-03',NULL,NULL),(3196,291,18,4,21,NULL,29.00,'P',NULL,NULL,'0',189,'2019-07-03',NULL,NULL),(3197,621,29,7,48,NULL,27.00,'P',NULL,NULL,'0',205,'2019-07-03',NULL,NULL),(3198,300,18,4,21,NULL,34.00,'P',NULL,NULL,'0',189,'2019-07-03',NULL,NULL),(3199,641,29,7,48,NULL,27.00,'P',NULL,NULL,'0',205,'2019-07-03',NULL,NULL),(3200,640,29,7,48,NULL,44.00,'P',NULL,NULL,'0',205,'2019-07-03',NULL,NULL),(3201,278,18,4,21,NULL,21.00,'P',NULL,NULL,'0',189,'2019-07-03',NULL,NULL),(3202,645,29,7,48,NULL,42.00,'P',NULL,NULL,'0',205,'2019-07-03',NULL,NULL),(3203,275,18,4,21,NULL,36.00,'P',NULL,NULL,'0',189,'2019-07-03',NULL,NULL),(3204,630,29,7,48,NULL,48.00,'P',NULL,NULL,'0',205,'2019-07-03',NULL,NULL),(3205,631,29,7,48,NULL,22.00,'P',NULL,NULL,'0',205,'2019-07-03',NULL,NULL),(3206,297,18,4,21,NULL,36.00,'P',NULL,NULL,'0',189,'2019-07-03',NULL,NULL),(3207,636,29,7,48,NULL,17.00,'P',NULL,NULL,'0',205,'2019-07-03',NULL,NULL),(3208,263,18,4,21,NULL,23.00,'P',NULL,NULL,'0',189,'2019-07-03',NULL,NULL),(3209,622,29,7,48,NULL,19.00,'P',NULL,NULL,'0',205,'2019-07-03',NULL,NULL),(3210,619,29,7,48,NULL,20.00,'P',NULL,NULL,'0',205,'2019-07-03',NULL,NULL),(3211,283,18,4,21,NULL,28.00,'P',NULL,NULL,'0',189,'2019-07-03',NULL,NULL),(3212,639,29,7,48,NULL,28.00,'P',NULL,NULL,'0',205,'2019-07-03',NULL,NULL),(3213,298,18,4,21,NULL,34.00,'P',NULL,NULL,'0',189,'2019-07-03',NULL,NULL),(3214,616,29,7,48,NULL,40.00,'P',NULL,NULL,'0',205,'2019-07-03',NULL,NULL),(3215,633,29,7,48,NULL,24.00,'P',NULL,NULL,'0',205,'2019-07-03',NULL,NULL),(3216,277,18,4,21,NULL,35.00,'P',NULL,NULL,'0',189,'2019-07-03',NULL,NULL),(3217,650,29,7,48,NULL,35.00,'P',NULL,NULL,'0',205,'2019-07-03',NULL,NULL),(3218,649,29,7,48,NULL,34.00,'P',NULL,NULL,'0',205,'2019-07-03',NULL,NULL),(3219,268,18,4,21,NULL,28.00,'P',NULL,NULL,'0',189,'2019-07-03',NULL,NULL),(3220,614,29,7,48,NULL,26.00,'P',NULL,NULL,'0',205,'2019-07-03',NULL,NULL),(3221,293,18,4,21,NULL,32.00,'P',NULL,NULL,'0',189,'2019-07-03',NULL,NULL),(3222,304,18,4,21,NULL,30.00,'P',NULL,NULL,'0',189,'2019-07-03',NULL,NULL),(3223,294,18,4,21,NULL,16.00,'P',NULL,NULL,'0',189,'2019-07-03',NULL,NULL),(3224,267,18,4,21,NULL,39.00,'P',NULL,NULL,'0',189,'2019-07-03',NULL,NULL),(3225,287,18,4,21,NULL,24.00,'P',NULL,NULL,'0',189,'2019-07-03',NULL,NULL),(3226,284,18,4,21,NULL,34.00,'P',NULL,NULL,'0',189,'2019-07-03',NULL,NULL),(3227,281,18,4,21,NULL,40.00,'P',NULL,NULL,'0',189,'2019-07-03',NULL,NULL),(3228,276,18,4,21,NULL,25.00,'P',NULL,NULL,'0',189,'2019-07-03',NULL,NULL),(3229,279,18,4,21,NULL,33.00,'P',NULL,NULL,'0',189,'2019-07-03',NULL,NULL),(3230,303,18,4,21,NULL,18.00,'P',NULL,NULL,'0',189,'2019-07-03',NULL,NULL),(3231,307,18,4,21,NULL,35.00,'P',NULL,NULL,'0',189,'2019-07-03',NULL,NULL),(3232,306,18,4,21,NULL,19.00,'P',NULL,NULL,'0',189,'2019-07-03',NULL,NULL),(3233,305,18,4,21,NULL,38.00,'P',NULL,NULL,'0',189,'2019-07-03',NULL,NULL),(3234,308,18,4,21,NULL,32.00,'P',NULL,NULL,'0',189,'2019-07-03',NULL,NULL),(3235,309,18,4,21,NULL,8.00,'F',NULL,NULL,'0',189,'2019-07-03',NULL,NULL),(3236,155,13,3,12,NULL,40.00,'P',NULL,NULL,'0',189,'2019-07-03',NULL,NULL),(3237,141,13,3,12,NULL,34.00,'P',NULL,NULL,'0',189,'2019-07-03',NULL,NULL),(3238,702,33,8,56,NULL,45.00,'P',NULL,NULL,'0',205,'2019-07-03',NULL,NULL),(3239,700,33,8,56,NULL,25.00,'P',NULL,NULL,'0',205,'2019-07-03',NULL,NULL),(3240,150,13,3,12,NULL,33.00,'P',NULL,NULL,'0',189,'2019-07-03',NULL,NULL),(3241,710,33,8,56,NULL,45.00,'P',NULL,NULL,'0',205,'2019-07-03',NULL,NULL),(3242,142,13,3,12,NULL,40.00,'P',NULL,NULL,'0',189,'2019-07-03',NULL,NULL),(3243,706,33,8,56,NULL,18.00,'P',NULL,NULL,'0',205,'2019-07-03',NULL,NULL),(3244,708,33,8,56,NULL,38.00,'P',NULL,NULL,'0',205,'2019-07-03',NULL,NULL),(3245,732,33,8,56,NULL,20.00,'P',NULL,NULL,'0',205,'2019-07-03',NULL,NULL),(3246,169,13,3,12,NULL,40.00,'P',NULL,NULL,'0',189,'2019-07-03',NULL,NULL),(3247,726,33,8,56,NULL,0.00,'F',NULL,NULL,'1',205,'2019-07-03',NULL,NULL),(3248,146,13,3,12,NULL,37.00,'P',NULL,NULL,'0',189,'2019-07-03',NULL,NULL),(3249,691,33,8,56,NULL,30.00,'P',NULL,NULL,'0',205,'2019-07-03',NULL,NULL),(3250,136,13,3,12,NULL,30.00,'P',NULL,NULL,'0',189,'2019-07-03',NULL,NULL),(3251,709,33,8,56,NULL,24.00,'P',NULL,NULL,'0',205,'2019-07-03',NULL,NULL),(3252,714,33,8,56,NULL,37.00,'P',NULL,NULL,'0',205,'2019-07-03',NULL,NULL),(3253,139,13,3,12,NULL,38.00,'P',NULL,NULL,'0',189,'2019-07-03',NULL,NULL),(3254,722,33,8,56,NULL,33.00,'P',NULL,NULL,'0',205,'2019-07-03',NULL,NULL),(3255,153,13,3,12,NULL,40.00,'P',NULL,NULL,'0',189,'2019-07-03',NULL,NULL),(3256,705,33,8,56,NULL,40.00,'P',NULL,NULL,'0',205,'2019-07-03',NULL,NULL),(3257,698,33,8,56,NULL,26.00,'P',NULL,NULL,'0',205,'2019-07-03',NULL,NULL),(3258,167,13,3,12,NULL,33.00,'P',NULL,NULL,'0',189,'2019-07-03',NULL,NULL),(3259,703,33,8,56,NULL,31.00,'P',NULL,NULL,'0',205,'2019-07-03',NULL,NULL),(3260,165,13,3,12,NULL,38.00,'P',NULL,NULL,'0',189,'2019-07-03',NULL,NULL),(3261,713,33,8,56,NULL,35.00,'P',NULL,NULL,'0',205,'2019-07-03',NULL,NULL),(3262,154,13,3,12,NULL,39.00,'P',NULL,NULL,'0',189,'2019-07-03',NULL,NULL),(3263,723,33,8,56,NULL,11.00,'F',NULL,NULL,'0',205,'2019-07-03',NULL,NULL),(3264,149,13,3,12,NULL,40.00,'P',NULL,NULL,'0',189,'2019-07-03',NULL,NULL),(3265,718,33,8,56,NULL,46.00,'P',NULL,NULL,'0',205,'2019-07-03',205,'2019-07-03'),(3266,152,13,3,12,NULL,40.00,'P',NULL,NULL,'0',189,'2019-07-03',NULL,NULL),(3267,138,13,3,12,NULL,40.00,'P',NULL,NULL,'0',189,'2019-07-03',NULL,NULL),(3268,137,13,3,12,NULL,40.00,'P',NULL,NULL,'0',189,'2019-07-03',NULL,NULL),(3269,721,33,8,56,NULL,45.00,'P',NULL,NULL,'0',205,'2019-07-03',NULL,NULL),(3270,697,33,8,56,NULL,31.00,'P',NULL,NULL,'0',205,'2019-07-03',NULL,NULL),(3271,162,13,3,12,NULL,39.00,'P',NULL,NULL,'0',189,'2019-07-03',NULL,NULL),(3272,717,33,8,56,NULL,26.00,'P',NULL,NULL,'0',205,'2019-07-03',NULL,NULL),(3273,134,13,3,12,NULL,35.00,'P',NULL,NULL,'0',189,'2019-07-03',NULL,NULL),(3274,695,33,8,56,NULL,34.00,'P',NULL,NULL,'0',205,'2019-07-03',NULL,NULL),(3275,140,13,3,12,NULL,38.00,'P',NULL,NULL,'0',189,'2019-07-03',NULL,NULL),(3276,158,13,3,12,NULL,30.00,'P',NULL,NULL,'0',189,'2019-07-03',NULL,NULL),(3277,696,33,8,56,NULL,41.00,'P',NULL,NULL,'0',205,'2019-07-03',NULL,NULL),(3278,719,33,8,56,NULL,36.00,'P',NULL,NULL,'0',205,'2019-07-03',NULL,NULL),(3279,157,13,3,12,NULL,38.00,'P',NULL,NULL,'0',189,'2019-07-03',NULL,NULL),(3280,166,13,3,12,NULL,35.00,'P',NULL,NULL,'0',189,'2019-07-03',NULL,NULL),(3281,699,33,8,56,NULL,15.00,'F',NULL,NULL,'0',205,'2019-07-03',NULL,NULL),(3282,151,13,3,12,NULL,37.00,'P',NULL,NULL,'0',189,'2019-07-03',NULL,NULL),(3283,707,33,8,56,NULL,36.00,'P',NULL,NULL,'0',205,'2019-07-03',NULL,NULL),(3284,692,33,8,56,NULL,35.00,'P',NULL,NULL,'0',205,'2019-07-03',NULL,NULL),(3285,147,13,3,12,NULL,13.00,'F',NULL,NULL,'0',189,'2019-07-03',NULL,NULL),(3286,712,33,8,56,NULL,14.00,'F',NULL,NULL,'0',205,'2019-07-03',NULL,NULL),(3287,164,13,3,12,NULL,36.00,'P',NULL,NULL,'0',189,'2019-07-03',NULL,NULL),(3288,690,33,8,56,NULL,30.00,'P',NULL,NULL,'0',205,'2019-07-03',NULL,NULL),(3289,156,13,3,12,NULL,30.00,'P',NULL,NULL,'0',189,'2019-07-03',NULL,NULL),(3290,694,33,8,56,NULL,22.00,'P',NULL,NULL,'0',205,'2019-07-03',NULL,NULL),(3291,163,13,3,12,NULL,36.00,'P',NULL,NULL,'0',189,'2019-07-03',NULL,NULL),(3292,143,13,3,12,NULL,36.00,'P',NULL,NULL,'0',189,'2019-07-03',NULL,NULL),(3293,172,13,3,12,NULL,30.00,'P',NULL,NULL,'0',189,'2019-07-03',NULL,NULL),(3294,725,33,8,56,NULL,41.00,'P',NULL,NULL,'0',205,'2019-07-03',NULL,NULL),(3295,135,13,3,12,NULL,38.00,'P',NULL,NULL,'0',189,'2019-07-03',NULL,NULL),(3296,715,33,8,56,NULL,38.00,'P',NULL,NULL,'0',205,'2019-07-03',NULL,NULL),(3297,148,13,3,12,NULL,10.00,'F',NULL,NULL,'0',189,'2019-07-03',NULL,NULL),(3298,160,13,3,12,NULL,36.00,'P',NULL,NULL,'0',189,'2019-07-03',NULL,NULL),(3299,704,33,8,56,NULL,40.00,'P',NULL,NULL,'0',205,'2019-07-03',NULL,NULL),(3300,161,13,3,12,NULL,25.00,'P',NULL,NULL,'0',189,'2019-07-03',NULL,NULL),(3301,693,33,8,56,NULL,34.00,'P',NULL,NULL,'0',205,'2019-07-03',NULL,NULL),(3302,159,13,3,12,NULL,34.00,'P',NULL,NULL,'0',189,'2019-07-03',NULL,NULL),(3303,716,33,8,56,NULL,18.00,'P',NULL,NULL,'0',205,'2019-07-03',NULL,NULL),(3304,701,33,8,56,NULL,35.00,'P',NULL,NULL,'0',205,'2019-07-03',NULL,NULL),(3305,145,13,3,12,NULL,37.00,'P',NULL,NULL,'0',189,'2019-07-03',NULL,NULL),(3306,720,33,8,56,NULL,32.00,'P',NULL,NULL,'0',205,'2019-07-03',NULL,NULL),(3307,170,13,3,12,NULL,37.00,'P',NULL,NULL,'0',189,'2019-07-03',NULL,NULL),(3308,689,33,8,56,NULL,20.00,'P',NULL,NULL,'0',205,'2019-07-03',NULL,NULL),(3309,171,13,3,12,NULL,39.00,'P',NULL,NULL,'0',189,'2019-07-03',NULL,NULL),(3310,711,33,8,56,NULL,11.00,'F',NULL,NULL,'0',205,'2019-07-03',NULL,NULL),(3311,168,13,3,12,NULL,36.00,'P',NULL,NULL,'0',189,'2019-07-03',NULL,NULL),(3312,727,33,8,56,NULL,36.00,'P',NULL,NULL,'0',205,'2019-07-03',NULL,NULL),(3313,730,33,8,56,NULL,36.00,'P',NULL,NULL,'0',205,'2019-07-03',NULL,NULL),(3314,173,13,3,12,NULL,38.00,'P',NULL,NULL,'0',189,'2019-07-03',NULL,NULL),(3315,729,33,8,56,NULL,30.00,'P',NULL,NULL,'0',205,'2019-07-03',NULL,NULL),(3316,144,13,3,12,NULL,0.00,'F',NULL,NULL,'1',189,'2019-07-03',NULL,NULL),(3317,731,33,8,56,NULL,36.00,'P',NULL,NULL,'0',205,'2019-07-03',NULL,NULL),(3318,728,33,8,56,NULL,24.00,'P',NULL,NULL,'0',205,'2019-07-03',NULL,NULL),(3319,664,30,7,48,NULL,28.00,'P',NULL,NULL,'0',211,'2019-07-03',211,'2019-07-03'),(3320,724,33,8,56,NULL,25.00,'P',NULL,NULL,'0',205,'2019-07-03',NULL,NULL),(3321,733,33,8,56,NULL,45.00,'P',NULL,NULL,'0',205,'2019-07-03',NULL,NULL),(3322,734,33,8,56,NULL,36.00,'P',NULL,NULL,'0',205,'2019-07-03',NULL,NULL),(3323,735,33,8,56,NULL,32.00,'P',NULL,NULL,'0',205,'2019-07-03',NULL,NULL),(3324,679,30,7,48,NULL,41.00,'P',NULL,NULL,'0',211,'2019-07-03',NULL,NULL),(3325,79,9,2,3,NULL,40.00,'P',NULL,NULL,'0',189,'2019-07-03',NULL,NULL),(3326,684,30,7,48,NULL,39.00,'P',NULL,NULL,'0',211,'2019-07-03',NULL,NULL),(3327,64,9,2,3,NULL,38.00,'P',NULL,NULL,'0',189,'2019-07-03',NULL,NULL),(3328,680,30,7,48,NULL,41.00,'P',NULL,NULL,'0',211,'2019-07-03',NULL,NULL),(3329,62,9,2,3,NULL,40.00,'P',NULL,NULL,'0',189,'2019-07-03',NULL,NULL),(3330,674,30,7,48,NULL,29.00,'P',NULL,NULL,'0',211,'2019-07-03',NULL,NULL),(3331,669,30,7,48,NULL,11.00,'F',NULL,NULL,'0',211,'2019-07-03',NULL,NULL),(3332,52,9,2,3,NULL,38.00,'P',NULL,NULL,'0',189,'2019-07-03',NULL,NULL),(3333,662,30,7,48,NULL,27.00,'P',NULL,NULL,'0',211,'2019-07-03',NULL,NULL),(3334,83,9,2,3,NULL,29.00,'P',NULL,NULL,'0',189,'2019-07-03',NULL,NULL),(3335,685,30,7,48,NULL,20.00,'P',NULL,NULL,'0',211,'2019-07-03',NULL,NULL),(3336,50,9,2,3,NULL,40.00,'P',NULL,NULL,'0',189,'2019-07-03',NULL,NULL),(3337,678,30,7,48,NULL,27.00,'P',NULL,NULL,'0',211,'2019-07-03',NULL,NULL),(3338,667,30,7,48,NULL,27.00,'P',NULL,NULL,'0',211,'2019-07-03',NULL,NULL),(3339,76,9,2,3,NULL,40.00,'P',NULL,NULL,'0',189,'2019-07-03',NULL,NULL),(3340,69,9,2,3,NULL,0.00,'F',NULL,NULL,'1',189,'2019-07-03',NULL,NULL),(3341,682,30,7,48,NULL,5.00,'F',NULL,NULL,'0',211,'2019-07-03',NULL,NULL),(3342,51,9,2,3,NULL,39.00,'P',NULL,NULL,'0',189,'2019-07-03',NULL,NULL),(3343,61,9,2,3,NULL,38.00,'P',NULL,NULL,'0',189,'2019-07-03',NULL,NULL),(3344,54,9,2,3,NULL,36.00,'P',NULL,NULL,'0',189,'2019-07-03',NULL,NULL),(3345,58,9,2,3,NULL,39.00,'P',NULL,NULL,'0',189,'2019-07-03',NULL,NULL),(3346,65,9,2,3,NULL,40.00,'P',NULL,NULL,'0',189,'2019-07-03',NULL,NULL),(3347,47,9,2,3,NULL,38.00,'P',NULL,NULL,'0',189,'2019-07-03',NULL,NULL),(3348,70,9,2,3,NULL,37.00,'P',NULL,NULL,'0',189,'2019-07-03',NULL,NULL),(3349,68,9,2,3,NULL,40.00,'P',NULL,NULL,'0',189,'2019-07-03',NULL,NULL),(3350,57,9,2,3,NULL,40.00,'P',NULL,NULL,'0',189,'2019-07-03',NULL,NULL),(3351,46,9,2,3,NULL,40.00,'P',NULL,NULL,'0',189,'2019-07-03',NULL,NULL),(3352,73,9,2,3,NULL,40.00,'P',NULL,NULL,'0',189,'2019-07-03',NULL,NULL),(3353,60,9,2,3,NULL,40.00,'P',NULL,NULL,'0',189,'2019-07-03',NULL,NULL),(3354,71,9,2,3,NULL,40.00,'P',NULL,NULL,'0',189,'2019-07-03',NULL,NULL),(3355,49,9,2,3,NULL,38.00,'P',NULL,NULL,'0',189,'2019-07-03',NULL,NULL),(3356,53,9,2,3,NULL,40.00,'P',NULL,NULL,'0',189,'2019-07-03',NULL,NULL),(3357,45,9,2,3,NULL,40.00,'P',NULL,NULL,'0',189,'2019-07-03',NULL,NULL),(3358,72,9,2,3,NULL,40.00,'P',NULL,NULL,'0',189,'2019-07-03',NULL,NULL),(3359,605,26,6,44,NULL,17.00,'P',NULL,NULL,'0',193,'2019-07-03',NULL,NULL),(3360,81,9,2,3,NULL,40.00,'P',NULL,NULL,'0',189,'2019-07-03',NULL,NULL),(3361,593,26,6,44,NULL,32.00,'P',NULL,NULL,'0',193,'2019-07-03',NULL,NULL),(3362,80,9,2,3,NULL,40.00,'P',NULL,NULL,'0',189,'2019-07-03',NULL,NULL),(3363,581,26,6,44,NULL,35.00,'P',NULL,NULL,'0',193,'2019-07-03',NULL,NULL),(3364,78,9,2,3,NULL,38.00,'P',NULL,NULL,'0',189,'2019-07-03',NULL,NULL),(3365,596,26,6,44,NULL,37.00,'P',NULL,NULL,'0',193,'2019-07-03',NULL,NULL),(3366,74,9,2,3,NULL,40.00,'P',NULL,NULL,'0',189,'2019-07-03',NULL,NULL),(3367,67,9,2,3,NULL,39.00,'P',NULL,NULL,'0',189,'2019-07-03',NULL,NULL),(3368,59,9,2,3,NULL,40.00,'P',NULL,NULL,'0',189,'2019-07-03',NULL,NULL),(3369,585,26,6,44,NULL,37.00,'P',NULL,NULL,'0',193,'2019-07-03',NULL,NULL),(3370,75,9,2,3,NULL,38.00,'P',NULL,NULL,'0',189,'2019-07-03',NULL,NULL),(3371,591,26,6,44,NULL,12.00,'P',NULL,NULL,'0',193,'2019-07-03',NULL,NULL),(3372,63,9,2,3,NULL,38.00,'P',NULL,NULL,'0',189,'2019-07-03',NULL,NULL),(3373,598,26,6,44,NULL,39.00,'P',NULL,NULL,'0',193,'2019-07-03',NULL,NULL),(3374,55,9,2,3,NULL,40.00,'P',NULL,NULL,'0',189,'2019-07-03',NULL,NULL),(3375,587,26,6,44,NULL,36.00,'P',NULL,NULL,'0',193,'2019-07-03',NULL,NULL),(3376,56,9,2,3,NULL,39.00,'P',NULL,NULL,'0',189,'2019-07-03',NULL,NULL),(3377,604,26,6,44,NULL,31.00,'P',NULL,NULL,'0',193,'2019-07-03',NULL,NULL),(3378,580,26,6,44,NULL,32.00,'P',NULL,NULL,'0',193,'2019-07-03',NULL,NULL),(3379,77,9,2,3,NULL,40.00,'P',NULL,NULL,'0',189,'2019-07-03',NULL,NULL),(3380,595,26,6,44,NULL,40.00,'P',NULL,NULL,'0',193,'2019-07-03',NULL,NULL),(3381,66,9,2,3,NULL,40.00,'P',NULL,NULL,'0',189,'2019-07-03',NULL,NULL),(3382,578,26,6,44,NULL,13.00,'P',NULL,NULL,'0',193,'2019-07-03',NULL,NULL),(3383,600,26,6,44,NULL,12.00,'P',NULL,NULL,'0',193,'2019-07-03',NULL,NULL),(3384,84,9,2,3,NULL,40.00,'P',NULL,NULL,'0',189,'2019-07-03',NULL,NULL),(3385,601,26,6,44,NULL,12.00,'P',NULL,NULL,'0',193,'2019-07-03',NULL,NULL),(3386,85,9,2,3,NULL,40.00,'P',NULL,NULL,'0',189,'2019-07-03',NULL,NULL),(3387,592,26,6,44,NULL,3.00,'F',NULL,NULL,'0',193,'2019-07-03',NULL,NULL),(3388,579,26,6,44,NULL,14.00,'P',NULL,NULL,'0',193,'2019-07-03',NULL,NULL),(3389,86,9,2,3,NULL,39.00,'P',NULL,NULL,'0',189,'2019-07-03',NULL,NULL),(3390,584,26,6,44,NULL,11.00,'F',NULL,NULL,'0',193,'2019-07-03',NULL,NULL),(3391,87,9,2,3,NULL,40.00,'P',NULL,NULL,'0',189,'2019-07-03',NULL,NULL),(3392,594,26,6,44,NULL,19.00,'P',NULL,NULL,'0',193,'2019-07-03',NULL,NULL),(3393,88,9,2,3,NULL,40.00,'P',NULL,NULL,'0',189,'2019-07-03',NULL,NULL),(3394,582,26,6,44,NULL,33.00,'P',NULL,NULL,'0',193,'2019-07-03',NULL,NULL),(3395,82,9,2,3,NULL,35.00,'P',NULL,NULL,'0',189,'2019-07-03',NULL,NULL),(3396,602,26,6,44,NULL,22.00,'P',NULL,NULL,'0',193,'2019-07-03',NULL,NULL),(3397,612,26,6,44,NULL,17.00,'P',NULL,NULL,'0',193,'2019-07-03',NULL,NULL),(3398,609,26,6,44,NULL,16.00,'P',NULL,NULL,'0',193,'2019-07-03',NULL,NULL),(3399,610,26,6,44,NULL,27.00,'P',NULL,NULL,'0',193,'2019-07-03',NULL,NULL),(3400,589,26,6,44,NULL,14.00,'P',NULL,NULL,'0',193,'2019-07-03',NULL,NULL),(3401,599,26,6,44,NULL,23.00,'P',NULL,NULL,'0',193,'2019-07-03',NULL,NULL),(3402,597,26,6,44,NULL,23.00,'P',NULL,NULL,'0',193,'2019-07-03',NULL,NULL),(3403,603,26,6,44,NULL,38.00,'P',NULL,NULL,'0',193,'2019-07-03',NULL,NULL),(3404,586,26,6,44,NULL,21.00,'P',NULL,NULL,'0',193,'2019-07-03',NULL,NULL),(3405,590,26,6,44,NULL,34.00,'P',NULL,NULL,'0',193,'2019-07-03',NULL,NULL),(3406,583,26,6,44,NULL,7.00,'F',NULL,NULL,'0',193,'2019-07-03',NULL,NULL),(3407,588,26,6,44,NULL,29.00,'P',NULL,NULL,'0',193,'2019-07-03',NULL,NULL),(3408,611,26,6,44,NULL,13.00,'P',NULL,NULL,'0',193,'2019-07-03',NULL,NULL),(3409,607,26,6,44,NULL,17.00,'P',NULL,NULL,'0',193,'2019-07-03',NULL,NULL),(3410,608,26,6,44,NULL,20.00,'P',NULL,NULL,'0',193,'2019-07-03',NULL,NULL),(3411,606,26,6,44,NULL,27.00,'P',NULL,NULL,'0',193,'2019-07-03',NULL,NULL),(3412,613,26,6,44,NULL,5.00,'F',NULL,NULL,'0',193,'2019-07-03',NULL,NULL),(3413,48,9,2,3,NULL,40.00,'P',NULL,NULL,'0',189,'2019-07-03',NULL,NULL),(3414,310,18,4,21,NULL,22.00,'P',NULL,NULL,'0',189,'2019-07-03',NULL,NULL),(3415,651,30,7,48,NULL,19.00,'P',NULL,NULL,'0',211,'2019-07-03',NULL,NULL),(3416,656,30,7,48,NULL,35.00,'P',NULL,NULL,'0',211,'2019-07-03',NULL,NULL),(3417,657,30,7,48,NULL,7.00,'F',NULL,NULL,'0',211,'2019-07-03',NULL,NULL),(3418,677,30,7,48,NULL,43.00,'P',NULL,NULL,'0',211,'2019-07-03',NULL,NULL),(3419,671,30,7,48,NULL,27.00,'P',NULL,NULL,'0',211,'2019-07-03',NULL,NULL),(3420,673,30,7,48,NULL,16.00,'F',NULL,NULL,'0',211,'2019-07-03',NULL,NULL),(3421,653,30,7,48,NULL,20.00,'P',NULL,NULL,'0',211,'2019-07-03',NULL,NULL),(3422,652,30,7,48,NULL,35.00,'P',NULL,NULL,'0',211,'2019-07-03',NULL,NULL),(3423,658,30,7,48,NULL,16.00,'F',NULL,NULL,'0',211,'2019-07-03',NULL,NULL),(3424,668,30,7,48,NULL,15.00,'F',NULL,NULL,'0',211,'2019-07-03',NULL,NULL),(3425,665,30,7,48,NULL,41.00,'P',NULL,NULL,'0',211,'2019-07-03',NULL,NULL),(3426,676,30,7,48,NULL,25.00,'P',NULL,NULL,'0',211,'2019-07-03',NULL,NULL),(3427,681,30,7,48,NULL,44.00,'P',NULL,NULL,'0',211,'2019-07-03',NULL,NULL),(3428,672,30,7,48,NULL,21.00,'P',NULL,NULL,'0',211,'2019-07-03',NULL,NULL),(3429,661,30,7,48,NULL,18.00,'P',NULL,NULL,'0',211,'2019-07-03',NULL,NULL),(3430,670,30,7,48,NULL,43.00,'P',NULL,NULL,'0',211,'2019-07-03',NULL,NULL),(3431,655,30,7,48,NULL,41.00,'P',NULL,NULL,'0',211,'2019-07-03',NULL,NULL),(3432,660,30,7,48,NULL,34.00,'P',NULL,NULL,'0',211,'2019-07-03',NULL,NULL),(3433,659,30,7,48,NULL,27.00,'P',NULL,NULL,'0',211,'2019-07-03',NULL,NULL),(3434,675,30,7,48,NULL,39.00,'P',NULL,NULL,'0',211,'2019-07-03',NULL,NULL),(3435,663,30,7,48,NULL,39.00,'P',NULL,NULL,'0',211,'2019-07-03',NULL,NULL),(3436,654,30,7,48,NULL,42.00,'P',NULL,NULL,'0',211,'2019-07-03',NULL,NULL),(3437,687,30,7,48,NULL,24.00,'P',NULL,NULL,'0',211,'2019-07-03',NULL,NULL),(3438,686,30,7,48,NULL,23.00,'P',NULL,NULL,'0',211,'2019-07-03',NULL,NULL),(3439,683,30,7,48,NULL,41.00,'P',NULL,NULL,'0',211,'2019-07-03',NULL,NULL),(3440,666,30,7,48,NULL,17.00,'P',NULL,NULL,'0',211,'2019-07-03',NULL,NULL),(3441,688,30,7,48,NULL,42.00,'P',NULL,NULL,'0',211,'2019-07-03',NULL,NULL),(3442,753,34,8,54,NULL,34.00,'P',NULL,NULL,'0',206,'2019-07-03',NULL,NULL),(3443,775,34,8,54,NULL,44.00,'P',NULL,NULL,'0',206,'2019-07-03',NULL,NULL),(3444,741,34,8,54,NULL,45.00,'P',NULL,NULL,'0',206,'2019-07-03',NULL,NULL),(3445,750,34,8,54,NULL,17.00,'P',NULL,NULL,'0',206,'2019-07-03',NULL,NULL),(3446,766,34,8,54,NULL,46.00,'P',NULL,NULL,'0',206,'2019-07-03',NULL,NULL),(3447,759,34,8,54,NULL,25.00,'P',NULL,NULL,'0',206,'2019-07-03',NULL,NULL),(3448,739,34,8,54,NULL,34.00,'P',NULL,NULL,'0',206,'2019-07-03',NULL,NULL),(3449,760,34,8,54,NULL,34.00,'P',NULL,NULL,'0',206,'2019-07-03',NULL,NULL),(3450,769,34,8,54,NULL,41.00,'P',NULL,NULL,'0',206,'2019-07-03',NULL,NULL),(3451,764,34,8,54,NULL,42.00,'P',NULL,NULL,'0',206,'2019-07-03',NULL,NULL),(3452,754,34,8,54,NULL,43.00,'P',NULL,NULL,'0',206,'2019-07-03',NULL,NULL),(3453,752,34,8,54,NULL,42.00,'P',NULL,NULL,'0',206,'2019-07-03',NULL,NULL),(3454,736,34,8,54,NULL,30.00,'P',NULL,NULL,'0',206,'2019-07-03',NULL,NULL),(3455,776,34,8,54,NULL,29.00,'P',NULL,NULL,'0',206,'2019-07-03',NULL,NULL),(3456,749,34,8,54,NULL,0.00,'F',NULL,NULL,'1',206,'2019-07-03',NULL,NULL),(3457,763,34,8,54,NULL,23.00,'P',NULL,NULL,'0',206,'2019-07-03',NULL,NULL),(3458,742,34,8,54,NULL,39.00,'P',NULL,NULL,'0',206,'2019-07-03',NULL,NULL),(3459,758,34,8,54,NULL,35.00,'P',NULL,NULL,'0',206,'2019-07-03',NULL,NULL),(3460,762,34,8,54,NULL,45.00,'P',NULL,NULL,'0',206,'2019-07-03',NULL,NULL),(3461,743,34,8,54,NULL,10.00,'F',NULL,NULL,'0',206,'2019-07-03',NULL,NULL),(3462,756,34,8,54,NULL,23.00,'P',NULL,NULL,'0',206,'2019-07-03',NULL,NULL),(3463,740,34,8,54,NULL,19.00,'P',NULL,NULL,'0',206,'2019-07-03',NULL,NULL),(3464,747,34,8,54,NULL,43.00,'P',NULL,NULL,'0',206,'2019-07-03',NULL,NULL),(3465,748,34,8,54,NULL,41.00,'P',NULL,NULL,'0',206,'2019-07-03',NULL,NULL),(3466,737,34,8,54,NULL,23.00,'P',NULL,NULL,'0',206,'2019-07-03',NULL,NULL),(3467,770,34,8,54,NULL,26.00,'P',NULL,NULL,'0',206,'2019-07-03',NULL,NULL),(3468,755,34,8,54,NULL,46.00,'P',NULL,NULL,'0',206,'2019-07-03',NULL,NULL),(3469,761,34,8,54,NULL,38.00,'P',NULL,NULL,'0',206,'2019-07-03',NULL,NULL),(3470,768,34,8,54,NULL,33.00,'P',NULL,NULL,'0',206,'2019-07-03',NULL,NULL),(3471,765,34,8,54,NULL,29.00,'P',NULL,NULL,'0',206,'2019-07-03',206,'2019-07-09'),(3472,772,34,8,54,NULL,44.00,'P',NULL,NULL,'0',206,'2019-07-03',NULL,NULL),(3473,767,34,8,54,NULL,32.00,'P',NULL,NULL,'0',206,'2019-07-03',NULL,NULL),(3474,774,34,8,54,NULL,36.00,'P',NULL,NULL,'0',206,'2019-07-03',NULL,NULL),(3475,746,34,8,54,NULL,30.00,'P',NULL,NULL,'0',206,'2019-07-03',NULL,NULL),(3476,745,34,8,54,NULL,47.00,'P',NULL,NULL,'0',206,'2019-07-03',NULL,NULL),(3477,738,34,8,54,NULL,40.00,'P',NULL,NULL,'0',206,'2019-07-03',NULL,NULL),(3478,771,34,8,54,NULL,40.00,'P',NULL,NULL,'0',206,'2019-07-03',NULL,NULL),(3479,751,34,8,54,NULL,40.00,'P',NULL,NULL,'0',206,'2019-07-03',NULL,NULL),(3480,757,34,8,54,NULL,43.00,'P',NULL,NULL,'0',206,'2019-07-03',NULL,NULL),(3481,779,34,8,54,NULL,46.00,'P',NULL,NULL,'0',206,'2019-07-03',NULL,NULL),(3482,780,34,8,54,NULL,41.00,'P',NULL,NULL,'0',206,'2019-07-03',NULL,NULL),(3483,781,34,8,54,NULL,36.00,'P',NULL,NULL,'0',206,'2019-07-03',NULL,NULL),(3484,773,34,8,54,NULL,39.00,'P',NULL,NULL,'0',206,'2019-07-03',NULL,NULL),(3485,777,34,8,54,NULL,42.00,'P',NULL,NULL,'0',206,'2019-07-03',NULL,NULL),(3486,778,34,8,54,NULL,21.00,'P',NULL,NULL,'0',206,'2019-07-03',NULL,NULL),(3487,744,34,8,54,NULL,44.00,'P',NULL,NULL,'0',206,'2019-07-03',NULL,NULL),(3488,782,34,8,54,NULL,19.00,'P',NULL,NULL,'0',206,'2019-07-03',NULL,NULL),(3489,753,34,8,56,NULL,39.00,'P',NULL,NULL,'0',211,'2019-07-03',NULL,NULL),(3490,775,34,8,56,NULL,42.00,'P',NULL,NULL,'0',211,'2019-07-03',NULL,NULL),(3491,741,34,8,56,NULL,39.00,'P',NULL,NULL,'0',211,'2019-07-03',NULL,NULL),(3492,750,34,8,56,NULL,7.00,'F',NULL,NULL,'0',211,'2019-07-03',NULL,NULL),(3493,766,34,8,56,NULL,50.00,'P',NULL,NULL,'0',211,'2019-07-03',NULL,NULL),(3494,759,34,8,56,NULL,24.00,'P',NULL,NULL,'0',211,'2019-07-03',NULL,NULL),(3495,739,34,8,56,NULL,34.00,'P',NULL,NULL,'0',211,'2019-07-03',NULL,NULL),(3496,760,34,8,56,NULL,18.00,'P',NULL,NULL,'0',211,'2019-07-03',NULL,NULL),(3497,769,34,8,56,NULL,36.00,'P',NULL,NULL,'0',211,'2019-07-03',NULL,NULL),(3498,764,34,8,56,NULL,42.00,'P',NULL,NULL,'0',211,'2019-07-03',NULL,NULL),(3499,754,34,8,56,NULL,43.00,'P',NULL,NULL,'0',211,'2019-07-03',NULL,NULL),(3500,752,34,8,56,NULL,47.00,'P',NULL,NULL,'0',211,'2019-07-03',NULL,NULL),(3501,736,34,8,56,NULL,27.00,'P',NULL,NULL,'0',211,'2019-07-03',211,'2019-07-03'),(3502,776,34,8,56,NULL,23.00,'P',NULL,NULL,'0',211,'2019-07-03',211,'2019-07-03'),(3503,749,34,8,56,NULL,0.00,'F',NULL,NULL,'1',211,'2019-07-03',211,'2019-07-10'),(3504,763,34,8,56,NULL,20.00,'P',NULL,NULL,'0',211,'2019-07-03',NULL,NULL),(3505,742,34,8,56,NULL,38.00,'P',NULL,NULL,'0',211,'2019-07-03',NULL,NULL),(3506,758,34,8,56,NULL,33.00,'P',NULL,NULL,'0',211,'2019-07-03',NULL,NULL),(3507,762,34,8,56,NULL,45.00,'P',NULL,NULL,'0',211,'2019-07-03',NULL,NULL),(3508,743,34,8,56,NULL,9.00,'F',NULL,NULL,'0',211,'2019-07-03',NULL,NULL),(3509,756,34,8,56,NULL,17.00,'P',NULL,NULL,'0',211,'2019-07-03',NULL,NULL),(3510,740,34,8,56,NULL,14.00,'F',NULL,NULL,'0',211,'2019-07-03',NULL,NULL),(3511,747,34,8,56,NULL,37.00,'P',NULL,NULL,'0',211,'2019-07-03',NULL,NULL),(3512,748,34,8,56,NULL,28.00,'P',NULL,NULL,'0',211,'2019-07-03',NULL,NULL),(3513,737,34,8,56,NULL,20.00,'P',NULL,NULL,'0',211,'2019-07-03',NULL,NULL),(3514,770,34,8,56,NULL,21.00,'P',NULL,NULL,'0',211,'2019-07-03',NULL,NULL),(3515,755,34,8,56,NULL,41.00,'P',NULL,NULL,'0',211,'2019-07-03',NULL,NULL),(3516,761,34,8,56,NULL,39.00,'P',NULL,NULL,'0',211,'2019-07-03',NULL,NULL),(3517,768,34,8,56,NULL,22.00,'P',NULL,NULL,'0',211,'2019-07-03',NULL,NULL),(3518,765,34,8,56,NULL,19.00,'P',NULL,NULL,'0',211,'2019-07-03',NULL,NULL),(3519,772,34,8,56,NULL,42.00,'P',NULL,NULL,'0',211,'2019-07-03',NULL,NULL),(3520,767,34,8,56,NULL,34.00,'P',NULL,NULL,'0',211,'2019-07-03',NULL,NULL),(3521,774,34,8,56,NULL,24.00,'P',NULL,NULL,'0',211,'2019-07-03',NULL,NULL),(3522,746,34,8,56,NULL,27.00,'P',NULL,NULL,'0',211,'2019-07-03',NULL,NULL),(3523,745,34,8,56,NULL,44.00,'P',NULL,NULL,'0',211,'2019-07-03',NULL,NULL),(3524,738,34,8,56,NULL,46.00,'P',NULL,NULL,'0',211,'2019-07-03',NULL,NULL),(3525,771,34,8,56,NULL,38.00,'P',NULL,NULL,'0',211,'2019-07-03',NULL,NULL),(3526,751,34,8,56,NULL,39.00,'P',NULL,NULL,'0',211,'2019-07-03',NULL,NULL),(3527,757,34,8,56,NULL,46.00,'P',NULL,NULL,'0',211,'2019-07-03',NULL,NULL),(3528,779,34,8,56,NULL,33.00,'P',NULL,NULL,'0',211,'2019-07-03',NULL,NULL),(3529,780,34,8,56,NULL,45.00,'P',NULL,NULL,'0',211,'2019-07-03',NULL,NULL),(3530,781,34,8,56,NULL,41.00,'P',NULL,NULL,'0',211,'2019-07-03',NULL,NULL),(3531,773,34,8,56,NULL,37.00,'P',NULL,NULL,'0',211,'2019-07-03',NULL,NULL),(3532,777,34,8,56,NULL,45.00,'P',NULL,NULL,'0',211,'2019-07-03',NULL,NULL),(3533,778,34,8,56,NULL,16.00,'F',NULL,NULL,'0',211,'2019-07-03',NULL,NULL),(3534,744,34,8,56,NULL,42.00,'P',NULL,NULL,'0',211,'2019-07-03',NULL,NULL),(3535,782,34,8,56,NULL,18.00,'P',NULL,NULL,'0',211,'2019-07-03',NULL,NULL),(3536,77,9,2,1,NULL,38.00,'P',NULL,NULL,'0',188,'2019-07-03',NULL,NULL),(3537,66,9,2,1,NULL,39.00,'P',NULL,NULL,'0',188,'2019-07-03',NULL,NULL),(3538,84,9,2,1,NULL,40.00,'P',NULL,NULL,'0',188,'2019-07-03',NULL,NULL),(3539,85,9,2,1,NULL,40.00,'P',NULL,NULL,'0',188,'2019-07-03',NULL,NULL),(3540,86,9,2,1,NULL,28.00,'P',NULL,NULL,'0',188,'2019-07-03',NULL,NULL),(3541,87,9,2,1,NULL,38.00,'P',NULL,NULL,'0',188,'2019-07-03',NULL,NULL),(3542,369,22,5,28,NULL,34.00,'P',NULL,NULL,'0',206,'2019-07-03',NULL,NULL),(3543,88,9,2,1,NULL,30.00,'P',NULL,NULL,'0',188,'2019-07-03',NULL,NULL),(3544,82,9,2,1,NULL,26.00,'P',NULL,NULL,'0',188,'2019-07-03',NULL,NULL),(3545,48,9,2,1,NULL,0.00,'F',NULL,NULL,'1',188,'2019-07-03',NULL,NULL),(3546,380,22,5,28,NULL,35.00,'P',NULL,NULL,'0',206,'2019-07-03',NULL,NULL),(3547,391,22,5,28,NULL,21.00,'P',NULL,NULL,'0',206,'2019-07-03',NULL,NULL),(3548,383,22,5,28,NULL,16.00,'P',NULL,NULL,'0',206,'2019-07-03',NULL,NULL),(3549,379,22,5,28,NULL,14.00,'P',NULL,NULL,'0',206,'2019-07-03',NULL,NULL),(3550,361,22,5,28,NULL,32.00,'P',NULL,NULL,'0',206,'2019-07-03',NULL,NULL),(3551,360,22,5,28,NULL,16.00,'P',NULL,NULL,'0',206,'2019-07-03',NULL,NULL),(3552,357,22,5,28,NULL,12.00,'P',NULL,NULL,'0',206,'2019-07-03',NULL,NULL),(3553,385,22,5,28,NULL,35.00,'P',NULL,NULL,'0',206,'2019-07-03',NULL,NULL),(3554,364,22,5,28,NULL,39.00,'P',NULL,NULL,'0',206,'2019-07-03',NULL,NULL),(3555,378,22,5,28,NULL,40.00,'P',NULL,NULL,'0',206,'2019-07-03',NULL,NULL),(3556,356,22,5,28,NULL,37.00,'P',NULL,NULL,'0',206,'2019-07-03',NULL,NULL),(3557,363,22,5,28,NULL,17.00,'P',NULL,NULL,'0',206,'2019-07-03',NULL,NULL),(3558,365,22,5,28,NULL,38.00,'P',NULL,NULL,'0',206,'2019-07-03',NULL,NULL),(3559,366,22,5,28,NULL,38.00,'P',NULL,NULL,'0',206,'2019-07-03',NULL,NULL),(3560,362,22,5,28,NULL,11.00,'F',NULL,NULL,'0',206,'2019-07-03',NULL,NULL),(3561,387,22,5,28,NULL,33.00,'P',NULL,NULL,'0',206,'2019-07-03',NULL,NULL),(3562,358,22,5,28,NULL,11.00,'F',NULL,NULL,'0',206,'2019-07-03',NULL,NULL),(3563,355,22,5,28,NULL,23.00,'P',NULL,NULL,'0',206,'2019-07-03',NULL,NULL),(3564,388,22,5,28,NULL,22.00,'P',NULL,NULL,'0',206,'2019-07-03',NULL,NULL),(3565,370,22,5,28,NULL,18.00,'P',NULL,NULL,'0',206,'2019-07-03',NULL,NULL),(3566,375,22,5,28,NULL,17.00,'P',NULL,NULL,'0',206,'2019-07-03',NULL,NULL),(3567,386,22,5,28,NULL,34.00,'P',NULL,NULL,'0',206,'2019-07-03',NULL,NULL),(3568,384,22,5,28,NULL,29.00,'P',NULL,NULL,'0',206,'2019-07-03',NULL,NULL),(3569,367,22,5,28,NULL,16.00,'P',NULL,NULL,'0',206,'2019-07-03',NULL,NULL),(3570,373,22,5,28,NULL,14.00,'P',NULL,NULL,'0',206,'2019-07-03',NULL,NULL),(3571,371,22,5,28,NULL,14.00,'P',NULL,NULL,'0',206,'2019-07-03',NULL,NULL),(3572,354,22,5,28,NULL,35.00,'P',NULL,NULL,'0',206,'2019-07-03',NULL,NULL),(3573,359,22,5,28,NULL,39.00,'P',NULL,NULL,'0',206,'2019-07-03',NULL,NULL),(3574,376,22,5,28,NULL,14.00,'P',NULL,NULL,'0',206,'2019-07-03',NULL,NULL),(3575,372,22,5,28,NULL,10.00,'F',NULL,NULL,'0',206,'2019-07-03',NULL,NULL),(3576,377,22,5,28,NULL,28.00,'P',NULL,NULL,'0',206,'2019-07-03',NULL,NULL),(3577,374,22,5,28,NULL,19.00,'P',NULL,NULL,'0',206,'2019-07-03',NULL,NULL),(3578,368,22,5,28,NULL,31.00,'P',NULL,NULL,'0',206,'2019-07-03',NULL,NULL),(3579,381,22,5,28,NULL,35.00,'P',NULL,NULL,'0',206,'2019-07-03',NULL,NULL),(3580,390,22,5,28,NULL,37.00,'P',NULL,NULL,'0',206,'2019-07-03',NULL,NULL),(3581,393,22,5,28,NULL,39.00,'P',NULL,NULL,'0',206,'2019-07-03',NULL,NULL),(3582,395,22,5,28,NULL,31.00,'P',NULL,NULL,'0',206,'2019-07-03',NULL,NULL),(3583,394,22,5,28,NULL,38.00,'P',NULL,NULL,'0',206,'2019-07-03',NULL,NULL),(3584,392,22,5,28,NULL,28.00,'P',NULL,NULL,'0',206,'2019-07-03',NULL,NULL),(3585,389,22,5,28,NULL,35.00,'P',NULL,NULL,'0',206,'2019-07-03',NULL,NULL),(3586,702,33,8,59,NULL,38.00,'P',NULL,NULL,'0',202,'2019-07-03',NULL,NULL),(3587,382,22,5,28,NULL,34.00,'P',NULL,NULL,'0',206,'2019-07-03',NULL,NULL),(3588,396,22,5,28,NULL,10.00,'F',NULL,NULL,'0',206,'2019-07-03',NULL,NULL),(3589,700,33,8,59,NULL,19.00,'P',NULL,NULL,'0',202,'2019-07-03',NULL,NULL),(3590,710,33,8,59,NULL,39.00,'P',NULL,NULL,'0',202,'2019-07-03',NULL,NULL),(3591,397,22,5,28,NULL,14.00,'P',NULL,NULL,'0',206,'2019-07-03',NULL,NULL),(3592,706,33,8,59,NULL,30.00,'P',NULL,NULL,'0',202,'2019-07-03',NULL,NULL),(3593,708,33,8,59,NULL,35.00,'P',NULL,NULL,'0',202,'2019-07-03',NULL,NULL),(3594,732,33,8,59,NULL,17.00,'P',NULL,NULL,'0',202,'2019-07-03',NULL,NULL),(3595,79,9,2,4,NULL,39.00,'P',NULL,NULL,'0',188,'2019-07-03',NULL,NULL),(3596,64,9,2,4,NULL,39.00,'P',NULL,NULL,'0',188,'2019-07-03',NULL,NULL),(3597,62,9,2,4,NULL,40.00,'P',NULL,NULL,'0',188,'2019-07-03',NULL,NULL),(3598,726,33,8,59,NULL,0.00,'F',NULL,NULL,'1',202,'2019-07-03',NULL,NULL),(3599,52,9,2,4,NULL,39.00,'P',NULL,NULL,'0',188,'2019-07-03',NULL,NULL),(3600,605,26,6,37,NULL,21.00,'P',NULL,NULL,'0',206,'2019-07-03',NULL,NULL),(3601,83,9,2,4,NULL,31.00,'P',NULL,NULL,'0',188,'2019-07-03',NULL,NULL),(3602,593,26,6,37,NULL,31.00,'P',NULL,NULL,'0',206,'2019-07-03',NULL,NULL),(3603,50,9,2,4,NULL,40.00,'P',NULL,NULL,'0',188,'2019-07-03',NULL,NULL),(3604,581,26,6,37,NULL,36.00,'P',NULL,NULL,'0',206,'2019-07-03',NULL,NULL),(3605,76,9,2,4,NULL,38.00,'P',NULL,NULL,'0',188,'2019-07-03',NULL,NULL),(3606,596,26,6,37,NULL,35.00,'P',NULL,NULL,'0',206,'2019-07-03',NULL,NULL),(3607,585,26,6,37,NULL,39.00,'P',NULL,NULL,'0',206,'2019-07-03',NULL,NULL),(3608,691,33,8,59,NULL,24.00,'P',NULL,NULL,'0',202,'2019-07-03',NULL,NULL),(3609,69,9,2,4,NULL,0.00,'F',NULL,NULL,'1',188,'2019-07-03',NULL,NULL),(3610,591,26,6,37,NULL,26.00,'P',NULL,NULL,'0',206,'2019-07-03',NULL,NULL),(3611,709,33,8,59,NULL,29.00,'P',NULL,NULL,'0',202,'2019-07-03',NULL,NULL),(3612,598,26,6,37,NULL,37.00,'P',NULL,NULL,'0',206,'2019-07-03',206,'2019-07-10'),(3613,51,9,2,4,NULL,36.00,'P',NULL,NULL,'0',188,'2019-07-03',NULL,NULL),(3614,714,33,8,59,NULL,36.00,'P',NULL,NULL,'0',202,'2019-07-03',NULL,NULL),(3615,587,26,6,37,NULL,36.00,'P',NULL,NULL,'0',206,'2019-07-03',NULL,NULL),(3616,61,9,2,4,NULL,34.00,'P',NULL,NULL,'0',188,'2019-07-03',NULL,NULL),(3617,604,26,6,37,NULL,23.00,'P',NULL,NULL,'0',206,'2019-07-03',NULL,NULL),(3618,54,9,2,4,NULL,23.00,'P',NULL,NULL,'0',188,'2019-07-03',NULL,NULL),(3619,58,9,2,4,NULL,37.00,'P',NULL,NULL,'0',188,'2019-07-03',NULL,NULL),(3620,580,26,6,37,NULL,30.00,'P',NULL,NULL,'0',206,'2019-07-03',NULL,NULL),(3621,722,33,8,59,NULL,43.00,'P',NULL,NULL,'0',202,'2019-07-03',NULL,NULL),(3622,595,26,6,37,NULL,37.00,'P',NULL,NULL,'0',206,'2019-07-03',NULL,NULL),(3623,65,9,2,4,NULL,38.00,'P',NULL,NULL,'0',188,'2019-07-03',NULL,NULL),(3624,578,26,6,37,NULL,19.00,'P',NULL,NULL,'0',206,'2019-07-03',NULL,NULL),(3625,600,26,6,37,NULL,18.00,'P',NULL,NULL,'0',206,'2019-07-03',NULL,NULL),(3626,47,9,2,4,NULL,34.00,'P',NULL,NULL,'0',188,'2019-07-03',NULL,NULL),(3627,705,33,8,59,NULL,48.00,'P',NULL,NULL,'0',202,'2019-07-03',NULL,NULL),(3628,601,26,6,37,NULL,14.00,'P',NULL,NULL,'0',206,'2019-07-03',NULL,NULL),(3629,592,26,6,37,NULL,18.00,'P',NULL,NULL,'0',206,'2019-07-03',NULL,NULL),(3630,70,9,2,4,NULL,26.00,'P',NULL,NULL,'0',188,'2019-07-03',NULL,NULL),(3631,698,33,8,59,NULL,25.00,'P',NULL,NULL,'0',202,'2019-07-03',NULL,NULL),(3632,579,26,6,37,NULL,20.00,'P',NULL,NULL,'0',206,'2019-07-03',NULL,NULL),(3633,584,26,6,37,NULL,22.00,'P',NULL,NULL,'0',206,'2019-07-03',NULL,NULL),(3634,68,9,2,4,NULL,35.00,'P',NULL,NULL,'0',188,'2019-07-03',NULL,NULL),(3635,703,33,8,59,NULL,26.00,'P',NULL,NULL,'0',202,'2019-07-03',NULL,NULL),(3636,594,26,6,37,NULL,21.00,'P',NULL,NULL,'0',206,'2019-07-03',NULL,NULL),(3637,57,9,2,4,NULL,40.00,'P',NULL,NULL,'0',188,'2019-07-03',NULL,NULL),(3638,713,33,8,59,NULL,31.00,'P',NULL,NULL,'0',202,'2019-07-03',NULL,NULL),(3639,46,9,2,4,NULL,29.00,'P',NULL,NULL,'0',188,'2019-07-03',NULL,NULL),(3640,582,26,6,37,NULL,34.00,'P',NULL,NULL,'0',206,'2019-07-03',NULL,NULL),(3641,723,33,8,59,NULL,7.00,'F',NULL,NULL,'0',202,'2019-07-03',NULL,NULL),(3642,602,26,6,37,NULL,25.00,'P',NULL,NULL,'0',206,'2019-07-03',NULL,NULL),(3643,73,9,2,4,NULL,35.00,'P',NULL,NULL,'0',188,'2019-07-03',NULL,NULL),(3644,718,33,8,59,NULL,33.00,'P',NULL,NULL,'0',202,'2019-07-03',NULL,NULL),(3645,60,9,2,4,NULL,40.00,'P',NULL,NULL,'0',188,'2019-07-03',NULL,NULL),(3646,71,9,2,4,NULL,40.00,'P',NULL,NULL,'0',188,'2019-07-03',NULL,NULL),(3647,49,9,2,4,NULL,40.00,'P',NULL,NULL,'0',188,'2019-07-03',NULL,NULL),(3648,612,26,6,37,NULL,31.00,'P',NULL,NULL,'0',206,'2019-07-03',NULL,NULL),(3649,53,9,2,4,NULL,40.00,'P',NULL,NULL,'0',188,'2019-07-03',NULL,NULL),(3650,721,33,8,59,NULL,47.00,'P',NULL,NULL,'0',202,'2019-07-03',NULL,NULL),(3651,45,9,2,4,NULL,39.00,'P',NULL,NULL,'0',188,'2019-07-03',NULL,NULL),(3652,609,26,6,37,NULL,34.00,'P',NULL,NULL,'0',206,'2019-07-03',NULL,NULL),(3653,610,26,6,37,NULL,24.00,'P',NULL,NULL,'0',206,'2019-07-03',NULL,NULL),(3654,589,26,6,37,NULL,24.00,'P',NULL,NULL,'0',206,'2019-07-03',NULL,NULL),(3655,72,9,2,4,NULL,36.00,'P',NULL,NULL,'0',188,'2019-07-03',NULL,NULL),(3656,697,33,8,59,NULL,39.00,'P',NULL,NULL,'0',202,'2019-07-03',NULL,NULL),(3657,599,26,6,37,NULL,25.00,'P',NULL,NULL,'0',206,'2019-07-03',NULL,NULL),(3658,597,26,6,37,NULL,31.00,'P',NULL,NULL,'0',206,'2019-07-03',NULL,NULL),(3659,81,9,2,4,NULL,37.00,'P',NULL,NULL,'0',188,'2019-07-03',NULL,NULL),(3660,717,33,8,59,NULL,24.00,'P',NULL,NULL,'0',202,'2019-07-03',NULL,NULL),(3661,603,26,6,37,NULL,23.00,'P',NULL,NULL,'0',206,'2019-07-03',NULL,NULL),(3662,586,26,6,37,NULL,31.00,'P',NULL,NULL,'0',206,'2019-07-03',NULL,NULL),(3663,80,9,2,4,NULL,40.00,'P',NULL,NULL,'0',188,'2019-07-03',NULL,NULL),(3664,590,26,6,37,NULL,31.00,'P',NULL,NULL,'0',206,'2019-07-03',NULL,NULL),(3665,695,33,8,59,NULL,28.00,'P',NULL,NULL,'0',202,'2019-07-03',NULL,NULL),(3666,583,26,6,37,NULL,19.00,'P',NULL,NULL,'0',206,'2019-07-03',NULL,NULL),(3667,588,26,6,37,NULL,34.00,'P',NULL,NULL,'0',206,'2019-07-03',NULL,NULL),(3668,696,33,8,59,NULL,5.00,'F',NULL,NULL,'0',202,'2019-07-03',NULL,NULL),(3669,611,26,6,37,NULL,9.00,'F',NULL,NULL,'0',206,'2019-07-03',NULL,NULL),(3670,607,26,6,37,NULL,15.00,'P',NULL,NULL,'0',206,'2019-07-03',NULL,NULL),(3671,608,26,6,37,NULL,31.00,'P',NULL,NULL,'0',206,'2019-07-03',NULL,NULL),(3672,719,33,8,59,NULL,33.00,'P',NULL,NULL,'0',202,'2019-07-03',NULL,NULL),(3673,606,26,6,37,NULL,35.00,'P',NULL,NULL,'0',206,'2019-07-03',NULL,NULL),(3674,78,9,2,4,NULL,40.00,'P',NULL,NULL,'0',188,'2019-07-03',NULL,NULL),(3675,699,33,8,59,NULL,31.00,'P',NULL,NULL,'0',202,'2019-07-03',NULL,NULL),(3676,613,26,6,37,NULL,9.00,'F',NULL,NULL,'0',206,'2019-07-03',NULL,NULL),(3677,74,9,2,4,NULL,40.00,'P',NULL,NULL,'0',188,'2019-07-03',NULL,NULL),(3678,707,33,8,59,NULL,42.00,'P',NULL,NULL,'0',202,'2019-07-03',NULL,NULL),(3679,67,9,2,4,NULL,37.00,'P',NULL,NULL,'0',188,'2019-07-03',NULL,NULL),(3680,59,9,2,4,NULL,40.00,'P',NULL,NULL,'0',188,'2019-07-03',NULL,NULL),(3681,692,33,8,59,NULL,17.00,'P',NULL,NULL,'0',202,'2019-07-03',NULL,NULL),(3682,712,33,8,59,NULL,11.00,'F',NULL,NULL,'0',202,'2019-07-03',NULL,NULL),(3683,75,9,2,4,NULL,30.00,'P',NULL,NULL,'0',188,'2019-07-03',NULL,NULL),(3684,63,9,2,4,NULL,36.00,'P',NULL,NULL,'0',188,'2019-07-03',NULL,NULL),(3685,690,33,8,59,NULL,15.00,'F',NULL,NULL,'0',202,'2019-07-03',NULL,NULL),(3686,55,9,2,4,NULL,37.00,'P',NULL,NULL,'0',188,'2019-07-03',NULL,NULL),(3687,56,9,2,4,NULL,39.00,'P',NULL,NULL,'0',188,'2019-07-03',NULL,NULL),(3688,694,33,8,59,NULL,4.00,'F',NULL,NULL,'0',202,'2019-07-03',NULL,NULL),(3689,77,9,2,4,NULL,40.00,'P',NULL,NULL,'0',188,'2019-07-03',NULL,NULL),(3690,66,9,2,4,NULL,37.00,'P',NULL,NULL,'0',188,'2019-07-03',NULL,NULL),(3691,725,33,8,59,NULL,43.00,'P',NULL,NULL,'0',202,'2019-07-03',NULL,NULL),(3692,84,9,2,4,NULL,40.00,'P',NULL,NULL,'0',188,'2019-07-03',NULL,NULL),(3693,85,9,2,4,NULL,37.00,'P',NULL,NULL,'0',188,'2019-07-03',NULL,NULL),(3694,715,33,8,59,NULL,47.00,'P',NULL,NULL,'0',202,'2019-07-03',NULL,NULL),(3695,704,33,8,59,NULL,44.00,'P',NULL,NULL,'0',202,'2019-07-03',NULL,NULL),(3696,86,9,2,4,NULL,29.00,'P',NULL,NULL,'0',188,'2019-07-03',NULL,NULL),(3697,693,33,8,59,NULL,34.00,'P',NULL,NULL,'0',202,'2019-07-03',NULL,NULL),(3698,87,9,2,4,NULL,40.00,'P',NULL,NULL,'0',188,'2019-07-03',NULL,NULL),(3699,88,9,2,4,NULL,31.00,'P',NULL,NULL,'0',188,'2019-07-03',NULL,NULL),(3700,716,33,8,59,NULL,20.00,'P',NULL,NULL,'0',202,'2019-07-03',NULL,NULL),(3701,701,33,8,59,NULL,37.00,'P',NULL,NULL,'0',202,'2019-07-03',NULL,NULL),(3702,82,9,2,4,NULL,24.00,'P',NULL,NULL,'0',188,'2019-07-03',NULL,NULL),(3703,720,33,8,59,NULL,8.00,'F',NULL,NULL,'0',202,'2019-07-03',NULL,NULL),(3704,48,9,2,4,NULL,39.00,'P',NULL,NULL,'0',188,'2019-07-03',NULL,NULL),(3705,689,33,8,59,NULL,32.00,'P',NULL,NULL,'0',202,'2019-07-03',NULL,NULL),(3706,711,33,8,59,NULL,20.00,'P',NULL,NULL,'0',202,'2019-07-03',NULL,NULL),(3707,155,13,3,17,NULL,39.00,'P',NULL,NULL,'0',198,'2019-07-03',NULL,NULL),(3708,727,33,8,59,NULL,25.00,'P',NULL,NULL,'0',202,'2019-07-03',NULL,NULL),(3709,730,33,8,59,NULL,25.00,'P',NULL,NULL,'0',202,'2019-07-03',NULL,NULL),(3710,141,13,3,17,NULL,36.00,'P',NULL,NULL,'0',198,'2019-07-03',NULL,NULL),(3711,729,33,8,59,NULL,1.00,'F',NULL,NULL,'0',202,'2019-07-03',NULL,NULL),(3712,150,13,3,17,NULL,39.00,'P',NULL,NULL,'0',198,'2019-07-03',NULL,NULL),(3713,142,13,3,17,NULL,37.00,'P',NULL,NULL,'0',198,'2019-07-03',NULL,NULL),(3714,731,33,8,59,NULL,31.00,'P',NULL,NULL,'0',202,'2019-07-03',NULL,NULL),(3715,169,13,3,17,NULL,36.00,'P',NULL,NULL,'0',198,'2019-07-03',NULL,NULL),(3716,728,33,8,59,NULL,27.00,'P',NULL,NULL,'0',202,'2019-07-03',NULL,NULL),(3717,146,13,3,17,NULL,36.00,'P',NULL,NULL,'0',198,'2019-07-03',NULL,NULL),(3718,724,33,8,59,NULL,14.00,'F',NULL,NULL,'0',202,'2019-07-03',NULL,NULL),(3719,136,13,3,17,NULL,14.00,'P',NULL,NULL,'0',198,'2019-07-03',NULL,NULL),(3720,733,33,8,59,NULL,48.00,'P',NULL,NULL,'0',202,'2019-07-03',NULL,NULL),(3721,139,13,3,17,NULL,29.00,'P',NULL,NULL,'0',198,'2019-07-03',NULL,NULL),(3722,153,13,3,17,NULL,40.00,'P',NULL,NULL,'0',198,'2019-07-03',NULL,NULL),(3723,734,33,8,59,NULL,35.00,'P',NULL,NULL,'0',202,'2019-07-03',NULL,NULL),(3724,167,13,3,17,NULL,30.00,'P',NULL,NULL,'0',198,'2019-07-03',NULL,NULL),(3725,165,13,3,17,NULL,23.00,'P',NULL,NULL,'0',198,'2019-07-03',NULL,NULL),(3726,735,33,8,59,NULL,21.00,'P',NULL,NULL,'0',202,'2019-07-03',NULL,NULL),(3727,154,13,3,17,NULL,32.00,'P',NULL,NULL,'0',198,'2019-07-03',NULL,NULL),(3728,149,13,3,17,NULL,16.00,'P',NULL,NULL,'0',198,'2019-07-03',NULL,NULL),(3729,152,13,3,17,NULL,38.00,'P',NULL,NULL,'0',198,'2019-07-03',NULL,NULL),(3730,138,13,3,17,NULL,40.00,'P',NULL,NULL,'0',198,'2019-07-03',NULL,NULL),(3731,137,13,3,17,NULL,40.00,'P',NULL,NULL,'0',198,'2019-07-03',NULL,NULL),(3732,144,13,3,17,NULL,0.00,'F',NULL,NULL,'1',198,'2019-07-03',NULL,NULL),(3733,664,30,7,51,NULL,18.00,'P',NULL,NULL,'0',202,'2019-07-03',NULL,NULL),(3734,162,13,3,17,NULL,39.00,'P',NULL,NULL,'0',198,'2019-07-03',NULL,NULL),(3735,679,30,7,51,NULL,21.00,'P',NULL,NULL,'0',202,'2019-07-03',NULL,NULL),(3736,684,30,7,51,NULL,18.00,'P',NULL,NULL,'0',202,'2019-07-03',NULL,NULL),(3737,134,13,3,17,NULL,37.00,'P',NULL,NULL,'0',198,'2019-07-03',NULL,NULL),(3738,680,30,7,51,NULL,28.00,'P',NULL,NULL,'0',202,'2019-07-03',NULL,NULL),(3739,140,13,3,17,NULL,40.00,'P',NULL,NULL,'0',198,'2019-07-03',NULL,NULL),(3740,158,13,3,17,NULL,39.00,'P',NULL,NULL,'0',198,'2019-07-03',NULL,NULL),(3741,674,30,7,51,NULL,4.00,'F',NULL,NULL,'0',202,'2019-07-03',NULL,NULL),(3742,157,13,3,17,NULL,39.00,'P',NULL,NULL,'0',198,'2019-07-03',NULL,NULL),(3743,669,30,7,51,NULL,4.00,'F',NULL,NULL,'0',202,'2019-07-03',NULL,NULL),(3744,166,13,3,17,NULL,16.00,'P',NULL,NULL,'0',198,'2019-07-03',NULL,NULL),(3745,662,30,7,51,NULL,22.00,'P',NULL,NULL,'0',202,'2019-07-03',NULL,NULL),(3746,151,13,3,17,NULL,34.00,'P',NULL,NULL,'0',198,'2019-07-03',NULL,NULL),(3747,685,30,7,51,NULL,7.00,'F',NULL,NULL,'0',202,'2019-07-03',NULL,NULL),(3748,147,13,3,17,NULL,15.00,'P',NULL,NULL,'0',198,'2019-07-03',NULL,NULL),(3749,164,13,3,17,NULL,32.00,'P',NULL,NULL,'0',198,'2019-07-03',NULL,NULL),(3750,678,30,7,51,NULL,19.00,'P',NULL,NULL,'0',202,'2019-07-03',NULL,NULL),(3751,156,13,3,17,NULL,14.00,'P',NULL,NULL,'0',198,'2019-07-03',NULL,NULL),(3752,163,13,3,17,NULL,33.00,'P',NULL,NULL,'0',198,'2019-07-03',NULL,NULL),(3753,667,30,7,51,NULL,29.00,'P',NULL,NULL,'0',202,'2019-07-03',NULL,NULL),(3754,143,13,3,17,NULL,37.00,'P',NULL,NULL,'0',198,'2019-07-03',NULL,NULL),(3755,172,13,3,17,NULL,29.00,'P',NULL,NULL,'0',198,'2019-07-03',NULL,NULL),(3756,682,30,7,51,NULL,1.00,'F',NULL,NULL,'0',202,'2019-07-03',NULL,NULL),(3757,135,13,3,17,NULL,40.00,'P',NULL,NULL,'0',198,'2019-07-03',NULL,NULL),(3758,651,30,7,51,NULL,17.00,'P',NULL,NULL,'0',202,'2019-07-03',NULL,NULL),(3759,148,13,3,17,NULL,8.00,'F',NULL,NULL,'0',198,'2019-07-03',NULL,NULL),(3760,656,30,7,51,NULL,36.00,'P',NULL,NULL,'0',202,'2019-07-03',NULL,NULL),(3761,160,13,3,17,NULL,39.00,'P',NULL,NULL,'0',198,'2019-07-03',NULL,NULL),(3762,657,30,7,51,NULL,4.00,'F',NULL,NULL,'0',202,'2019-07-03',NULL,NULL),(3763,161,13,3,17,NULL,16.00,'P',NULL,NULL,'0',198,'2019-07-03',NULL,NULL),(3764,159,13,3,17,NULL,36.00,'P',NULL,NULL,'0',198,'2019-07-03',NULL,NULL),(3765,677,30,7,51,NULL,45.00,'P',NULL,NULL,'0',202,'2019-07-03',NULL,NULL),(3766,671,30,7,51,NULL,18.00,'P',NULL,NULL,'0',202,'2019-07-03',NULL,NULL),(3767,145,13,3,17,NULL,27.00,'P',NULL,NULL,'0',198,'2019-07-03',198,'2019-07-03'),(3768,673,30,7,51,NULL,20.00,'P',NULL,NULL,'0',202,'2019-07-03',NULL,NULL),(3769,653,30,7,51,NULL,19.00,'P',NULL,NULL,'0',202,'2019-07-03',NULL,NULL),(3770,79,9,2,6,NULL,37.00,'P',NULL,NULL,'0',188,'2019-07-03',NULL,NULL),(3771,652,30,7,51,NULL,29.00,'P',NULL,NULL,'0',202,'2019-07-03',NULL,NULL),(3772,64,9,2,6,NULL,37.00,'P',NULL,NULL,'0',188,'2019-07-03',NULL,NULL),(3773,170,13,3,17,NULL,37.00,'P',NULL,NULL,'0',198,'2019-07-03',NULL,NULL),(3774,62,9,2,6,NULL,40.00,'P',NULL,NULL,'0',188,'2019-07-03',NULL,NULL),(3775,658,30,7,51,NULL,26.00,'P',NULL,NULL,'0',202,'2019-07-03',NULL,NULL),(3776,52,9,2,6,NULL,38.00,'P',NULL,NULL,'0',188,'2019-07-03',NULL,NULL),(3777,171,13,3,17,NULL,40.00,'P',NULL,NULL,'0',198,'2019-07-03',NULL,NULL),(3778,83,9,2,6,NULL,32.00,'P',NULL,NULL,'0',188,'2019-07-03',NULL,NULL),(3779,50,9,2,6,NULL,40.00,'P',NULL,NULL,'0',188,'2019-07-03',NULL,NULL),(3780,668,30,7,51,NULL,17.00,'P',NULL,NULL,'0',202,'2019-07-03',NULL,NULL),(3781,168,13,3,17,NULL,14.00,'P',NULL,NULL,'0',198,'2019-07-03',NULL,NULL),(3782,76,9,2,6,NULL,39.00,'P',NULL,NULL,'0',188,'2019-07-03',NULL,NULL),(3783,173,13,3,17,NULL,36.00,'P',NULL,NULL,'0',198,'2019-07-03',NULL,NULL),(3784,69,9,2,6,NULL,0.00,'F',NULL,NULL,'1',188,'2019-07-03',NULL,NULL),(3785,51,9,2,6,NULL,36.00,'P',NULL,NULL,'0',188,'2019-07-03',NULL,NULL),(3786,665,30,7,51,NULL,22.00,'P',NULL,NULL,'0',202,'2019-07-03',NULL,NULL),(3787,61,9,2,6,NULL,40.00,'P',NULL,NULL,'0',188,'2019-07-03',NULL,NULL),(3788,54,9,2,6,NULL,22.00,'P',NULL,NULL,'0',188,'2019-07-03',NULL,NULL),(3789,676,30,7,51,NULL,9.00,'F',NULL,NULL,'0',202,'2019-07-03',NULL,NULL),(3790,58,9,2,6,NULL,38.00,'P',NULL,NULL,'0',188,'2019-07-03',NULL,NULL),(3791,65,9,2,6,NULL,40.00,'P',NULL,NULL,'0',188,'2019-07-03',NULL,NULL),(3792,681,30,7,51,NULL,44.00,'P',NULL,NULL,'0',202,'2019-07-03',NULL,NULL),(3793,47,9,2,6,NULL,38.00,'P',NULL,NULL,'0',188,'2019-07-03',NULL,NULL),(3794,70,9,2,6,NULL,39.00,'P',NULL,NULL,'0',188,'2019-07-03',NULL,NULL),(3795,672,30,7,51,NULL,17.00,'P',NULL,NULL,'0',202,'2019-07-03',NULL,NULL),(3796,68,9,2,6,NULL,40.00,'P',NULL,NULL,'0',188,'2019-07-03',NULL,NULL),(3797,57,9,2,6,NULL,40.00,'P',NULL,NULL,'0',188,'2019-07-03',NULL,NULL),(3798,661,30,7,51,NULL,18.00,'P',NULL,NULL,'0',202,'2019-07-03',NULL,NULL),(3799,46,9,2,6,NULL,39.00,'P',NULL,NULL,'0',188,'2019-07-03',NULL,NULL),(3800,73,9,2,6,NULL,37.00,'P',NULL,NULL,'0',188,'2019-07-03',NULL,NULL),(3801,60,9,2,6,NULL,40.00,'P',NULL,NULL,'0',188,'2019-07-03',NULL,NULL),(3802,670,30,7,51,NULL,36.00,'P',NULL,NULL,'0',202,'2019-07-03',NULL,NULL),(3803,71,9,2,6,NULL,40.00,'P',NULL,NULL,'0',188,'2019-07-03',NULL,NULL),(3804,178,14,3,17,NULL,31.00,'P',NULL,NULL,'0',198,'2019-07-03',NULL,NULL),(3805,49,9,2,6,NULL,40.00,'P',NULL,NULL,'0',188,'2019-07-03',NULL,NULL),(3806,53,9,2,6,NULL,39.00,'P',NULL,NULL,'0',188,'2019-07-03',NULL,NULL),(3807,655,30,7,51,NULL,23.00,'P',NULL,NULL,'0',202,'2019-07-03',NULL,NULL),(3808,45,9,2,6,NULL,38.00,'P',NULL,NULL,'0',188,'2019-07-03',NULL,NULL),(3809,207,14,3,17,NULL,40.00,'P',NULL,NULL,'0',198,'2019-07-03',NULL,NULL),(3810,72,9,2,6,NULL,39.00,'P',NULL,NULL,'0',188,'2019-07-03',NULL,NULL),(3811,660,30,7,51,NULL,17.00,'P',NULL,NULL,'0',202,'2019-07-03',NULL,NULL),(3812,81,9,2,6,NULL,36.00,'P',NULL,NULL,'0',188,'2019-07-03',NULL,NULL),(3813,176,14,3,17,NULL,29.00,'P',NULL,NULL,'0',198,'2019-07-03',NULL,NULL),(3814,80,9,2,6,NULL,40.00,'P',NULL,NULL,'0',188,'2019-07-03',NULL,NULL),(3815,197,14,3,17,NULL,30.00,'P',NULL,NULL,'0',198,'2019-07-03',NULL,NULL),(3816,659,30,7,51,NULL,29.00,'P',NULL,NULL,'0',202,'2019-07-03',NULL,NULL),(3817,78,9,2,6,NULL,40.00,'P',NULL,NULL,'0',188,'2019-07-03',NULL,NULL),(3818,74,9,2,6,NULL,38.00,'P',NULL,NULL,'0',188,'2019-07-03',NULL,NULL),(3819,190,14,3,17,NULL,34.00,'P',NULL,NULL,'0',198,'2019-07-03',NULL,NULL),(3820,67,9,2,6,NULL,40.00,'P',NULL,NULL,'0',188,'2019-07-03',NULL,NULL),(3821,675,30,7,51,NULL,36.00,'P',NULL,NULL,'0',202,'2019-07-03',NULL,NULL),(3822,59,9,2,6,NULL,35.00,'P',NULL,NULL,'0',188,'2019-07-03',NULL,NULL),(3823,179,14,3,17,NULL,40.00,'P',NULL,NULL,'0',198,'2019-07-03',NULL,NULL),(3824,75,9,2,6,NULL,40.00,'P',NULL,NULL,'0',188,'2019-07-03',NULL,NULL),(3825,663,30,7,51,NULL,39.00,'P',NULL,NULL,'0',202,'2019-07-03',NULL,NULL),(3826,63,9,2,6,NULL,38.00,'P',NULL,NULL,'0',188,'2019-07-03',NULL,NULL),(3827,180,14,3,17,NULL,35.00,'P',NULL,NULL,'0',198,'2019-07-03',NULL,NULL),(3828,55,9,2,6,NULL,36.00,'P',NULL,NULL,'0',188,'2019-07-03',NULL,NULL),(3829,654,30,7,51,NULL,17.00,'P',NULL,NULL,'0',202,'2019-07-03',NULL,NULL),(3830,56,9,2,6,NULL,39.00,'P',NULL,NULL,'0',188,'2019-07-03',NULL,NULL),(3831,77,9,2,6,NULL,40.00,'P',NULL,NULL,'0',188,'2019-07-03',NULL,NULL),(3832,687,30,7,51,NULL,24.00,'P',NULL,NULL,'0',202,'2019-07-03',NULL,NULL),(3833,66,9,2,6,NULL,35.00,'P',NULL,NULL,'0',188,'2019-07-03',NULL,NULL),(3834,84,9,2,6,NULL,36.00,'P',NULL,NULL,'0',188,'2019-07-03',NULL,NULL),(3835,85,9,2,6,NULL,40.00,'P',NULL,NULL,'0',188,'2019-07-03',NULL,NULL),(3836,686,30,7,51,NULL,14.00,'F',NULL,NULL,'0',202,'2019-07-03',NULL,NULL),(3837,86,9,2,6,NULL,23.00,'P',NULL,NULL,'0',188,'2019-07-03',NULL,NULL),(3838,87,9,2,6,NULL,30.00,'P',NULL,NULL,'0',188,'2019-07-03',NULL,NULL),(3839,208,14,3,17,NULL,39.00,'P',NULL,NULL,'0',198,'2019-07-03',NULL,NULL),(3840,88,9,2,6,NULL,33.00,'P',NULL,NULL,'0',188,'2019-07-03',NULL,NULL),(3841,82,9,2,6,NULL,28.00,'P',NULL,NULL,'0',188,'2019-07-03',NULL,NULL),(3842,683,30,7,51,NULL,34.00,'P',NULL,NULL,'0',202,'2019-07-03',NULL,NULL),(3843,48,9,2,6,NULL,0.00,'F',NULL,NULL,'1',188,'2019-07-03',NULL,NULL),(3844,175,14,3,17,NULL,37.00,'P',NULL,NULL,'0',198,'2019-07-03',NULL,NULL),(3845,666,30,7,51,NULL,19.00,'P',NULL,NULL,'0',202,'2019-07-03',NULL,NULL),(3846,181,14,3,17,NULL,18.00,'P',NULL,NULL,'0',198,'2019-07-03',NULL,NULL),(3847,688,30,7,51,NULL,19.00,'P',NULL,NULL,'0',202,'2019-07-03',NULL,NULL),(3848,206,14,3,17,NULL,39.00,'P',NULL,NULL,'0',198,'2019-07-03',NULL,NULL),(3849,195,14,3,17,NULL,37.00,'P',NULL,NULL,'0',198,'2019-07-03',NULL,NULL),(3850,192,14,3,17,NULL,35.00,'P',NULL,NULL,'0',198,'2019-07-03',NULL,NULL),(3851,205,14,3,17,NULL,35.00,'P',NULL,NULL,'0',198,'2019-07-03',NULL,NULL),(3852,200,14,3,17,NULL,37.00,'P',NULL,NULL,'0',198,'2019-07-03',NULL,NULL),(3853,198,14,3,17,NULL,40.00,'P',NULL,NULL,'0',198,'2019-07-03',NULL,NULL),(3854,178,14,3,10,NULL,28.00,'P',NULL,NULL,'0',188,'2019-07-03',NULL,NULL),(3855,207,14,3,10,NULL,40.00,'P',NULL,NULL,'0',188,'2019-07-03',NULL,NULL),(3856,210,14,3,17,NULL,37.00,'P',NULL,NULL,'0',198,'2019-07-03',NULL,NULL),(3857,176,14,3,10,NULL,22.00,'P',NULL,NULL,'0',188,'2019-07-03',NULL,NULL),(3858,182,14,3,17,NULL,14.00,'P',NULL,NULL,'0',198,'2019-07-03',NULL,NULL),(3859,197,14,3,10,NULL,32.00,'P',NULL,NULL,'0',188,'2019-07-03',NULL,NULL),(3860,190,14,3,10,NULL,28.00,'P',NULL,NULL,'0',188,'2019-07-03',NULL,NULL),(3861,179,14,3,10,NULL,37.00,'P',NULL,NULL,'0',188,'2019-07-03',NULL,NULL),(3862,193,14,3,17,NULL,33.00,'P',NULL,NULL,'0',198,'2019-07-03',NULL,NULL),(3863,180,14,3,10,NULL,24.00,'P',NULL,NULL,'0',188,'2019-07-03',NULL,NULL),(3864,208,14,3,10,NULL,38.00,'P',NULL,NULL,'0',188,'2019-07-03',NULL,NULL),(3865,175,14,3,10,NULL,30.00,'P',NULL,NULL,'0',188,'2019-07-03',NULL,NULL),(3866,204,14,3,17,NULL,33.00,'P',NULL,NULL,'0',198,'2019-07-03',NULL,NULL),(3867,181,14,3,10,NULL,16.00,'P',NULL,NULL,'0',188,'2019-07-03',NULL,NULL),(3868,605,26,6,42,NULL,4.00,'F',NULL,NULL,'0',202,'2019-07-03',NULL,NULL),(3869,189,14,3,17,NULL,16.00,'P',NULL,NULL,'0',198,'2019-07-03',NULL,NULL),(3870,206,14,3,10,NULL,36.00,'P',NULL,NULL,'0',188,'2019-07-03',NULL,NULL),(3871,195,14,3,10,NULL,33.00,'P',NULL,NULL,'0',188,'2019-07-03',NULL,NULL),(3872,202,14,3,17,NULL,39.00,'P',NULL,NULL,'0',198,'2019-07-03',NULL,NULL),(3873,192,14,3,10,NULL,32.00,'P',NULL,NULL,'0',188,'2019-07-03',NULL,NULL),(3874,205,14,3,10,NULL,22.00,'P',NULL,NULL,'0',188,'2019-07-03',NULL,NULL),(3875,593,26,6,42,NULL,27.00,'P',NULL,NULL,'0',202,'2019-07-03',NULL,NULL),(3876,191,14,3,17,NULL,32.00,'P',NULL,NULL,'0',198,'2019-07-03',NULL,NULL),(3877,200,14,3,10,NULL,38.00,'P',NULL,NULL,'0',188,'2019-07-03',NULL,NULL),(3878,198,14,3,10,NULL,38.00,'P',NULL,NULL,'0',188,'2019-07-03',NULL,NULL),(3879,581,26,6,42,NULL,33.00,'P',NULL,NULL,'0',202,'2019-07-03',NULL,NULL),(3880,210,14,3,10,NULL,34.00,'P',NULL,NULL,'0',188,'2019-07-03',NULL,NULL),(3881,187,14,3,17,NULL,38.00,'P',NULL,NULL,'0',198,'2019-07-03',NULL,NULL),(3882,596,26,6,42,NULL,3.00,'F',NULL,NULL,'0',202,'2019-07-03',NULL,NULL),(3883,182,14,3,10,NULL,7.00,'F',NULL,NULL,'0',188,'2019-07-03',NULL,NULL),(3884,585,26,6,42,NULL,29.00,'P',NULL,NULL,'0',202,'2019-07-03',NULL,NULL),(3885,194,14,3,17,NULL,29.00,'P',NULL,NULL,'0',198,'2019-07-03',NULL,NULL),(3886,591,26,6,42,NULL,1.00,'F',NULL,NULL,'0',202,'2019-07-03',NULL,NULL),(3887,199,14,3,17,NULL,40.00,'P',NULL,NULL,'0',198,'2019-07-03',NULL,NULL),(3888,193,14,3,10,NULL,35.00,'P',NULL,NULL,'0',188,'2019-07-03',NULL,NULL),(3889,204,14,3,10,NULL,30.00,'P',NULL,NULL,'0',188,'2019-07-03',NULL,NULL),(3890,598,26,6,42,NULL,29.00,'P',NULL,NULL,'0',202,'2019-07-03',NULL,NULL),(3891,189,14,3,10,NULL,14.00,'P',NULL,NULL,'0',188,'2019-07-03',NULL,NULL),(3892,587,26,6,42,NULL,25.00,'P',NULL,NULL,'0',202,'2019-07-03',NULL,NULL),(3893,202,14,3,10,NULL,40.00,'P',NULL,NULL,'0',188,'2019-07-03',NULL,NULL),(3894,196,14,3,17,NULL,25.00,'P',NULL,NULL,'0',198,'2019-07-03',NULL,NULL),(3895,191,14,3,10,NULL,32.00,'P',NULL,NULL,'0',188,'2019-07-03',NULL,NULL),(3896,604,26,6,42,NULL,21.00,'P',NULL,NULL,'0',202,'2019-07-03',NULL,NULL),(3897,187,14,3,10,NULL,15.00,'P',NULL,NULL,'0',188,'2019-07-03',NULL,NULL),(3898,183,14,3,17,NULL,31.00,'P',NULL,NULL,'0',198,'2019-07-03',NULL,NULL),(3899,194,14,3,10,NULL,21.00,'P',NULL,NULL,'0',188,'2019-07-03',NULL,NULL),(3900,580,26,6,42,NULL,31.00,'P',NULL,NULL,'0',202,'2019-07-03',NULL,NULL),(3901,199,14,3,10,NULL,34.00,'P',NULL,NULL,'0',188,'2019-07-03',NULL,NULL),(3902,185,14,3,17,NULL,38.00,'P',NULL,NULL,'0',198,'2019-07-03',NULL,NULL),(3903,196,14,3,10,NULL,23.00,'P',NULL,NULL,'0',188,'2019-07-03',NULL,NULL),(3904,183,14,3,10,NULL,18.00,'P',NULL,NULL,'0',188,'2019-07-03',NULL,NULL),(3905,174,14,3,17,NULL,33.00,'P',NULL,NULL,'0',198,'2019-07-03',NULL,NULL),(3906,185,14,3,10,NULL,36.00,'P',NULL,NULL,'0',188,'2019-07-03',NULL,NULL),(3907,174,14,3,10,NULL,35.00,'P',NULL,NULL,'0',188,'2019-07-03',NULL,NULL),(3908,201,14,3,10,NULL,36.00,'P',NULL,NULL,'0',188,'2019-07-03',NULL,NULL),(3909,201,14,3,17,NULL,39.00,'P',NULL,NULL,'0',198,'2019-07-03',NULL,NULL),(3910,184,14,3,10,NULL,19.00,'P',NULL,NULL,'0',188,'2019-07-03',NULL,NULL),(3911,203,14,3,10,NULL,39.00,'P',NULL,NULL,'0',188,'2019-07-03',NULL,NULL),(3912,184,14,3,17,NULL,30.00,'P',NULL,NULL,'0',198,'2019-07-03',NULL,NULL),(3913,595,26,6,42,NULL,36.00,'P',NULL,NULL,'0',202,'2019-07-03',NULL,NULL),(3914,186,14,3,10,NULL,18.00,'P',NULL,NULL,'0',188,'2019-07-03',NULL,NULL),(3915,578,26,6,42,NULL,14.00,'P',NULL,NULL,'0',202,'2019-07-03',NULL,NULL),(3916,188,14,3,10,NULL,31.00,'P',NULL,NULL,'0',188,'2019-07-03',NULL,NULL),(3917,203,14,3,17,NULL,38.00,'P',NULL,NULL,'0',198,'2019-07-03',NULL,NULL),(3918,177,14,3,10,NULL,14.00,'P',NULL,NULL,'0',188,'2019-07-03',NULL,NULL),(3919,214,14,3,10,NULL,36.00,'P',NULL,NULL,'0',188,'2019-07-03',188,'2019-07-09'),(3920,213,14,3,10,NULL,38.00,'P',NULL,NULL,'0',188,'2019-07-03',NULL,NULL),(3921,600,26,6,42,NULL,11.00,'F',NULL,NULL,'0',202,'2019-07-03',NULL,NULL),(3922,211,14,3,10,NULL,38.00,'P',NULL,NULL,'0',188,'2019-07-03',NULL,NULL),(3923,601,26,6,42,NULL,7.00,'F',NULL,NULL,'0',202,'2019-07-03',NULL,NULL),(3924,209,14,3,10,NULL,37.00,'P',NULL,NULL,'0',188,'2019-07-03',NULL,NULL),(3925,212,14,3,10,NULL,40.00,'P',NULL,NULL,'0',188,'2019-07-03',NULL,NULL),(3926,592,26,6,42,NULL,4.00,'F',NULL,NULL,'0',202,'2019-07-03',NULL,NULL),(3927,579,26,6,42,NULL,3.00,'F',NULL,NULL,'0',202,'2019-07-03',NULL,NULL),(3928,584,26,6,42,NULL,15.00,'P',NULL,NULL,'0',202,'2019-07-03',NULL,NULL),(3929,594,26,6,42,NULL,12.00,'P',NULL,NULL,'0',202,'2019-07-03',NULL,NULL),(3930,582,26,6,42,NULL,30.00,'P',NULL,NULL,'0',202,'2019-07-03',NULL,NULL),(3931,602,26,6,42,NULL,22.00,'P',NULL,NULL,'0',202,'2019-07-03',NULL,NULL),(3932,612,26,6,42,NULL,19.00,'P',NULL,NULL,'0',202,'2019-07-03',NULL,NULL),(3933,609,26,6,42,NULL,35.00,'P',NULL,NULL,'0',202,'2019-07-03',NULL,NULL),(3934,610,26,6,42,NULL,19.00,'P',NULL,NULL,'0',202,'2019-07-03',NULL,NULL),(3935,589,26,6,42,NULL,1.00,'F',NULL,NULL,'0',202,'2019-07-03',NULL,NULL),(3936,599,26,6,42,NULL,24.00,'P',NULL,NULL,'0',202,'2019-07-03',NULL,NULL),(3937,597,26,6,42,NULL,17.00,'P',NULL,NULL,'0',202,'2019-07-03',NULL,NULL),(3938,603,26,6,42,NULL,22.00,'P',NULL,NULL,'0',202,'2019-07-03',NULL,NULL),(3939,586,26,6,42,NULL,29.00,'P',NULL,NULL,'0',202,'2019-07-03',NULL,NULL),(3940,590,26,6,42,NULL,23.00,'P',NULL,NULL,'0',202,'2019-07-03',NULL,NULL),(3941,583,26,6,42,NULL,1.00,'F',NULL,NULL,'0',202,'2019-07-03',NULL,NULL),(3942,588,26,6,42,NULL,11.00,'F',NULL,NULL,'0',202,'2019-07-03',NULL,NULL),(3943,611,26,6,42,NULL,2.00,'F',NULL,NULL,'0',202,'2019-07-03',NULL,NULL),(3944,607,26,6,42,NULL,9.00,'F',NULL,NULL,'0',202,'2019-07-03',NULL,NULL),(3945,608,26,6,42,NULL,25.00,'P',NULL,NULL,'0',202,'2019-07-03',NULL,NULL),(3946,186,14,3,17,NULL,14.00,'P',NULL,NULL,'0',198,'2019-07-03',NULL,NULL),(3947,606,26,6,42,NULL,20.00,'P',NULL,NULL,'0',202,'2019-07-03',NULL,NULL),(3948,188,14,3,17,NULL,32.00,'P',NULL,NULL,'0',198,'2019-07-03',NULL,NULL),(3949,613,26,6,42,NULL,0.00,'F',NULL,NULL,'1',202,'2019-07-03',202,'2019-07-10'),(3950,177,14,3,17,NULL,19.00,'P',NULL,NULL,'0',198,'2019-07-03',NULL,NULL),(3951,214,14,3,17,NULL,0.00,'F',NULL,NULL,'1',198,'2019-07-03',NULL,NULL),(3952,213,14,3,17,NULL,36.00,'P',NULL,NULL,'0',198,'2019-07-03',NULL,NULL),(3953,211,14,3,17,NULL,35.00,'P',NULL,NULL,'0',198,'2019-07-03',NULL,NULL),(3954,209,14,3,17,NULL,36.00,'P',NULL,NULL,'0',198,'2019-07-03',NULL,NULL),(3955,212,14,3,17,NULL,40.00,'P',NULL,NULL,'0',198,'2019-07-03',NULL,NULL),(3956,346,21,5,33,NULL,1.00,'F',NULL,NULL,'0',202,'2019-07-03',NULL,NULL),(3957,62,9,12,68,NULL,19.00,'P',NULL,NULL,'0',181,'2019-07-03',NULL,NULL),(3958,332,21,5,33,NULL,1.00,'F',NULL,NULL,'0',202,'2019-07-03',NULL,NULL),(3959,342,21,5,33,NULL,35.00,'P',NULL,NULL,'0',202,'2019-07-03',NULL,NULL),(3960,334,21,5,33,NULL,17.00,'P',NULL,NULL,'0',202,'2019-07-03',NULL,NULL),(3961,324,21,5,33,NULL,10.00,'F',NULL,NULL,'0',202,'2019-07-03',NULL,NULL),(3962,328,21,5,33,NULL,24.00,'P',NULL,NULL,'0',202,'2019-07-03',NULL,NULL),(3963,326,21,5,33,NULL,35.00,'P',NULL,NULL,'0',202,'2019-07-03',NULL,NULL),(3964,325,21,5,33,NULL,28.00,'P',NULL,NULL,'0',202,'2019-07-03',NULL,NULL),(3965,344,21,5,33,NULL,9.00,'F',NULL,NULL,'0',202,'2019-07-03',NULL,NULL),(3966,341,21,5,33,NULL,17.00,'P',NULL,NULL,'0',202,'2019-07-03',NULL,NULL),(3967,235,17,4,21,NULL,22.00,'P',NULL,NULL,'0',198,'2019-07-03',NULL,NULL),(3968,245,17,4,21,NULL,36.00,'P',NULL,NULL,'0',198,'2019-07-03',198,'2019-07-03'),(3969,335,21,5,33,NULL,0.00,'F',NULL,NULL,'1',202,'2019-07-03',NULL,NULL),(3970,323,21,5,33,NULL,31.00,'P',NULL,NULL,'0',202,'2019-07-03',NULL,NULL),(3971,221,17,4,21,NULL,27.00,'P',NULL,NULL,'0',198,'2019-07-03',NULL,NULL),(3972,340,21,5,33,NULL,5.00,'F',NULL,NULL,'0',202,'2019-07-03',NULL,NULL),(3973,216,17,4,21,NULL,36.00,'P',NULL,NULL,'0',198,'2019-07-03',NULL,NULL),(3974,311,21,5,33,NULL,16.00,'P',NULL,NULL,'0',202,'2019-07-03',NULL,NULL),(3975,333,21,5,33,NULL,17.00,'P',NULL,NULL,'0',202,'2019-07-03',NULL,NULL),(3976,217,17,4,21,NULL,28.00,'P',NULL,NULL,'0',198,'2019-07-03',NULL,NULL),(3977,239,17,4,21,NULL,39.00,'P',NULL,NULL,'0',198,'2019-07-03',198,'2019-07-12'),(3978,345,21,5,33,NULL,22.00,'P',NULL,NULL,'0',202,'2019-07-03',NULL,NULL),(3979,253,17,4,21,NULL,26.00,'P',NULL,NULL,'0',198,'2019-07-03',NULL,NULL),(3980,329,21,5,33,NULL,14.00,'P',NULL,NULL,'0',202,'2019-07-03',NULL,NULL),(3981,225,17,4,21,NULL,39.00,'P',NULL,NULL,'0',198,'2019-07-03',NULL,NULL),(3982,224,17,4,21,NULL,39.00,'P',NULL,NULL,'0',198,'2019-07-03',NULL,NULL),(3983,336,21,5,33,NULL,22.00,'P',NULL,NULL,'0',202,'2019-07-03',NULL,NULL),(3984,229,17,4,21,NULL,34.00,'P',NULL,NULL,'0',198,'2019-07-03',NULL,NULL),(3985,330,21,5,33,NULL,9.00,'F',NULL,NULL,'0',202,'2019-07-03',NULL,NULL),(3986,223,17,4,21,NULL,29.00,'P',NULL,NULL,'0',198,'2019-07-03',NULL,NULL),(3987,339,21,5,33,NULL,14.00,'P',NULL,NULL,'0',202,'2019-07-03',NULL,NULL),(3988,256,17,4,21,NULL,36.00,'P',NULL,NULL,'0',198,'2019-07-03',NULL,NULL),(3989,338,21,5,33,NULL,4.00,'F',NULL,NULL,'0',202,'2019-07-03',NULL,NULL),(3990,244,17,4,21,NULL,33.00,'P',NULL,NULL,'0',198,'2019-07-03',NULL,NULL),(3991,320,21,5,33,NULL,34.00,'P',NULL,NULL,'0',202,'2019-07-03',NULL,NULL),(3992,251,17,4,21,NULL,27.00,'P',NULL,NULL,'0',198,'2019-07-03',NULL,NULL),(3993,313,21,5,33,NULL,18.00,'P',NULL,NULL,'0',202,'2019-07-03',NULL,NULL),(3994,322,21,5,33,NULL,15.00,'P',NULL,NULL,'0',202,'2019-07-03',NULL,NULL),(3995,249,17,4,21,NULL,30.00,'P',NULL,NULL,'0',198,'2019-07-03',NULL,NULL),(3996,236,17,4,21,NULL,26.00,'P',NULL,NULL,'0',198,'2019-07-03',NULL,NULL),(3997,316,21,5,33,NULL,25.00,'P',NULL,NULL,'0',202,'2019-07-03',NULL,NULL),(3998,255,17,4,21,NULL,20.00,'P',NULL,NULL,'0',198,'2019-07-03',NULL,NULL),(3999,343,21,5,33,NULL,4.00,'F',NULL,NULL,'0',202,'2019-07-03',NULL,NULL),(4000,219,17,4,21,NULL,27.00,'P',NULL,NULL,'0',198,'2019-07-03',NULL,NULL),(4001,331,21,5,33,NULL,1.00,'F',NULL,NULL,'0',202,'2019-07-03',NULL,NULL),(4002,222,17,4,21,NULL,22.00,'P',NULL,NULL,'0',198,'2019-07-03',NULL,NULL),(4003,315,21,5,33,NULL,18.00,'P',NULL,NULL,'0',202,'2019-07-03',NULL,NULL),(4004,252,17,4,21,NULL,20.00,'P',NULL,NULL,'0',198,'2019-07-03',NULL,NULL),(4005,312,21,5,33,NULL,20.00,'P',NULL,NULL,'0',202,'2019-07-03',NULL,NULL),(4006,227,17,4,21,NULL,18.00,'P',NULL,NULL,'0',198,'2019-07-03',NULL,NULL),(4007,321,21,5,33,NULL,20.00,'P',NULL,NULL,'0',202,'2019-07-03',NULL,NULL),(4008,230,17,4,21,NULL,40.00,'P',NULL,NULL,'0',198,'2019-07-03',NULL,NULL),(4009,327,21,5,33,NULL,24.00,'P',NULL,NULL,'0',202,'2019-07-03',NULL,NULL),(4010,233,17,4,21,NULL,35.00,'P',NULL,NULL,'0',198,'2019-07-03',NULL,NULL),(4011,319,21,5,33,NULL,10.00,'F',NULL,NULL,'0',202,'2019-07-03',NULL,NULL),(4012,240,17,4,21,NULL,17.00,'P',NULL,NULL,'0',198,'2019-07-03',NULL,NULL),(4013,318,21,5,33,NULL,23.00,'P',NULL,NULL,'0',202,'2019-07-03',NULL,NULL),(4014,248,17,4,21,NULL,5.00,'F',NULL,NULL,'0',198,'2019-07-03',198,'2019-07-03'),(4015,351,21,5,33,NULL,14.00,'P',NULL,NULL,'0',202,'2019-07-03',NULL,NULL),(4016,254,17,4,21,NULL,40.00,'P',NULL,NULL,'0',198,'2019-07-03',NULL,NULL),(4017,314,21,5,33,NULL,12.00,'P',NULL,NULL,'0',202,'2019-07-03',NULL,NULL),(4018,215,17,4,21,NULL,23.00,'P',NULL,NULL,'0',198,'2019-07-03',NULL,NULL),(4019,337,21,5,33,NULL,5.00,'F',NULL,NULL,'0',202,'2019-07-03',NULL,NULL),(4020,218,17,4,21,NULL,35.00,'P',NULL,NULL,'0',198,'2019-07-03',NULL,NULL),(4021,317,21,5,33,NULL,8.00,'F',NULL,NULL,'0',202,'2019-07-03',NULL,NULL),(4022,246,17,4,21,NULL,34.00,'P',NULL,NULL,'0',198,'2019-07-03',NULL,NULL),(4023,349,21,5,33,NULL,1.00,'F',NULL,NULL,'0',202,'2019-07-03',NULL,NULL),(4024,231,17,4,21,NULL,26.00,'P',NULL,NULL,'0',198,'2019-07-03',NULL,NULL),(4025,241,17,4,21,NULL,21.00,'P',NULL,NULL,'0',198,'2019-07-03',NULL,NULL),(4026,347,21,5,33,NULL,14.00,'P',NULL,NULL,'0',202,'2019-07-03',NULL,NULL),(4027,250,17,4,21,NULL,24.00,'P',NULL,NULL,'0',198,'2019-07-03',NULL,NULL),(4028,348,21,5,33,NULL,18.00,'P',NULL,NULL,'0',202,'2019-07-03',NULL,NULL),(4029,238,17,4,21,NULL,37.00,'P',NULL,NULL,'0',198,'2019-07-03',NULL,NULL),(4030,237,17,4,21,NULL,36.00,'P',NULL,NULL,'0',198,'2019-07-03',NULL,NULL),(4031,228,17,4,21,NULL,20.00,'P',NULL,NULL,'0',198,'2019-07-03',NULL,NULL),(4032,350,21,5,33,NULL,10.00,'F',NULL,NULL,'0',202,'2019-07-03',NULL,NULL),(4033,232,17,4,21,NULL,9.00,'F',NULL,NULL,'0',198,'2019-07-03',198,'2019-07-03'),(4034,352,21,5,33,NULL,28.00,'P',NULL,NULL,'0',202,'2019-07-03',NULL,NULL),(4035,242,17,4,21,NULL,28.00,'P',NULL,NULL,'0',198,'2019-07-03',NULL,NULL),(4036,353,21,5,33,NULL,10.00,'F',NULL,NULL,'0',202,'2019-07-03',NULL,NULL),(4037,226,17,4,21,NULL,34.00,'P',NULL,NULL,'0',198,'2019-07-03',NULL,NULL),(4038,258,17,4,21,NULL,15.00,'P',NULL,NULL,'0',198,'2019-07-03',NULL,NULL),(4039,220,17,4,21,NULL,18.00,'P',NULL,NULL,'0',198,'2019-07-03',NULL,NULL),(4040,243,17,4,21,NULL,37.00,'P',NULL,NULL,'0',198,'2019-07-03',NULL,NULL),(4041,234,17,4,21,NULL,24.00,'P',NULL,NULL,'0',198,'2019-07-03',NULL,NULL),(4042,247,17,4,21,NULL,28.00,'P',NULL,NULL,'0',198,'2019-07-03',NULL,NULL),(4043,259,17,4,21,NULL,21.00,'P',NULL,NULL,'0',198,'2019-07-03',NULL,NULL),(4044,257,17,4,21,NULL,24.00,'P',NULL,NULL,'0',198,'2019-07-03',NULL,NULL),(4045,260,17,4,21,NULL,24.00,'P',NULL,NULL,'0',198,'2019-07-03',NULL,NULL),(4046,261,17,4,21,NULL,22.00,'P',NULL,NULL,'0',198,'2019-07-03',NULL,NULL),(4047,262,17,4,21,NULL,22.00,'P',NULL,NULL,'0',198,'2019-07-03',NULL,NULL),(4048,235,17,4,20,NULL,28.00,'P',NULL,NULL,'0',198,'2019-07-03',NULL,NULL),(4049,245,17,4,20,NULL,32.00,'P',NULL,NULL,'0',198,'2019-07-03',NULL,NULL),(4050,221,17,4,20,NULL,30.00,'P',NULL,NULL,'0',198,'2019-07-03',NULL,NULL),(4051,216,17,4,20,NULL,30.00,'P',NULL,NULL,'0',198,'2019-07-03',NULL,NULL),(4052,217,17,4,20,NULL,23.00,'P',NULL,NULL,'0',198,'2019-07-03',NULL,NULL),(4053,239,17,4,20,NULL,37.00,'P',NULL,NULL,'0',198,'2019-07-03',NULL,NULL),(4054,253,17,4,20,NULL,32.00,'P',NULL,NULL,'0',198,'2019-07-03',NULL,NULL),(4055,225,17,4,20,NULL,39.00,'P',NULL,NULL,'0',198,'2019-07-03',NULL,NULL),(4056,224,17,4,20,NULL,36.00,'P',NULL,NULL,'0',198,'2019-07-03',NULL,NULL),(4057,664,30,22,113,NULL,10.00,'P',NULL,NULL,'0',204,'2019-07-03',NULL,NULL),(4058,229,17,4,20,NULL,27.00,'P',NULL,NULL,'0',198,'2019-07-03',NULL,NULL),(4059,679,30,22,113,NULL,23.00,'P',NULL,NULL,'0',204,'2019-07-03',NULL,NULL),(4060,684,30,22,113,NULL,14.00,'P',NULL,NULL,'0',204,'2019-07-03',NULL,NULL),(4061,223,17,4,20,NULL,28.00,'P',NULL,NULL,'0',198,'2019-07-03',NULL,NULL),(4062,680,30,22,113,NULL,21.00,'P',NULL,NULL,'0',204,'2019-07-03',NULL,NULL),(4063,256,17,4,20,NULL,34.00,'P',NULL,NULL,'0',198,'2019-07-03',NULL,NULL),(4064,674,30,22,113,NULL,20.00,'P',NULL,NULL,'0',204,'2019-07-03',NULL,NULL),(4065,244,17,4,20,NULL,19.00,'P',NULL,NULL,'0',198,'2019-07-03',NULL,NULL),(4066,669,30,22,113,NULL,16.00,'P',NULL,NULL,'0',204,'2019-07-03',NULL,NULL),(4067,251,17,4,20,NULL,17.00,'P',NULL,NULL,'0',198,'2019-07-03',NULL,NULL),(4068,662,30,22,113,NULL,17.00,'P',NULL,NULL,'0',204,'2019-07-03',NULL,NULL),(4069,249,17,4,20,NULL,38.00,'P',NULL,NULL,'0',198,'2019-07-03',NULL,NULL),(4070,685,30,22,113,NULL,12.00,'P',NULL,NULL,'0',204,'2019-07-03',NULL,NULL),(4071,236,17,4,20,NULL,27.00,'P',NULL,NULL,'0',198,'2019-07-03',NULL,NULL),(4072,678,30,22,113,NULL,17.00,'P',NULL,NULL,'0',204,'2019-07-03',NULL,NULL),(4073,667,30,22,113,NULL,21.00,'P',NULL,NULL,'0',204,'2019-07-03',NULL,NULL),(4074,255,17,4,20,NULL,32.00,'P',NULL,NULL,'0',198,'2019-07-03',NULL,NULL),(4075,235,17,19,86,NULL,15.00,'P',NULL,NULL,'0',181,'2019-07-03',NULL,NULL),(4076,682,30,22,113,NULL,0.00,'F',NULL,NULL,'0',204,'2019-07-03',NULL,NULL),(4077,245,17,19,86,NULL,20.00,'P',NULL,NULL,'0',181,'2019-07-03',NULL,NULL),(4078,219,17,4,20,NULL,32.00,'P',NULL,NULL,'0',198,'2019-07-03',NULL,NULL),(4079,221,17,19,86,NULL,17.00,'P',NULL,NULL,'0',181,'2019-07-03',NULL,NULL),(4080,651,30,22,113,NULL,11.00,'P',NULL,NULL,'0',204,'2019-07-03',NULL,NULL),(4081,222,17,4,20,NULL,14.00,'P',NULL,NULL,'0',198,'2019-07-03',NULL,NULL),(4082,216,17,19,86,NULL,17.00,'P',NULL,NULL,'0',181,'2019-07-03',NULL,NULL),(4083,217,17,19,86,NULL,12.00,'P',NULL,NULL,'0',181,'2019-07-03',181,'2019-07-03'),(4084,239,17,19,86,NULL,20.00,'P',NULL,NULL,'0',181,'2019-07-03',NULL,NULL),(4085,252,17,4,20,NULL,24.00,'P',NULL,NULL,'0',198,'2019-07-03',NULL,NULL),(4086,253,17,19,86,NULL,19.00,'P',NULL,NULL,'0',181,'2019-07-03',NULL,NULL),(4087,225,17,19,86,NULL,17.00,'P',NULL,NULL,'0',181,'2019-07-03',NULL,NULL),(4088,656,30,22,113,NULL,21.00,'P',NULL,NULL,'0',204,'2019-07-03',NULL,NULL),(4089,227,17,4,20,NULL,35.00,'P',NULL,NULL,'0',198,'2019-07-03',NULL,NULL),(4090,230,17,4,20,NULL,38.00,'P',NULL,NULL,'0',198,'2019-07-03',NULL,NULL),(4091,657,30,22,113,NULL,5.00,'F',NULL,NULL,'0',204,'2019-07-03',NULL,NULL),(4092,224,17,19,86,NULL,16.00,'P',NULL,NULL,'0',181,'2019-07-03',NULL,NULL),(4093,229,17,19,86,NULL,18.00,'P',NULL,NULL,'0',181,'2019-07-03',181,'2019-07-03'),(4094,233,17,4,20,NULL,32.00,'P',NULL,NULL,'0',198,'2019-07-03',NULL,NULL),(4095,677,30,22,113,NULL,24.00,'P',NULL,NULL,'0',204,'2019-07-03',NULL,NULL),(4096,240,17,4,20,NULL,21.00,'P',NULL,NULL,'0',198,'2019-07-03',NULL,NULL),(4097,671,30,22,113,NULL,18.00,'P',NULL,NULL,'0',204,'2019-07-03',NULL,NULL),(4098,223,17,19,86,NULL,18.00,'P',NULL,NULL,'0',181,'2019-07-03',NULL,NULL),(4099,256,17,19,86,NULL,18.00,'P',NULL,NULL,'0',181,'2019-07-03',181,'2019-07-03'),(4100,244,17,19,86,NULL,14.00,'P',NULL,NULL,'0',181,'2019-07-03',NULL,NULL),(4101,248,17,4,20,NULL,16.00,'P',NULL,NULL,'0',198,'2019-07-03',NULL,NULL),(4102,251,17,19,86,NULL,11.00,'P',NULL,NULL,'0',181,'2019-07-03',NULL,NULL),(4103,254,17,4,20,NULL,30.00,'P',NULL,NULL,'0',198,'2019-07-03',NULL,NULL),(4104,249,17,19,86,NULL,19.00,'P',NULL,NULL,'0',181,'2019-07-03',NULL,NULL),(4105,673,30,22,113,NULL,16.00,'P',NULL,NULL,'0',204,'2019-07-03',NULL,NULL),(4106,215,17,4,20,NULL,24.00,'P',NULL,NULL,'0',198,'2019-07-03',NULL,NULL),(4107,236,17,19,86,NULL,18.00,'P',NULL,NULL,'0',181,'2019-07-03',NULL,NULL),(4108,653,30,22,113,NULL,9.00,'P',NULL,NULL,'0',204,'2019-07-03',NULL,NULL),(4109,218,17,4,20,NULL,23.00,'P',NULL,NULL,'0',198,'2019-07-03',NULL,NULL),(4110,652,30,22,113,NULL,24.00,'P',NULL,NULL,'0',204,'2019-07-03',NULL,NULL),(4111,255,17,19,86,NULL,16.00,'P',NULL,NULL,'0',181,'2019-07-03',NULL,NULL),(4112,246,17,4,20,NULL,35.00,'P',NULL,NULL,'0',198,'2019-07-03',NULL,NULL),(4113,219,17,19,86,NULL,12.00,'P',NULL,NULL,'0',181,'2019-07-03',NULL,NULL),(4114,222,17,19,86,NULL,4.00,'F',NULL,NULL,'0',181,'2019-07-03',NULL,NULL),(4115,658,30,22,113,NULL,9.00,'P',NULL,NULL,'0',204,'2019-07-03',NULL,NULL),(4116,231,17,4,20,NULL,23.00,'P',NULL,NULL,'0',198,'2019-07-03',NULL,NULL),(4117,252,17,19,86,NULL,20.00,'P',NULL,NULL,'0',181,'2019-07-03',NULL,NULL),(4118,227,17,19,86,NULL,11.00,'P',NULL,NULL,'0',181,'2019-07-03',NULL,NULL),(4119,230,17,19,86,NULL,20.00,'P',NULL,NULL,'0',181,'2019-07-03',181,'2019-07-03'),(4120,668,30,22,113,NULL,9.00,'P',NULL,NULL,'0',204,'2019-07-03',NULL,NULL),(4121,241,17,4,20,NULL,20.00,'P',NULL,NULL,'0',198,'2019-07-03',NULL,NULL),(4122,250,17,4,20,NULL,18.00,'P',NULL,NULL,'0',198,'2019-07-03',NULL,NULL),(4123,238,17,4,20,NULL,39.00,'P',NULL,NULL,'0',198,'2019-07-03',NULL,NULL),(4124,237,17,4,20,NULL,39.00,'P',NULL,NULL,'0',198,'2019-07-03',NULL,NULL),(4125,228,17,4,20,NULL,19.00,'P',NULL,NULL,'0',198,'2019-07-03',NULL,NULL),(4126,233,17,19,86,NULL,19.00,'P',NULL,NULL,'0',181,'2019-07-03',181,'2019-07-03'),(4127,665,30,22,113,NULL,23.00,'P',NULL,NULL,'0',204,'2019-07-03',NULL,NULL),(4128,240,17,19,86,NULL,6.00,'F',NULL,NULL,'0',181,'2019-07-03',181,'2019-07-03'),(4129,232,17,4,20,NULL,18.00,'P',NULL,NULL,'0',198,'2019-07-03',NULL,NULL),(4130,248,17,19,86,NULL,10.00,'P',NULL,NULL,'0',181,'2019-07-03',181,'2019-07-03'),(4131,676,30,22,113,NULL,22.00,'P',NULL,NULL,'0',204,'2019-07-03',NULL,NULL),(4132,254,17,19,86,NULL,20.00,'P',NULL,NULL,'0',181,'2019-07-03',181,'2019-07-03'),(4133,215,17,19,86,NULL,11.00,'P',NULL,NULL,'0',181,'2019-07-03',181,'2019-07-03'),(4134,242,17,4,20,NULL,33.00,'P',NULL,NULL,'0',198,'2019-07-03',NULL,NULL),(4135,218,17,19,86,NULL,17.00,'P',NULL,NULL,'0',181,'2019-07-03',181,'2019-07-03'),(4136,246,17,19,86,NULL,19.00,'P',NULL,NULL,'0',181,'2019-07-03',181,'2019-07-03'),(4137,231,17,19,86,NULL,17.00,'P',NULL,NULL,'0',181,'2019-07-03',NULL,NULL),(4138,226,17,4,20,NULL,38.00,'P',NULL,NULL,'0',198,'2019-07-03',NULL,NULL),(4139,241,17,19,86,NULL,8.00,'P',NULL,NULL,'0',181,'2019-07-03',181,'2019-07-03'),(4140,250,17,19,86,NULL,14.00,'P',NULL,NULL,'0',181,'2019-07-03',181,'2019-07-03'),(4141,258,17,4,20,NULL,27.00,'P',NULL,NULL,'0',198,'2019-07-03',NULL,NULL),(4142,220,17,4,20,NULL,32.00,'P',NULL,NULL,'0',198,'2019-07-03',NULL,NULL),(4143,681,30,22,113,NULL,24.00,'P',NULL,NULL,'0',204,'2019-07-03',NULL,NULL),(4144,243,17,4,20,NULL,40.00,'P',NULL,NULL,'0',198,'2019-07-03',NULL,NULL),(4145,672,30,22,113,NULL,17.00,'P',NULL,NULL,'0',204,'2019-07-03',NULL,NULL),(4146,234,17,4,20,NULL,28.00,'P',NULL,NULL,'0',198,'2019-07-03',NULL,NULL),(4147,661,30,22,113,NULL,11.00,'P',NULL,NULL,'0',204,'2019-07-03',NULL,NULL),(4148,247,17,4,20,NULL,33.00,'P',NULL,NULL,'0',198,'2019-07-03',NULL,NULL),(4149,670,30,22,113,NULL,24.00,'P',NULL,NULL,'0',204,'2019-07-03',NULL,NULL),(4150,259,17,4,20,NULL,25.00,'P',NULL,NULL,'0',198,'2019-07-03',NULL,NULL),(4151,655,30,22,113,NULL,24.00,'P',NULL,NULL,'0',204,'2019-07-03',NULL,NULL),(4152,257,17,4,20,NULL,31.00,'P',NULL,NULL,'0',198,'2019-07-03',NULL,NULL),(4153,660,30,22,113,NULL,18.00,'P',NULL,NULL,'0',204,'2019-07-03',NULL,NULL),(4154,260,17,4,20,NULL,33.00,'P',NULL,NULL,'0',198,'2019-07-03',NULL,NULL),(4155,659,30,22,113,NULL,9.00,'P',NULL,NULL,'0',204,'2019-07-03',NULL,NULL),(4156,675,30,22,113,NULL,22.00,'P',NULL,NULL,'0',204,'2019-07-03',NULL,NULL),(4157,261,17,4,20,NULL,23.00,'P',NULL,NULL,'0',198,'2019-07-03',NULL,NULL),(4158,262,17,4,20,NULL,30.00,'P',NULL,NULL,'0',198,'2019-07-03',NULL,NULL),(4159,663,30,22,113,NULL,21.00,'P',NULL,NULL,'0',204,'2019-07-03',NULL,NULL),(4160,238,17,19,86,NULL,19.00,'P',NULL,NULL,'0',181,'2019-07-03',NULL,NULL),(4161,654,30,22,113,NULL,24.00,'P',NULL,NULL,'0',204,'2019-07-03',NULL,NULL),(4162,687,30,22,113,NULL,16.00,'P',NULL,NULL,'0',204,'2019-07-03',NULL,NULL),(4163,686,30,22,113,NULL,6.00,'F',NULL,NULL,'0',204,'2019-07-03',NULL,NULL),(4164,683,30,22,113,NULL,22.00,'P',NULL,NULL,'0',204,'2019-07-03',NULL,NULL),(4165,666,30,22,113,NULL,6.00,'F',NULL,NULL,'0',204,'2019-07-03',NULL,NULL),(4166,688,30,22,113,NULL,18.00,'P',NULL,NULL,'0',204,'2019-07-03',NULL,NULL),(4167,237,17,19,86,NULL,17.00,'P',NULL,NULL,'0',181,'2019-07-03',NULL,NULL),(4168,228,17,19,86,NULL,15.00,'P',NULL,NULL,'0',181,'2019-07-03',NULL,NULL),(4169,232,17,19,86,NULL,7.00,'P',NULL,NULL,'0',181,'2019-07-03',NULL,NULL),(4170,242,17,19,86,NULL,20.00,'P',NULL,NULL,'0',181,'2019-07-03',NULL,NULL),(4171,226,17,19,86,NULL,17.00,'P',NULL,NULL,'0',181,'2019-07-03',NULL,NULL),(4172,258,17,19,86,NULL,12.00,'P',NULL,NULL,'0',181,'2019-07-03',NULL,NULL),(4173,220,17,19,86,NULL,16.00,'P',NULL,NULL,'0',181,'2019-07-03',NULL,NULL),(4174,243,17,19,86,NULL,20.00,'P',NULL,NULL,'0',181,'2019-07-03',NULL,NULL),(4175,234,17,19,86,NULL,20.00,'P',NULL,NULL,'0',181,'2019-07-03',NULL,NULL),(4176,247,17,19,86,NULL,19.00,'P',NULL,NULL,'0',181,'2019-07-03',NULL,NULL),(4177,259,17,19,86,NULL,19.00,'P',NULL,NULL,'0',181,'2019-07-03',NULL,NULL),(4178,257,17,19,86,NULL,17.00,'P',NULL,NULL,'0',181,'2019-07-03',NULL,NULL),(4179,260,17,19,86,NULL,17.00,'P',NULL,NULL,'0',181,'2019-07-03',NULL,NULL),(4180,261,17,19,86,NULL,0.00,'F',NULL,NULL,'1',181,'2019-07-03',NULL,NULL),(4181,262,17,19,86,NULL,0.00,'F',NULL,NULL,'1',181,'2019-07-03',NULL,NULL),(4182,290,18,19,86,NULL,10.00,'P',NULL,NULL,'0',181,'2019-07-03',NULL,NULL),(4183,286,18,19,86,NULL,13.00,'P',NULL,NULL,'0',181,'2019-07-03',NULL,NULL),(4184,296,18,19,86,NULL,20.00,'P',NULL,NULL,'0',181,'2019-07-03',NULL,NULL),(4185,292,18,19,86,NULL,19.00,'P',NULL,NULL,'0',181,'2019-07-03',NULL,NULL),(4186,269,18,19,86,NULL,18.00,'P',NULL,NULL,'0',181,'2019-07-03',181,'2019-07-03'),(4187,299,18,19,86,NULL,19.00,'P',NULL,NULL,'0',181,'2019-07-03',NULL,NULL),(4188,270,18,19,86,NULL,14.00,'P',NULL,NULL,'0',181,'2019-07-03',NULL,NULL),(4189,266,18,19,86,NULL,6.00,'F',NULL,NULL,'0',181,'2019-07-03',NULL,NULL),(4190,282,18,19,86,NULL,20.00,'P',NULL,NULL,'0',181,'2019-07-03',NULL,NULL),(4191,274,18,19,86,NULL,20.00,'P',NULL,NULL,'0',181,'2019-07-03',NULL,NULL),(4192,273,18,19,86,NULL,20.00,'P',NULL,NULL,'0',181,'2019-07-03',181,'2019-07-03'),(4193,288,18,19,86,NULL,20.00,'P',NULL,NULL,'0',181,'2019-07-03',181,'2019-07-03'),(4194,271,18,19,86,NULL,20.00,'P',NULL,NULL,'0',181,'2019-07-03',181,'2019-07-03'),(4195,295,18,19,86,NULL,20.00,'P',NULL,NULL,'0',181,'2019-07-03',181,'2019-07-03'),(4196,301,18,19,86,NULL,20.00,'P',NULL,NULL,'0',181,'2019-07-03',181,'2019-07-03'),(4197,265,18,19,86,NULL,20.00,'P',NULL,NULL,'0',181,'2019-07-03',NULL,NULL),(4198,289,18,19,86,NULL,20.00,'P',NULL,NULL,'0',181,'2019-07-03',NULL,NULL),(4199,272,18,19,86,NULL,8.00,'P',NULL,NULL,'0',181,'2019-07-03',225,'2020-03-05'),(4200,285,18,19,86,NULL,20.00,'P',NULL,NULL,'0',181,'2019-07-03',NULL,NULL),(4201,264,18,19,86,NULL,20.00,'P',NULL,NULL,'0',181,'2019-07-03',181,'2019-07-03'),(4202,280,18,19,86,NULL,14.00,'P',NULL,NULL,'0',181,'2019-07-03',NULL,NULL),(4203,302,18,19,86,NULL,15.00,'P',NULL,NULL,'0',181,'2019-07-03',NULL,NULL),(4204,291,18,19,86,NULL,18.00,'P',NULL,NULL,'0',181,'2019-07-03',NULL,NULL),(4205,300,18,19,86,NULL,17.00,'P',NULL,NULL,'0',181,'2019-07-03',NULL,NULL),(4206,278,18,19,86,NULL,11.00,'P',NULL,NULL,'0',181,'2019-07-03',NULL,NULL),(4207,275,18,19,86,NULL,16.00,'P',NULL,NULL,'0',181,'2019-07-03',NULL,NULL),(4208,297,18,19,86,NULL,20.00,'P',NULL,NULL,'0',181,'2019-07-03',NULL,NULL),(4209,263,18,19,86,NULL,13.00,'P',NULL,NULL,'0',181,'2019-07-03',NULL,NULL),(4210,283,18,19,86,NULL,20.00,'P',NULL,NULL,'0',181,'2019-07-03',NULL,NULL),(4211,298,18,19,86,NULL,20.00,'P',NULL,NULL,'0',181,'2019-07-03',NULL,NULL),(4212,277,18,19,86,NULL,20.00,'P',NULL,NULL,'0',181,'2019-07-03',NULL,NULL),(4213,268,18,19,86,NULL,16.00,'P',NULL,NULL,'0',181,'2019-07-03',NULL,NULL),(4214,293,18,19,86,NULL,20.00,'P',NULL,NULL,'0',181,'2019-07-03',NULL,NULL),(4215,304,18,19,86,NULL,20.00,'P',NULL,NULL,'0',181,'2019-07-03',NULL,NULL),(4216,294,18,19,86,NULL,10.00,'P',NULL,NULL,'0',181,'2019-07-03',NULL,NULL),(4217,267,18,19,86,NULL,17.00,'P',NULL,NULL,'0',181,'2019-07-03',NULL,NULL),(4218,287,18,19,86,NULL,20.00,'P',NULL,NULL,'0',181,'2019-07-03',NULL,NULL),(4219,284,18,19,86,NULL,20.00,'P',NULL,NULL,'0',181,'2019-07-03',NULL,NULL),(4220,281,18,19,86,NULL,16.00,'P',NULL,NULL,'0',181,'2019-07-03',NULL,NULL),(4221,276,18,19,86,NULL,14.00,'P',NULL,NULL,'0',181,'2019-07-03',NULL,NULL),(4222,279,18,19,86,NULL,18.00,'P',NULL,NULL,'0',181,'2019-07-03',NULL,NULL),(4223,303,18,19,86,NULL,13.00,'P',NULL,NULL,'0',181,'2019-07-03',NULL,NULL),(4224,307,18,19,86,NULL,20.00,'P',NULL,NULL,'0',181,'2019-07-03',NULL,NULL),(4225,306,18,19,86,NULL,19.00,'P',NULL,NULL,'0',181,'2019-07-03',NULL,NULL),(4226,305,18,19,86,NULL,20.00,'P',NULL,NULL,'0',181,'2019-07-03',NULL,NULL),(4227,308,18,19,86,NULL,0.00,'F',NULL,NULL,'1',181,'2019-07-03',NULL,NULL),(4228,309,18,19,86,NULL,7.00,'P',NULL,NULL,'0',181,'2019-07-03',NULL,NULL),(4229,310,18,19,86,NULL,7.00,'P',NULL,NULL,'0',181,'2019-07-03',NULL,NULL),(4230,346,21,20,93,NULL,0.00,'F',NULL,NULL,'0',203,'2019-07-03',NULL,NULL),(4231,332,21,20,93,NULL,17.00,'P',NULL,NULL,'0',203,'2019-07-03',NULL,NULL),(4232,342,21,20,93,NULL,20.00,'P',NULL,NULL,'0',203,'2019-07-03',NULL,NULL),(4233,334,21,20,93,NULL,19.00,'P',NULL,NULL,'0',203,'2019-07-03',NULL,NULL),(4234,324,21,20,93,NULL,15.00,'P',NULL,NULL,'0',203,'2019-07-03',NULL,NULL),(4235,328,21,20,93,NULL,20.00,'P',NULL,NULL,'0',203,'2019-07-03',NULL,NULL),(4236,326,21,20,93,NULL,20.00,'P',NULL,NULL,'0',203,'2019-07-03',NULL,NULL),(4237,325,21,20,93,NULL,20.00,'P',NULL,NULL,'0',203,'2019-07-03',NULL,NULL),(4238,344,21,20,93,NULL,13.00,'P',NULL,NULL,'0',203,'2019-07-03',NULL,NULL),(4239,341,21,20,93,NULL,20.00,'P',NULL,NULL,'0',203,'2019-07-03',NULL,NULL),(4240,335,21,20,93,NULL,20.00,'P',NULL,NULL,'0',203,'2019-07-03',NULL,NULL),(4241,323,21,20,93,NULL,20.00,'P',NULL,NULL,'0',203,'2019-07-03',NULL,NULL),(4242,340,21,20,93,NULL,15.00,'P',NULL,NULL,'0',203,'2019-07-03',NULL,NULL),(4243,311,21,20,93,NULL,17.00,'P',NULL,NULL,'0',203,'2019-07-03',NULL,NULL),(4244,333,21,20,93,NULL,20.00,'P',NULL,NULL,'0',203,'2019-07-03',NULL,NULL),(4245,345,21,20,93,NULL,20.00,'P',NULL,NULL,'0',203,'2019-07-03',NULL,NULL),(4246,329,21,20,93,NULL,12.00,'P',NULL,NULL,'0',203,'2019-07-03',NULL,NULL),(4247,336,21,20,93,NULL,19.00,'P',NULL,NULL,'0',203,'2019-07-03',NULL,NULL),(4248,330,21,20,93,NULL,19.00,'P',NULL,NULL,'0',203,'2019-07-03',NULL,NULL),(4249,339,21,20,93,NULL,13.00,'P',NULL,NULL,'0',203,'2019-07-03',NULL,NULL),(4250,338,21,20,93,NULL,13.00,'P',NULL,NULL,'0',203,'2019-07-03',NULL,NULL),(4251,320,21,20,93,NULL,19.00,'P',NULL,NULL,'0',203,'2019-07-03',NULL,NULL),(4252,313,21,20,93,NULL,20.00,'P',NULL,NULL,'0',203,'2019-07-03',NULL,NULL),(4253,322,21,20,93,NULL,10.00,'P',NULL,NULL,'0',203,'2019-07-03',NULL,NULL),(4254,316,21,20,93,NULL,20.00,'P',NULL,NULL,'0',203,'2019-07-03',NULL,NULL),(4255,343,21,20,93,NULL,19.00,'P',NULL,NULL,'0',203,'2019-07-03',NULL,NULL),(4256,331,21,20,93,NULL,2.00,'F',NULL,NULL,'0',203,'2019-07-03',NULL,NULL),(4257,315,21,20,93,NULL,19.00,'P',NULL,NULL,'0',203,'2019-07-03',NULL,NULL),(4258,312,21,20,93,NULL,14.00,'P',NULL,NULL,'0',203,'2019-07-03',NULL,NULL),(4259,321,21,20,93,NULL,20.00,'P',NULL,NULL,'0',203,'2019-07-03',NULL,NULL),(4260,327,21,20,93,NULL,11.00,'P',NULL,NULL,'0',203,'2019-07-03',NULL,NULL),(4261,319,21,20,93,NULL,17.00,'P',NULL,NULL,'0',203,'2019-07-03',NULL,NULL),(4262,318,21,20,93,NULL,20.00,'P',NULL,NULL,'0',203,'2019-07-03',NULL,NULL),(4263,351,21,20,93,NULL,12.00,'P',NULL,NULL,'0',203,'2019-07-03',NULL,NULL),(4264,314,21,20,93,NULL,13.00,'P',NULL,NULL,'0',203,'2019-07-03',NULL,NULL),(4265,337,21,20,93,NULL,3.00,'F',NULL,NULL,'0',203,'2019-07-03',NULL,NULL),(4266,317,21,20,93,NULL,10.00,'P',NULL,NULL,'0',203,'2019-07-03',NULL,NULL),(4267,349,21,20,93,NULL,10.00,'P',NULL,NULL,'0',203,'2019-07-03',NULL,NULL),(4268,347,21,20,93,NULL,20.00,'P',NULL,NULL,'0',203,'2019-07-03',NULL,NULL),(4269,348,21,20,93,NULL,16.00,'P',NULL,NULL,'0',203,'2019-07-03',NULL,NULL),(4270,350,21,20,93,NULL,17.00,'P',NULL,NULL,'0',203,'2019-07-03',NULL,NULL),(4271,352,21,20,93,NULL,11.00,'P',NULL,NULL,'0',203,'2019-07-03',NULL,NULL),(4272,353,21,20,93,NULL,14.00,'P',NULL,NULL,'0',203,'2019-07-03',NULL,NULL),(4273,33,8,2,3,NULL,40.00,'P',NULL,NULL,'0',180,'2019-07-03',180,'2019-07-03'),(4274,6,8,2,3,NULL,30.00,'P',NULL,NULL,'0',180,'2019-07-03',NULL,NULL),(4275,7,8,2,3,NULL,40.00,'P',NULL,NULL,'0',180,'2019-07-03',NULL,NULL),(4276,34,8,2,3,NULL,0.00,'F',NULL,NULL,'1',180,'2019-07-03',NULL,NULL),(4277,24,8,2,3,NULL,38.00,'P',NULL,NULL,'0',180,'2019-07-03',NULL,NULL),(4278,17,8,2,3,NULL,39.00,'P',NULL,NULL,'0',180,'2019-07-03',180,'2019-07-03'),(4279,11,8,2,3,NULL,38.00,'P',NULL,NULL,'0',180,'2019-07-03',NULL,NULL),(4280,32,8,2,3,NULL,36.00,'P',NULL,NULL,'0',180,'2019-07-03',NULL,NULL),(4281,15,8,2,3,NULL,40.00,'P',NULL,NULL,'0',180,'2019-07-03',NULL,NULL),(4282,5,8,2,3,NULL,40.00,'P',NULL,NULL,'0',180,'2019-07-03',NULL,NULL),(4283,30,8,2,3,NULL,40.00,'P',NULL,NULL,'0',180,'2019-07-03',NULL,NULL),(4284,13,8,2,3,NULL,40.00,'P',NULL,NULL,'0',180,'2019-07-03',NULL,NULL),(4285,27,8,2,3,NULL,40.00,'P',NULL,NULL,'0',180,'2019-07-03',NULL,NULL),(4286,29,8,2,3,NULL,40.00,'P',NULL,NULL,'0',180,'2019-07-03',NULL,NULL),(4287,3,8,2,3,NULL,37.00,'P',NULL,NULL,'0',180,'2019-07-03',NULL,NULL),(4288,9,8,2,3,NULL,40.00,'P',NULL,NULL,'0',180,'2019-07-03',NULL,NULL),(4289,21,8,2,3,NULL,38.00,'P',NULL,NULL,'0',180,'2019-07-03',NULL,NULL),(4290,10,8,2,3,NULL,38.00,'P',NULL,NULL,'0',180,'2019-07-03',NULL,NULL),(4291,16,8,2,3,NULL,40.00,'P',NULL,NULL,'0',180,'2019-07-03',NULL,NULL),(4292,28,8,2,3,NULL,40.00,'P',NULL,NULL,'0',180,'2019-07-03',NULL,NULL),(4293,26,8,2,3,NULL,36.00,'P',NULL,NULL,'0',180,'2019-07-03',NULL,NULL),(4294,1,8,2,3,NULL,40.00,'P',NULL,NULL,'0',180,'2019-07-03',NULL,NULL),(4295,18,8,2,3,NULL,39.00,'P',NULL,NULL,'0',180,'2019-07-03',NULL,NULL),(4296,37,8,2,3,NULL,40.00,'P',NULL,NULL,'0',180,'2019-07-03',NULL,NULL),(4297,12,8,2,3,NULL,0.00,'F',NULL,NULL,'1',180,'2019-07-03',NULL,NULL),(4298,43,8,2,3,NULL,36.00,'P',NULL,NULL,'0',180,'2019-07-03',NULL,NULL),(4299,25,8,2,3,NULL,40.00,'P',NULL,NULL,'0',180,'2019-07-03',NULL,NULL),(4300,23,8,2,3,NULL,40.00,'P',NULL,NULL,'0',180,'2019-07-03',NULL,NULL),(4301,44,8,2,3,NULL,36.00,'P',NULL,NULL,'0',180,'2019-07-03',NULL,NULL),(4302,14,8,2,3,NULL,40.00,'P',NULL,NULL,'0',180,'2019-07-03',NULL,NULL),(4303,31,8,2,3,NULL,38.00,'P',NULL,NULL,'0',180,'2019-07-03',NULL,NULL),(4304,2,8,2,3,NULL,40.00,'P',NULL,NULL,'0',180,'2019-07-03',NULL,NULL),(4305,19,8,2,3,NULL,40.00,'P',NULL,NULL,'0',180,'2019-07-03',NULL,NULL),(4306,8,8,2,3,NULL,39.00,'P',NULL,NULL,'0',180,'2019-07-03',NULL,NULL),(4307,22,8,2,3,NULL,40.00,'P',NULL,NULL,'0',180,'2019-07-03',NULL,NULL),(4308,20,8,2,3,NULL,0.00,'F',NULL,NULL,'1',180,'2019-07-03',NULL,NULL),(4309,38,8,2,3,NULL,40.00,'P',NULL,NULL,'0',180,'2019-07-03',NULL,NULL),(4310,35,8,2,3,NULL,38.00,'P',NULL,NULL,'0',180,'2019-07-03',NULL,NULL),(4311,40,8,2,3,NULL,38.00,'P',NULL,NULL,'0',180,'2019-07-03',NULL,NULL),(4312,41,8,2,3,NULL,40.00,'P',NULL,NULL,'0',180,'2019-07-03',NULL,NULL),(4313,42,8,2,3,NULL,0.00,'F',NULL,NULL,'1',180,'2019-07-03',NULL,NULL),(4314,36,8,2,3,NULL,33.00,'P',NULL,NULL,'0',180,'2019-07-03',NULL,NULL),(4315,39,8,2,3,NULL,38.00,'P',NULL,NULL,'0',180,'2019-07-03',NULL,NULL),(4316,4,8,2,8,NULL,19.00,'P',NULL,NULL,'0',180,'2019-07-03',NULL,NULL),(4317,33,8,2,8,NULL,26.00,'P',NULL,NULL,'0',180,'2019-07-03',NULL,NULL),(4318,6,8,2,8,NULL,37.00,'P',NULL,NULL,'0',180,'2019-07-03',NULL,NULL),(4319,7,8,2,8,NULL,40.00,'P',NULL,NULL,'0',180,'2019-07-03',NULL,NULL),(4320,34,8,2,8,NULL,0.00,'F',NULL,NULL,'1',180,'2019-07-03',NULL,NULL),(4321,24,8,2,8,NULL,39.00,'P',NULL,NULL,'0',180,'2019-07-03',NULL,NULL),(4322,17,8,2,8,NULL,38.00,'P',NULL,NULL,'0',180,'2019-07-03',NULL,NULL),(4323,11,8,2,8,NULL,32.00,'P',NULL,NULL,'0',180,'2019-07-03',NULL,NULL),(4324,32,8,2,8,NULL,30.00,'P',NULL,NULL,'0',180,'2019-07-03',NULL,NULL),(4325,15,8,2,8,NULL,39.00,'P',NULL,NULL,'0',180,'2019-07-03',NULL,NULL),(4326,5,8,2,8,NULL,38.00,'P',NULL,NULL,'0',180,'2019-07-03',NULL,NULL),(4327,30,8,2,8,NULL,29.00,'P',NULL,NULL,'0',180,'2019-07-03',NULL,NULL),(4328,13,8,2,8,NULL,40.00,'P',NULL,NULL,'0',180,'2019-07-03',NULL,NULL),(4329,27,8,2,8,NULL,39.00,'P',NULL,NULL,'0',180,'2019-07-03',NULL,NULL),(4330,29,8,2,8,NULL,39.00,'P',NULL,NULL,'0',180,'2019-07-03',NULL,NULL),(4331,3,8,2,8,NULL,37.00,'P',NULL,NULL,'0',180,'2019-07-03',NULL,NULL),(4332,9,8,2,8,NULL,37.00,'P',NULL,NULL,'0',180,'2019-07-03',NULL,NULL),(4333,21,8,2,8,NULL,40.00,'P',NULL,NULL,'0',180,'2019-07-03',NULL,NULL),(4334,10,8,2,8,NULL,36.00,'P',NULL,NULL,'0',180,'2019-07-03',NULL,NULL),(4335,16,8,2,8,NULL,38.00,'P',NULL,NULL,'0',180,'2019-07-03',NULL,NULL),(4336,28,8,2,8,NULL,39.00,'P',NULL,NULL,'0',180,'2019-07-03',NULL,NULL),(4337,26,8,2,8,NULL,33.00,'P',NULL,NULL,'0',180,'2019-07-03',NULL,NULL),(4338,1,8,2,8,NULL,40.00,'P',NULL,NULL,'0',180,'2019-07-03',NULL,NULL),(4339,18,8,2,8,NULL,19.00,'P',NULL,NULL,'0',180,'2019-07-03',NULL,NULL),(4340,37,8,2,8,NULL,28.00,'P',NULL,NULL,'0',180,'2019-07-03',NULL,NULL),(4341,43,8,2,8,NULL,34.00,'P',NULL,NULL,'0',180,'2019-07-03',180,'2019-07-03'),(4342,12,8,2,8,NULL,0.00,'F',NULL,NULL,'1',180,'2019-07-03',NULL,NULL),(4343,25,8,2,8,NULL,25.00,'P',NULL,NULL,'0',180,'2019-07-03',NULL,NULL),(4344,23,8,2,8,NULL,25.00,'P',NULL,NULL,'0',180,'2019-07-03',NULL,NULL),(4345,44,8,2,8,NULL,31.00,'P',NULL,NULL,'0',180,'2019-07-03',NULL,NULL),(4346,14,8,2,8,NULL,39.00,'P',NULL,NULL,'0',180,'2019-07-03',NULL,NULL),(4347,31,8,2,8,NULL,39.00,'P',NULL,NULL,'0',180,'2019-07-03',NULL,NULL),(4348,2,8,2,8,NULL,20.00,'P',NULL,NULL,'0',180,'2019-07-03',NULL,NULL),(4349,19,8,2,8,NULL,38.00,'P',NULL,NULL,'0',180,'2019-07-03',NULL,NULL),(4350,8,8,2,8,NULL,13.00,'F',NULL,NULL,'0',180,'2019-07-03',NULL,NULL),(4351,22,8,2,8,NULL,12.00,'F',NULL,NULL,'0',180,'2019-07-03',NULL,NULL),(4352,20,8,2,8,NULL,0.00,'F',NULL,NULL,'1',180,'2019-07-03',NULL,NULL),(4353,38,8,2,8,NULL,22.00,'P',NULL,NULL,'0',180,'2019-07-03',NULL,NULL),(4354,35,8,2,8,NULL,40.00,'P',NULL,NULL,'0',180,'2019-07-03',NULL,NULL),(4355,40,8,2,8,NULL,35.00,'P',NULL,NULL,'0',180,'2019-07-03',NULL,NULL),(4356,41,8,2,8,NULL,40.00,'P',NULL,NULL,'0',180,'2019-07-03',NULL,NULL),(4357,42,8,2,8,NULL,0.00,'F',NULL,NULL,'1',180,'2019-07-03',NULL,NULL),(4358,36,8,2,8,NULL,9.00,'F',NULL,NULL,'0',180,'2019-07-03',NULL,NULL),(4359,39,8,2,8,NULL,24.00,'P',NULL,NULL,'0',180,'2019-07-03',NULL,NULL),(4360,369,22,5,33,NULL,31.00,'P',NULL,NULL,'0',216,'2019-07-03',NULL,NULL),(4361,380,22,5,33,NULL,13.00,'P',NULL,NULL,'0',216,'2019-07-03',NULL,NULL),(4362,178,14,3,12,NULL,24.00,'P',NULL,NULL,'0',180,'2019-07-03',NULL,NULL),(4363,207,14,3,12,NULL,39.00,'P',NULL,NULL,'0',180,'2019-07-03',NULL,NULL),(4364,391,22,5,33,NULL,6.00,'F',NULL,NULL,'0',216,'2019-07-03',NULL,NULL),(4365,176,14,3,12,NULL,35.00,'P',NULL,NULL,'0',180,'2019-07-03',NULL,NULL),(4366,197,14,3,12,NULL,33.00,'P',NULL,NULL,'0',180,'2019-07-03',NULL,NULL),(4367,383,22,5,33,NULL,7.00,'F',NULL,NULL,'0',216,'2019-07-03',NULL,NULL),(4368,190,14,3,12,NULL,30.00,'P',NULL,NULL,'0',180,'2019-07-03',NULL,NULL),(4369,179,14,3,12,NULL,29.00,'P',NULL,NULL,'0',180,'2019-07-03',NULL,NULL),(4370,180,14,3,12,NULL,38.00,'P',NULL,NULL,'0',180,'2019-07-03',NULL,NULL),(4371,379,22,5,33,NULL,14.00,'P',NULL,NULL,'0',216,'2019-07-03',NULL,NULL),(4372,208,14,3,12,NULL,34.00,'P',NULL,NULL,'0',180,'2019-07-03',NULL,NULL),(4373,175,14,3,12,NULL,28.00,'P',NULL,NULL,'0',180,'2019-07-03',NULL,NULL),(4374,181,14,3,12,NULL,21.00,'P',NULL,NULL,'0',180,'2019-07-03',NULL,NULL),(4375,361,22,5,33,NULL,20.00,'P',NULL,NULL,'0',216,'2019-07-03',NULL,NULL),(4376,206,14,3,12,NULL,33.00,'P',NULL,NULL,'0',180,'2019-07-03',NULL,NULL),(4377,195,14,3,12,NULL,29.00,'P',NULL,NULL,'0',180,'2019-07-03',NULL,NULL),(4378,192,14,3,12,NULL,37.00,'P',NULL,NULL,'0',180,'2019-07-03',NULL,NULL),(4379,205,14,3,12,NULL,38.00,'P',NULL,NULL,'0',180,'2019-07-03',NULL,NULL),(4380,360,22,5,33,NULL,16.00,'P',NULL,NULL,'0',216,'2019-07-03',NULL,NULL),(4381,200,14,3,12,NULL,37.00,'P',NULL,NULL,'0',180,'2019-07-03',NULL,NULL),(4382,198,14,3,12,NULL,33.00,'P',NULL,NULL,'0',180,'2019-07-03',NULL,NULL),(4383,210,14,3,12,NULL,31.00,'P',NULL,NULL,'0',180,'2019-07-03',NULL,NULL),(4384,357,22,5,33,NULL,21.00,'P',NULL,NULL,'0',216,'2019-07-03',NULL,NULL),(4385,182,14,3,12,NULL,16.00,'P',NULL,NULL,'0',180,'2019-07-03',NULL,NULL),(4386,385,22,5,33,NULL,21.00,'P',NULL,NULL,'0',216,'2019-07-03',NULL,NULL),(4387,193,14,3,12,NULL,34.00,'P',NULL,NULL,'0',180,'2019-07-03',NULL,NULL),(4388,204,14,3,12,NULL,37.00,'P',NULL,NULL,'0',180,'2019-07-03',NULL,NULL),(4389,189,14,3,12,NULL,11.00,'F',NULL,NULL,'0',180,'2019-07-03',NULL,NULL),(4390,202,14,3,12,NULL,33.00,'P',NULL,NULL,'0',180,'2019-07-03',NULL,NULL),(4391,364,22,5,33,NULL,22.00,'P',NULL,NULL,'0',216,'2019-07-03',NULL,NULL),(4392,191,14,3,12,NULL,34.00,'P',NULL,NULL,'0',180,'2019-07-03',NULL,NULL),(4393,187,14,3,12,NULL,38.00,'P',NULL,NULL,'0',180,'2019-07-03',NULL,NULL),(4394,194,14,3,12,NULL,33.00,'P',NULL,NULL,'0',180,'2019-07-03',NULL,NULL),(4395,199,14,3,12,NULL,37.00,'P',NULL,NULL,'0',180,'2019-07-03',NULL,NULL),(4396,196,14,3,12,NULL,29.00,'P',NULL,NULL,'0',180,'2019-07-03',NULL,NULL),(4397,183,14,3,12,NULL,38.00,'P',NULL,NULL,'0',180,'2019-07-03',NULL,NULL),(4398,185,14,3,12,NULL,37.00,'P',NULL,NULL,'0',180,'2019-07-03',NULL,NULL),(4399,174,14,3,12,NULL,29.00,'P',NULL,NULL,'0',180,'2019-07-03',NULL,NULL),(4400,201,14,3,12,NULL,34.00,'P',NULL,NULL,'0',180,'2019-07-03',NULL,NULL),(4401,184,14,3,12,NULL,30.00,'P',NULL,NULL,'0',180,'2019-07-03',NULL,NULL),(4402,203,14,3,12,NULL,37.00,'P',NULL,NULL,'0',180,'2019-07-03',NULL,NULL),(4403,186,14,3,12,NULL,28.00,'P',NULL,NULL,'0',180,'2019-07-03',NULL,NULL),(4404,188,14,3,12,NULL,35.00,'P',NULL,NULL,'0',180,'2019-07-03',NULL,NULL),(4405,177,14,3,12,NULL,35.00,'P',NULL,NULL,'0',180,'2019-07-03',NULL,NULL),(4406,214,14,3,12,NULL,31.00,'P',NULL,NULL,'0',180,'2019-07-03',NULL,NULL),(4407,213,14,3,12,NULL,34.00,'P',NULL,NULL,'0',180,'2019-07-03',NULL,NULL),(4408,211,14,3,12,NULL,33.00,'P',NULL,NULL,'0',180,'2019-07-03',NULL,NULL),(4409,209,14,3,12,NULL,37.00,'P',NULL,NULL,'0',180,'2019-07-03',NULL,NULL),(4410,212,14,3,12,NULL,34.00,'P',NULL,NULL,'0',180,'2019-07-03',NULL,NULL),(4411,378,22,5,33,NULL,30.00,'P',NULL,NULL,'0',216,'2019-07-03',NULL,NULL),(4412,346,21,5,30,NULL,3.00,'F',NULL,NULL,'0',180,'2019-07-03',NULL,NULL),(4413,356,22,5,33,NULL,8.00,'F',NULL,NULL,'0',216,'2019-07-03',NULL,NULL),(4414,332,21,5,30,NULL,25.00,'P',NULL,NULL,'0',180,'2019-07-03',NULL,NULL),(4415,342,21,5,30,NULL,25.00,'P',NULL,NULL,'0',180,'2019-07-03',NULL,NULL),(4416,363,22,5,33,NULL,33.00,'P',NULL,NULL,'0',216,'2019-07-03',NULL,NULL),(4417,334,21,5,30,NULL,31.00,'P',NULL,NULL,'0',180,'2019-07-03',NULL,NULL),(4418,324,21,5,30,NULL,29.00,'P',NULL,NULL,'0',180,'2019-07-03',NULL,NULL),(4419,328,21,5,30,NULL,35.00,'P',NULL,NULL,'0',180,'2019-07-03',NULL,NULL),(4420,365,22,5,33,NULL,12.00,'P',NULL,NULL,'0',216,'2019-07-03',NULL,NULL),(4421,326,21,5,30,NULL,38.00,'P',NULL,NULL,'0',180,'2019-07-03',NULL,NULL),(4422,325,21,5,30,NULL,29.00,'P',NULL,NULL,'0',180,'2019-07-03',NULL,NULL),(4423,344,21,5,30,NULL,26.00,'P',NULL,NULL,'0',180,'2019-07-03',NULL,NULL),(4424,366,22,5,33,NULL,36.00,'P',NULL,NULL,'0',216,'2019-07-03',NULL,NULL),(4425,362,22,5,33,NULL,6.00,'F',NULL,NULL,'0',216,'2019-07-03',NULL,NULL),(4426,341,21,5,30,NULL,27.00,'P',NULL,NULL,'0',180,'2019-07-03',NULL,NULL),(4427,335,21,5,30,NULL,0.00,'F',NULL,NULL,'1',180,'2019-07-03',NULL,NULL),(4428,323,21,5,30,NULL,35.00,'P',NULL,NULL,'0',180,'2019-07-03',NULL,NULL),(4429,387,22,5,33,NULL,37.00,'P',NULL,NULL,'0',216,'2019-07-03',NULL,NULL),(4430,340,21,5,30,NULL,32.00,'P',NULL,NULL,'0',180,'2019-07-03',NULL,NULL),(4431,311,21,5,30,NULL,19.00,'P',NULL,NULL,'0',180,'2019-07-03',NULL,NULL),(4432,358,22,5,33,NULL,4.00,'F',NULL,NULL,'0',216,'2019-07-03',NULL,NULL),(4433,333,21,5,30,NULL,37.00,'P',NULL,NULL,'0',180,'2019-07-03',NULL,NULL),(4434,345,21,5,30,NULL,27.00,'P',NULL,NULL,'0',180,'2019-07-03',NULL,NULL),(4435,355,22,5,33,NULL,14.00,'P',NULL,NULL,'0',216,'2019-07-03',NULL,NULL),(4436,329,21,5,30,NULL,20.00,'P',NULL,NULL,'0',180,'2019-07-03',NULL,NULL),(4437,336,21,5,30,NULL,29.00,'P',NULL,NULL,'0',180,'2019-07-03',NULL,NULL),(4438,330,21,5,30,NULL,23.00,'P',NULL,NULL,'0',180,'2019-07-03',NULL,NULL),(4439,388,22,5,33,NULL,3.00,'F',NULL,NULL,'0',216,'2019-07-03',NULL,NULL),(4440,339,21,5,30,NULL,17.00,'P',NULL,NULL,'0',180,'2019-07-03',NULL,NULL),(4441,338,21,5,30,NULL,20.00,'P',NULL,NULL,'0',180,'2019-07-03',NULL,NULL),(4442,370,22,5,33,NULL,8.00,'F',NULL,NULL,'0',216,'2019-07-03',NULL,NULL),(4443,320,21,5,30,NULL,36.00,'P',NULL,NULL,'0',180,'2019-07-03',180,'2019-07-03'),(4444,313,21,5,30,NULL,37.00,'P',NULL,NULL,'0',180,'2019-07-03',NULL,NULL),(4445,322,21,5,30,NULL,29.00,'P',NULL,NULL,'0',180,'2019-07-03',NULL,NULL),(4446,375,22,5,33,NULL,7.00,'F',NULL,NULL,'0',216,'2019-07-03',216,'2019-07-03'),(4447,316,21,5,30,NULL,30.00,'P',NULL,NULL,'0',180,'2019-07-03',NULL,NULL),(4448,343,21,5,30,NULL,20.00,'P',NULL,NULL,'0',180,'2019-07-03',NULL,NULL),(4449,331,21,5,30,NULL,4.00,'F',NULL,NULL,'0',180,'2019-07-03',NULL,NULL),(4450,315,21,5,30,NULL,38.00,'P',NULL,NULL,'0',180,'2019-07-03',NULL,NULL),(4451,312,21,5,30,NULL,27.00,'P',NULL,NULL,'0',180,'2019-07-03',NULL,NULL),(4452,321,21,5,30,NULL,31.00,'P',NULL,NULL,'0',180,'2019-07-03',NULL,NULL),(4453,327,21,5,30,NULL,27.00,'P',NULL,NULL,'0',180,'2019-07-03',NULL,NULL),(4454,319,21,5,30,NULL,34.00,'P',NULL,NULL,'0',180,'2019-07-03',NULL,NULL),(4455,318,21,5,30,NULL,36.00,'P',NULL,NULL,'0',180,'2019-07-03',NULL,NULL),(4456,351,21,5,30,NULL,26.00,'P',NULL,NULL,'0',180,'2019-07-03',NULL,NULL),(4457,314,21,5,30,NULL,31.00,'P',NULL,NULL,'0',180,'2019-07-03',NULL,NULL),(4458,386,22,5,33,NULL,24.00,'P',NULL,NULL,'0',216,'2019-07-03',NULL,NULL),(4459,337,21,5,30,NULL,14.00,'P',NULL,NULL,'0',180,'2019-07-03',NULL,NULL),(4460,384,22,5,33,NULL,33.00,'P',NULL,NULL,'0',216,'2019-07-03',NULL,NULL),(4461,317,21,5,30,NULL,15.00,'P',NULL,NULL,'0',180,'2019-07-03',NULL,NULL),(4462,349,21,5,30,NULL,25.00,'P',NULL,NULL,'0',180,'2019-07-03',NULL,NULL),(4463,347,21,5,30,NULL,40.00,'P',NULL,NULL,'0',180,'2019-07-03',NULL,NULL),(4464,367,22,5,33,NULL,18.00,'P',NULL,NULL,'0',216,'2019-07-03',NULL,NULL),(4465,348,21,5,30,NULL,36.00,'P',NULL,NULL,'0',180,'2019-07-03',NULL,NULL),(4466,373,22,5,33,NULL,22.00,'P',NULL,NULL,'0',216,'2019-07-03',NULL,NULL),(4467,371,22,5,33,NULL,21.00,'P',NULL,NULL,'0',216,'2019-07-03',NULL,NULL),(4468,350,21,5,30,NULL,26.00,'P',NULL,NULL,'0',180,'2019-07-03',NULL,NULL),(4469,352,21,5,30,NULL,29.00,'P',NULL,NULL,'0',180,'2019-07-03',NULL,NULL),(4470,353,21,5,30,NULL,23.00,'P',NULL,NULL,'0',180,'2019-07-03',NULL,NULL),(4471,354,22,5,33,NULL,35.00,'P',NULL,NULL,'0',216,'2019-07-03',NULL,NULL),(4472,359,22,5,33,NULL,33.00,'P',NULL,NULL,'0',216,'2019-07-03',NULL,NULL),(4473,376,22,5,33,NULL,14.00,'P',NULL,NULL,'0',216,'2019-07-03',NULL,NULL),(4474,372,22,5,33,NULL,1.00,'F',NULL,NULL,'0',216,'2019-07-03',NULL,NULL),(4475,377,22,5,33,NULL,22.00,'P',NULL,NULL,'0',216,'2019-07-03',NULL,NULL),(4476,374,22,5,33,NULL,14.00,'P',NULL,NULL,'0',216,'2019-07-03',NULL,NULL),(4477,368,22,5,33,NULL,19.00,'P',NULL,NULL,'0',216,'2019-07-03',NULL,NULL),(4478,381,22,5,33,NULL,13.00,'P',NULL,NULL,'0',216,'2019-07-03',NULL,NULL),(4479,390,22,5,33,NULL,33.00,'P',NULL,NULL,'0',216,'2019-07-03',NULL,NULL),(4480,393,22,5,33,NULL,36.00,'P',NULL,NULL,'0',216,'2019-07-03',NULL,NULL),(4481,395,22,5,33,NULL,15.00,'P',NULL,NULL,'0',216,'2019-07-03',NULL,NULL),(4482,394,22,5,33,NULL,10.00,'F',NULL,NULL,'0',216,'2019-07-03',NULL,NULL),(4483,392,22,5,33,NULL,21.00,'P',NULL,NULL,'0',216,'2019-07-03',NULL,NULL),(4484,389,22,5,33,NULL,9.00,'F',NULL,NULL,'0',216,'2019-07-03',NULL,NULL),(4485,382,22,5,33,NULL,8.00,'F',NULL,NULL,'0',216,'2019-07-03',NULL,NULL),(4486,396,22,5,33,NULL,1.00,'F',NULL,NULL,'0',216,'2019-07-03',NULL,NULL),(4487,397,22,5,33,NULL,0.00,'F',NULL,NULL,'1',216,'2019-07-03',216,'2019-11-07'),(4488,557,25,6,42,NULL,2.00,'F',NULL,NULL,'0',216,'2019-07-03',NULL,NULL),(4489,547,25,6,42,NULL,17.00,'P',NULL,NULL,'0',216,'2019-07-03',NULL,NULL),(4490,554,25,6,42,NULL,1.00,'F',NULL,NULL,'0',216,'2019-07-03',NULL,NULL),(4491,560,25,6,42,NULL,27.00,'P',NULL,NULL,'0',216,'2019-07-03',NULL,NULL),(4492,549,25,6,42,NULL,29.00,'P',NULL,NULL,'0',216,'2019-07-03',NULL,NULL),(4493,545,25,6,42,NULL,2.00,'F',NULL,NULL,'0',216,'2019-07-03',NULL,NULL),(4494,572,25,6,42,NULL,17.00,'P',NULL,NULL,'0',216,'2019-07-03',NULL,NULL),(4495,543,25,6,42,NULL,31.00,'P',NULL,NULL,'0',216,'2019-07-03',NULL,NULL),(4496,550,25,6,42,NULL,23.00,'P',NULL,NULL,'0',216,'2019-07-03',NULL,NULL),(4497,561,25,6,42,NULL,17.00,'P',NULL,NULL,'0',216,'2019-07-03',NULL,NULL),(4498,553,25,6,42,NULL,22.00,'P',NULL,NULL,'0',216,'2019-07-03',NULL,NULL),(4499,567,25,6,42,NULL,6.00,'F',NULL,NULL,'0',216,'2019-07-03',NULL,NULL),(4500,566,25,6,42,NULL,14.00,'P',NULL,NULL,'0',216,'2019-07-03',NULL,NULL),(4501,555,25,6,42,NULL,10.00,'F',NULL,NULL,'0',216,'2019-07-03',NULL,NULL),(4502,546,25,6,42,NULL,16.00,'P',NULL,NULL,'0',216,'2019-07-03',NULL,NULL),(4503,569,25,6,42,NULL,9.00,'F',NULL,NULL,'0',216,'2019-07-03',NULL,NULL),(4504,568,25,6,42,NULL,14.00,'P',NULL,NULL,'0',216,'2019-07-03',NULL,NULL),(4505,565,25,6,42,NULL,25.00,'P',NULL,NULL,'0',216,'2019-07-03',NULL,NULL),(4506,571,25,6,42,NULL,8.00,'F',NULL,NULL,'0',216,'2019-07-03',NULL,NULL),(4507,544,25,6,42,NULL,10.00,'F',NULL,NULL,'0',216,'2019-07-03',NULL,NULL),(4508,559,25,6,42,NULL,36.00,'P',NULL,NULL,'0',216,'2019-07-03',NULL,NULL),(4509,563,25,6,42,NULL,20.00,'P',NULL,NULL,'0',216,'2019-07-03',NULL,NULL),(4510,564,25,6,42,NULL,25.00,'P',NULL,NULL,'0',216,'2019-07-03',NULL,NULL),(4511,570,25,6,42,NULL,21.00,'P',NULL,NULL,'0',216,'2019-07-03',NULL,NULL),(4512,551,25,6,42,NULL,15.00,'P',NULL,NULL,'0',216,'2019-07-03',NULL,NULL),(4513,558,25,6,42,NULL,2.00,'F',NULL,NULL,'0',216,'2019-07-03',NULL,NULL),(4514,552,25,6,42,NULL,4.00,'F',NULL,NULL,'0',216,'2019-07-03',NULL,NULL),(4515,574,25,6,42,NULL,2.00,'F',NULL,NULL,'0',216,'2019-07-03',NULL,NULL),(4516,556,25,6,42,NULL,16.00,'P',NULL,NULL,'0',216,'2019-07-03',NULL,NULL),(4517,548,25,6,42,NULL,35.00,'P',NULL,NULL,'0',216,'2019-07-03',NULL,NULL),(4518,562,25,6,42,NULL,32.00,'P',NULL,NULL,'0',216,'2019-07-03',NULL,NULL),(4519,577,25,6,42,NULL,10.00,'F',NULL,NULL,'0',216,'2019-07-03',NULL,NULL),(4520,576,25,6,42,NULL,33.00,'P',NULL,NULL,'0',216,'2019-07-03',NULL,NULL),(4521,573,25,6,42,NULL,14.00,'P',NULL,NULL,'0',216,'2019-07-03',NULL,NULL),(4522,575,25,6,42,NULL,14.00,'P',NULL,NULL,'0',216,'2019-07-03',NULL,NULL),(4523,642,29,7,51,NULL,39.00,'P',NULL,NULL,'0',216,'2019-07-03',NULL,NULL),(4524,647,29,7,51,NULL,24.00,'P',NULL,NULL,'0',216,'2019-07-03',NULL,NULL),(4525,615,29,7,51,NULL,41.00,'P',NULL,NULL,'0',216,'2019-07-03',NULL,NULL),(4526,627,29,7,51,NULL,22.00,'P',NULL,NULL,'0',216,'2019-07-03',NULL,NULL),(4527,634,29,7,51,NULL,0.00,'F',NULL,NULL,'1',216,'2019-07-03',216,'2019-07-03'),(4528,624,29,7,51,NULL,20.00,'P',NULL,NULL,'0',216,'2019-07-03',NULL,NULL),(4529,623,29,7,51,NULL,21.00,'P',NULL,NULL,'0',216,'2019-07-03',NULL,NULL),(4530,626,29,7,51,NULL,6.00,'F',NULL,NULL,'0',216,'2019-07-03',NULL,NULL),(4531,618,29,7,51,NULL,33.00,'P',NULL,NULL,'0',216,'2019-07-03',NULL,NULL),(4532,646,29,7,51,NULL,23.00,'P',NULL,NULL,'0',216,'2019-07-03',NULL,NULL),(4533,637,29,7,51,NULL,12.00,'F',NULL,NULL,'0',216,'2019-07-03',NULL,NULL),(4534,648,29,7,51,NULL,29.00,'P',NULL,NULL,'0',216,'2019-07-03',NULL,NULL),(4535,620,29,7,51,NULL,35.00,'P',NULL,NULL,'0',216,'2019-07-03',NULL,NULL),(4536,617,29,7,51,NULL,17.00,'P',NULL,NULL,'0',216,'2019-07-03',NULL,NULL),(4537,628,29,7,51,NULL,32.00,'P',NULL,NULL,'0',216,'2019-07-03',NULL,NULL),(4538,635,29,7,51,NULL,23.00,'P',NULL,NULL,'0',216,'2019-07-03',NULL,NULL),(4539,632,29,7,51,NULL,19.00,'P',NULL,NULL,'0',216,'2019-07-03',NULL,NULL),(4540,638,29,7,51,NULL,13.00,'F',NULL,NULL,'0',216,'2019-07-03',NULL,NULL),(4541,625,29,7,51,NULL,6.00,'F',NULL,NULL,'0',216,'2019-07-03',NULL,NULL),(4542,643,29,7,51,NULL,36.00,'P',NULL,NULL,'0',216,'2019-07-03',NULL,NULL),(4543,644,29,7,51,NULL,38.00,'P',NULL,NULL,'0',216,'2019-07-03',NULL,NULL),(4544,629,29,7,51,NULL,25.00,'P',NULL,NULL,'0',216,'2019-07-03',NULL,NULL),(4545,621,29,7,51,NULL,23.00,'P',NULL,NULL,'0',216,'2019-07-03',NULL,NULL),(4546,641,29,7,51,NULL,18.00,'P',NULL,NULL,'0',216,'2019-07-03',NULL,NULL),(4547,640,29,7,51,NULL,39.00,'P',NULL,NULL,'0',216,'2019-07-03',NULL,NULL),(4548,645,29,7,51,NULL,33.00,'P',NULL,NULL,'0',216,'2019-07-03',NULL,NULL),(4549,630,29,7,51,NULL,39.00,'P',NULL,NULL,'0',216,'2019-07-03',NULL,NULL),(4550,631,29,7,51,NULL,7.00,'F',NULL,NULL,'0',216,'2019-07-03',NULL,NULL),(4551,636,29,7,51,NULL,29.00,'P',NULL,NULL,'0',216,'2019-07-03',NULL,NULL),(4552,622,29,7,51,NULL,21.00,'P',NULL,NULL,'0',216,'2019-07-03',NULL,NULL),(4553,619,29,7,51,NULL,23.00,'P',NULL,NULL,'0',216,'2019-07-03',NULL,NULL),(4554,639,29,7,51,NULL,14.00,'F',NULL,NULL,'0',216,'2019-07-03',NULL,NULL),(4555,616,29,7,51,NULL,31.00,'P',NULL,NULL,'0',216,'2019-07-03',NULL,NULL),(4556,633,29,7,51,NULL,13.00,'F',NULL,NULL,'0',216,'2019-07-03',216,'2019-07-03'),(4557,650,29,7,51,NULL,17.00,'P',NULL,NULL,'0',216,'2019-07-03',216,'2019-07-03'),(4558,649,29,7,51,NULL,35.00,'P',NULL,NULL,'0',216,'2019-07-03',NULL,NULL),(4559,614,29,7,51,NULL,34.00,'P',NULL,NULL,'0',216,'2019-07-03',NULL,NULL),(4560,235,17,19,82,NULL,20.00,'P',NULL,NULL,'0',198,'2019-07-03',NULL,NULL),(4561,245,17,19,82,NULL,16.00,'P',NULL,NULL,'0',198,'2019-07-03',NULL,NULL),(4562,221,17,19,82,NULL,12.00,'P',NULL,NULL,'0',198,'2019-07-03',NULL,NULL),(4563,216,17,19,82,NULL,13.00,'P',NULL,NULL,'0',198,'2019-07-03',NULL,NULL),(4564,217,17,19,82,NULL,16.00,'P',NULL,NULL,'0',198,'2019-07-03',NULL,NULL),(4565,239,17,19,82,NULL,18.00,'P',NULL,NULL,'0',198,'2019-07-03',NULL,NULL),(4566,253,17,19,82,NULL,16.00,'P',NULL,NULL,'0',198,'2019-07-03',NULL,NULL),(4567,225,17,19,82,NULL,17.00,'P',NULL,NULL,'0',198,'2019-07-03',NULL,NULL),(4568,224,17,19,82,NULL,14.00,'P',NULL,NULL,'0',198,'2019-07-03',NULL,NULL),(4569,229,17,19,82,NULL,15.00,'P',NULL,NULL,'0',198,'2019-07-03',NULL,NULL),(4570,223,17,19,82,NULL,13.00,'P',NULL,NULL,'0',198,'2019-07-03',NULL,NULL),(4571,256,17,19,82,NULL,12.00,'P',NULL,NULL,'0',198,'2019-07-03',NULL,NULL),(4572,244,17,19,82,NULL,16.00,'P',NULL,NULL,'0',198,'2019-07-03',NULL,NULL),(4573,251,17,19,82,NULL,9.00,'P',NULL,NULL,'0',198,'2019-07-03',NULL,NULL),(4574,249,17,19,82,NULL,17.00,'P',NULL,NULL,'0',198,'2019-07-03',NULL,NULL),(4575,236,17,19,82,NULL,13.00,'P',NULL,NULL,'0',198,'2019-07-03',NULL,NULL),(4576,255,17,19,82,NULL,3.00,'F',NULL,NULL,'0',198,'2019-07-03',NULL,NULL),(4577,219,17,19,82,NULL,9.00,'P',NULL,NULL,'0',198,'2019-07-03',NULL,NULL),(4578,222,17,19,82,NULL,6.00,'F',NULL,NULL,'0',198,'2019-07-03',198,'2019-07-03'),(4579,252,17,19,82,NULL,13.00,'P',NULL,NULL,'0',198,'2019-07-03',NULL,NULL),(4580,227,17,19,82,NULL,11.00,'P',NULL,NULL,'0',198,'2019-07-03',NULL,NULL),(4581,230,17,19,82,NULL,17.00,'P',NULL,NULL,'0',198,'2019-07-03',NULL,NULL),(4582,233,17,19,82,NULL,15.00,'P',NULL,NULL,'0',198,'2019-07-03',NULL,NULL),(4583,240,17,19,82,NULL,12.00,'P',NULL,NULL,'0',198,'2019-07-03',NULL,NULL),(4584,248,17,19,82,NULL,6.00,'F',NULL,NULL,'0',198,'2019-07-03',NULL,NULL),(4585,254,17,19,82,NULL,9.00,'P',NULL,NULL,'0',198,'2019-07-03',NULL,NULL),(4586,215,17,19,82,NULL,14.00,'P',NULL,NULL,'0',198,'2019-07-03',NULL,NULL),(4587,218,17,19,82,NULL,14.00,'P',NULL,NULL,'0',198,'2019-07-03',NULL,NULL),(4588,246,17,19,82,NULL,16.00,'P',NULL,NULL,'0',198,'2019-07-03',NULL,NULL),(4589,231,17,19,82,NULL,14.00,'P',NULL,NULL,'0',198,'2019-07-03',NULL,NULL),(4590,241,17,19,82,NULL,8.00,'P',NULL,NULL,'0',198,'2019-07-03',NULL,NULL),(4591,250,17,19,82,NULL,16.00,'P',NULL,NULL,'0',198,'2019-07-03',NULL,NULL),(4592,238,17,19,82,NULL,12.00,'P',NULL,NULL,'0',198,'2019-07-03',NULL,NULL),(4593,237,17,19,82,NULL,16.00,'P',NULL,NULL,'0',198,'2019-07-03',NULL,NULL),(4594,228,17,19,82,NULL,5.00,'F',NULL,NULL,'0',198,'2019-07-03',NULL,NULL),(4595,232,17,19,82,NULL,0.00,'F',NULL,NULL,'0',198,'2019-07-03',NULL,NULL),(4596,242,17,19,82,NULL,18.00,'P',NULL,NULL,'0',198,'2019-07-03',NULL,NULL),(4597,226,17,19,82,NULL,15.00,'P',NULL,NULL,'0',198,'2019-07-03',NULL,NULL),(4598,258,17,19,82,NULL,8.00,'P',NULL,NULL,'0',198,'2019-07-03',NULL,NULL),(4599,220,17,19,82,NULL,11.00,'P',NULL,NULL,'0',198,'2019-07-03',NULL,NULL),(4600,243,17,19,82,NULL,14.00,'P',NULL,NULL,'0',198,'2019-07-03',NULL,NULL),(4601,234,17,19,82,NULL,13.00,'P',NULL,NULL,'0',198,'2019-07-03',NULL,NULL),(4602,247,17,19,82,NULL,11.00,'P',NULL,NULL,'0',198,'2019-07-03',NULL,NULL),(4603,259,17,19,82,NULL,12.00,'P',NULL,NULL,'0',198,'2019-07-03',NULL,NULL),(4604,257,17,19,82,NULL,11.00,'P',NULL,NULL,'0',198,'2019-07-03',NULL,NULL),(4605,260,17,19,82,NULL,13.00,'P',NULL,NULL,'0',198,'2019-07-03',NULL,NULL),(4606,261,17,19,82,NULL,14.00,'P',NULL,NULL,'0',198,'2019-07-03',NULL,NULL),(4607,262,17,19,82,NULL,11.00,'P',NULL,NULL,'0',198,'2019-07-03',NULL,NULL),(4608,753,34,8,59,NULL,17.00,'P',NULL,NULL,'0',216,'2019-07-03',NULL,NULL),(4609,775,34,8,59,NULL,20.00,'P',NULL,NULL,'0',216,'2019-07-03',NULL,NULL),(4610,741,34,8,59,NULL,31.00,'P',NULL,NULL,'0',216,'2019-07-03',NULL,NULL),(4611,750,34,8,59,NULL,12.00,'F',NULL,NULL,'0',216,'2019-07-03',NULL,NULL),(4612,766,34,8,59,NULL,48.00,'P',NULL,NULL,'0',216,'2019-07-03',NULL,NULL),(4613,759,34,8,59,NULL,22.00,'P',NULL,NULL,'0',216,'2019-07-03',NULL,NULL),(4614,739,34,8,59,NULL,17.00,'P',NULL,NULL,'0',216,'2019-07-03',NULL,NULL),(4615,760,34,8,59,NULL,21.00,'P',NULL,NULL,'0',216,'2019-07-03',NULL,NULL),(4616,769,34,8,59,NULL,31.00,'P',NULL,NULL,'0',216,'2019-07-03',NULL,NULL),(4617,764,34,8,59,NULL,44.00,'P',NULL,NULL,'0',216,'2019-07-03',216,'2019-07-03'),(4618,754,34,8,59,NULL,39.00,'P',NULL,NULL,'0',216,'2019-07-03',216,'2019-07-03'),(4619,752,34,8,59,NULL,42.00,'P',NULL,NULL,'0',216,'2019-07-03',NULL,NULL),(4620,736,34,8,59,NULL,20.00,'P',NULL,NULL,'0',216,'2019-07-03',NULL,NULL),(4621,776,34,8,59,NULL,3.00,'F',NULL,NULL,'0',216,'2019-07-03',NULL,NULL),(4622,749,34,8,59,NULL,0.00,'F',NULL,NULL,'1',216,'2019-07-03',NULL,NULL),(4623,763,34,8,59,NULL,20.00,'P',NULL,NULL,'0',216,'2019-07-03',NULL,NULL),(4624,742,34,8,59,NULL,20.00,'P',NULL,NULL,'0',216,'2019-07-03',NULL,NULL),(4625,758,34,8,59,NULL,25.00,'P',NULL,NULL,'0',216,'2019-07-03',NULL,NULL),(4626,762,34,8,59,NULL,28.00,'P',NULL,NULL,'0',216,'2019-07-03',NULL,NULL),(4627,743,34,8,59,NULL,13.00,'F',NULL,NULL,'0',216,'2019-07-03',NULL,NULL),(4628,756,34,8,59,NULL,32.00,'P',NULL,NULL,'0',216,'2019-07-03',NULL,NULL),(4629,740,34,8,59,NULL,9.00,'F',NULL,NULL,'0',216,'2019-07-03',NULL,NULL),(4630,747,34,8,59,NULL,19.00,'P',NULL,NULL,'0',216,'2019-07-03',NULL,NULL),(4631,748,34,8,59,NULL,23.00,'P',NULL,NULL,'0',216,'2019-07-03',NULL,NULL),(4632,737,34,8,59,NULL,36.00,'P',NULL,NULL,'0',216,'2019-07-03',NULL,NULL),(4633,770,34,8,59,NULL,12.00,'F',NULL,NULL,'0',216,'2019-07-03',NULL,NULL),(4634,755,34,8,59,NULL,4.00,'F',NULL,NULL,'0',216,'2019-07-04',NULL,NULL),(4635,761,34,8,59,NULL,6.00,'F',NULL,NULL,'0',216,'2019-07-04',NULL,NULL),(4636,768,34,8,59,NULL,28.00,'P',NULL,NULL,'0',216,'2019-07-04',NULL,NULL),(4637,765,34,8,59,NULL,17.00,'P',NULL,NULL,'0',216,'2019-07-04',NULL,NULL),(4638,772,34,8,59,NULL,40.00,'P',NULL,NULL,'0',216,'2019-07-04',NULL,NULL),(4639,767,34,8,59,NULL,29.00,'P',NULL,NULL,'0',216,'2019-07-04',NULL,NULL),(4640,774,34,8,59,NULL,26.00,'P',NULL,NULL,'0',216,'2019-07-04',NULL,NULL),(4641,746,34,8,59,NULL,21.00,'P',NULL,NULL,'0',216,'2019-07-04',NULL,NULL),(4642,745,34,8,59,NULL,17.00,'P',NULL,NULL,'0',216,'2019-07-04',NULL,NULL),(4643,738,34,8,59,NULL,36.00,'P',NULL,NULL,'0',216,'2019-07-04',NULL,NULL),(4644,771,34,8,59,NULL,17.00,'P',NULL,NULL,'0',216,'2019-07-04',NULL,NULL),(4645,751,34,8,59,NULL,18.00,'P',NULL,NULL,'0',216,'2019-07-04',NULL,NULL),(4646,757,34,8,59,NULL,40.00,'P',NULL,NULL,'0',216,'2019-07-04',NULL,NULL),(4647,779,34,8,59,NULL,10.00,'F',NULL,NULL,'0',216,'2019-07-04',NULL,NULL),(4648,780,34,8,59,NULL,17.00,'P',NULL,NULL,'0',216,'2019-07-04',NULL,NULL),(4649,781,34,8,59,NULL,14.00,'F',NULL,NULL,'0',216,'2019-07-04',NULL,NULL),(4650,773,34,8,59,NULL,32.00,'P',NULL,NULL,'0',216,'2019-07-04',NULL,NULL),(4651,777,34,8,59,NULL,5.00,'F',NULL,NULL,'0',216,'2019-07-04',NULL,NULL),(4652,778,34,8,59,NULL,18.00,'P',NULL,NULL,'0',216,'2019-07-04',NULL,NULL),(4653,744,34,8,59,NULL,14.00,'F',NULL,NULL,'0',216,'2019-07-04',NULL,NULL),(4654,782,34,8,59,NULL,9.00,'F',NULL,NULL,'0',216,'2019-07-04',NULL,NULL),(4655,753,34,23,120,NULL,6.00,'F',NULL,NULL,'0',216,'2019-07-04',NULL,NULL),(4656,775,34,23,120,NULL,13.00,'P',NULL,NULL,'0',216,'2019-07-04',NULL,NULL),(4657,741,34,23,120,NULL,13.00,'P',NULL,NULL,'0',216,'2019-07-04',NULL,NULL),(4658,750,34,23,120,NULL,6.00,'F',NULL,NULL,'0',216,'2019-07-04',NULL,NULL),(4659,766,34,23,120,NULL,19.00,'P',NULL,NULL,'0',216,'2019-07-04',NULL,NULL),(4660,759,34,23,120,NULL,6.00,'F',NULL,NULL,'0',216,'2019-07-04',NULL,NULL),(4661,739,34,23,120,NULL,2.00,'F',NULL,NULL,'0',216,'2019-07-04',NULL,NULL),(4662,760,34,23,120,NULL,10.00,'P',NULL,NULL,'0',216,'2019-07-04',NULL,NULL),(4663,769,34,23,120,NULL,9.00,'P',NULL,NULL,'0',216,'2019-07-04',NULL,NULL),(4664,764,34,23,120,NULL,20.00,'P',NULL,NULL,'0',216,'2019-07-04',NULL,NULL),(4665,754,34,23,120,NULL,16.00,'P',NULL,NULL,'0',216,'2019-07-04',NULL,NULL),(4666,752,34,23,120,NULL,13.00,'P',NULL,NULL,'0',216,'2019-07-04',NULL,NULL),(4667,736,34,23,120,NULL,3.00,'F',NULL,NULL,'0',216,'2019-07-04',NULL,NULL),(4668,776,34,23,120,NULL,0.00,'F',NULL,NULL,'0',216,'2019-07-04',NULL,NULL),(4669,749,34,23,120,NULL,8.00,'F',NULL,NULL,'0',216,'2019-07-04',NULL,NULL),(4670,763,34,23,120,NULL,11.00,'P',NULL,NULL,'0',216,'2019-07-04',NULL,NULL),(4671,742,34,23,120,NULL,8.00,'F',NULL,NULL,'0',216,'2019-07-04',NULL,NULL),(4672,758,34,23,120,NULL,6.00,'F',NULL,NULL,'0',216,'2019-07-04',NULL,NULL),(4673,762,34,23,120,NULL,11.00,'P',NULL,NULL,'0',216,'2019-07-04',NULL,NULL),(4674,743,34,23,120,NULL,4.00,'F',NULL,NULL,'0',216,'2019-07-04',NULL,NULL),(4675,756,34,23,120,NULL,18.00,'P',NULL,NULL,'0',216,'2019-07-04',NULL,NULL),(4676,740,34,23,120,NULL,1.00,'F',NULL,NULL,'0',216,'2019-07-04',NULL,NULL),(4677,747,34,23,120,NULL,5.00,'F',NULL,NULL,'0',216,'2019-07-04',NULL,NULL),(4678,748,34,23,120,NULL,7.00,'F',NULL,NULL,'0',216,'2019-07-04',NULL,NULL),(4679,737,34,23,120,NULL,14.00,'P',NULL,NULL,'0',216,'2019-07-04',NULL,NULL),(4680,770,34,23,120,NULL,3.00,'F',NULL,NULL,'0',216,'2019-07-04',NULL,NULL),(4681,755,34,23,120,NULL,2.00,'F',NULL,NULL,'0',216,'2019-07-04',NULL,NULL),(4682,761,34,23,120,NULL,11.00,'P',NULL,NULL,'0',216,'2019-07-04',NULL,NULL),(4683,768,34,23,120,NULL,5.00,'F',NULL,NULL,'0',216,'2019-07-04',NULL,NULL),(4684,765,34,23,120,NULL,3.00,'F',NULL,NULL,'0',216,'2019-07-04',NULL,NULL),(4685,772,34,23,120,NULL,14.00,'P',NULL,NULL,'0',216,'2019-07-04',NULL,NULL),(4686,767,34,23,120,NULL,8.00,'F',NULL,NULL,'0',216,'2019-07-04',NULL,NULL),(4687,774,34,23,120,NULL,9.00,'P',NULL,NULL,'0',216,'2019-07-04',NULL,NULL),(4688,746,34,23,120,NULL,7.00,'F',NULL,NULL,'0',216,'2019-07-04',NULL,NULL),(4689,745,34,23,120,NULL,6.00,'F',NULL,NULL,'0',216,'2019-07-04',NULL,NULL),(4690,738,34,23,120,NULL,15.00,'P',NULL,NULL,'0',216,'2019-07-04',NULL,NULL),(4691,771,34,23,120,NULL,17.00,'P',NULL,NULL,'0',216,'2019-07-04',224,'2019-10-14'),(4692,751,34,23,120,NULL,6.00,'F',NULL,NULL,'0',216,'2019-07-04',NULL,NULL),(4693,757,34,23,120,NULL,13.00,'P',NULL,NULL,'0',216,'2019-07-04',NULL,NULL),(4694,779,34,23,120,NULL,1.00,'F',NULL,NULL,'0',216,'2019-07-04',NULL,NULL),(4695,780,34,23,120,NULL,4.00,'F',NULL,NULL,'0',216,'2019-07-04',NULL,NULL),(4696,781,34,23,120,NULL,6.00,'F',NULL,NULL,'0',216,'2019-07-04',NULL,NULL),(4697,773,34,23,120,NULL,8.00,'F',NULL,NULL,'0',216,'2019-07-04',NULL,NULL),(4698,777,34,23,120,NULL,1.00,'F',NULL,NULL,'0',216,'2019-07-04',NULL,NULL),(4699,778,34,23,120,NULL,9.00,'P',NULL,NULL,'0',216,'2019-07-04',NULL,NULL),(4700,744,34,23,120,NULL,2.00,'F',NULL,NULL,'0',216,'2019-07-04',NULL,NULL),(4701,782,34,23,120,NULL,2.00,'F',NULL,NULL,'0',216,'2019-07-04',NULL,NULL),(4702,664,30,7,50,NULL,11.00,'F',NULL,NULL,'0',213,'2019-07-05',213,'2019-07-05'),(4703,679,30,7,50,NULL,30.00,'P',NULL,NULL,'0',213,'2019-07-05',NULL,NULL),(4704,684,30,7,50,NULL,11.00,'F',NULL,NULL,'0',213,'2019-07-05',NULL,NULL),(4705,680,30,7,50,NULL,39.00,'P',NULL,NULL,'0',213,'2019-07-05',NULL,NULL),(4706,674,30,7,50,NULL,14.00,'F',NULL,NULL,'0',213,'2019-07-05',NULL,NULL),(4707,669,30,7,50,NULL,11.00,'F',NULL,NULL,'0',213,'2019-07-05',NULL,NULL),(4708,662,30,7,50,NULL,19.00,'P',NULL,NULL,'0',213,'2019-07-05',NULL,NULL),(4709,685,30,7,50,NULL,25.00,'P',NULL,NULL,'0',213,'2019-07-05',NULL,NULL),(4710,678,30,7,50,NULL,38.00,'P',NULL,NULL,'0',213,'2019-07-05',NULL,NULL),(4711,667,30,7,50,NULL,22.00,'P',NULL,NULL,'0',213,'2019-07-05',NULL,NULL),(4712,682,30,7,50,NULL,11.00,'F',NULL,NULL,'0',213,'2019-07-05',NULL,NULL),(4713,651,30,7,50,NULL,20.00,'P',NULL,NULL,'0',213,'2019-07-05',NULL,NULL),(4714,656,30,7,50,NULL,35.00,'P',NULL,NULL,'0',213,'2019-07-05',NULL,NULL),(4715,657,30,7,50,NULL,3.00,'F',NULL,NULL,'0',213,'2019-07-05',NULL,NULL),(4716,677,30,7,50,NULL,48.00,'P',NULL,NULL,'0',213,'2019-07-05',NULL,NULL),(4717,671,30,7,50,NULL,18.00,'P',NULL,NULL,'0',213,'2019-07-05',NULL,NULL),(4718,673,30,7,50,NULL,11.00,'F',NULL,NULL,'0',213,'2019-07-05',NULL,NULL),(4719,653,30,7,50,NULL,22.00,'P',NULL,NULL,'0',213,'2019-07-05',NULL,NULL),(4720,652,30,7,50,NULL,15.00,'F',NULL,NULL,'0',213,'2019-07-05',NULL,NULL),(4721,658,30,7,50,NULL,15.00,'F',NULL,NULL,'0',213,'2019-07-05',NULL,NULL),(4722,668,30,7,50,NULL,13.00,'F',NULL,NULL,'0',213,'2019-07-05',NULL,NULL),(4723,665,30,7,50,NULL,29.00,'P',NULL,NULL,'0',213,'2019-07-05',NULL,NULL),(4724,676,30,7,50,NULL,17.00,'P',NULL,NULL,'0',213,'2019-07-05',NULL,NULL),(4725,681,30,7,50,NULL,48.00,'P',NULL,NULL,'0',213,'2019-07-05',NULL,NULL),(4726,672,30,7,50,NULL,18.00,'P',NULL,NULL,'0',213,'2019-07-05',NULL,NULL),(4727,661,30,7,50,NULL,18.00,'P',NULL,NULL,'0',213,'2019-07-05',NULL,NULL),(4728,670,30,7,50,NULL,47.00,'P',NULL,NULL,'0',213,'2019-07-05',NULL,NULL),(4729,655,30,7,50,NULL,43.00,'P',NULL,NULL,'0',213,'2019-07-05',NULL,NULL),(4730,660,30,7,50,NULL,23.00,'P',NULL,NULL,'0',213,'2019-07-05',NULL,NULL),(4731,659,30,7,50,NULL,20.00,'P',NULL,NULL,'0',213,'2019-07-05',NULL,NULL),(4732,675,30,7,50,NULL,37.00,'P',NULL,NULL,'0',213,'2019-07-05',NULL,NULL),(4733,663,30,7,50,NULL,30.00,'P',NULL,NULL,'0',213,'2019-07-05',NULL,NULL),(4734,654,30,7,50,NULL,37.00,'P',NULL,NULL,'0',213,'2019-07-05',NULL,NULL),(4735,687,30,7,50,NULL,24.00,'P',NULL,NULL,'0',213,'2019-07-05',NULL,NULL),(4736,686,30,7,50,NULL,17.00,'P',NULL,NULL,'0',213,'2019-07-05',NULL,NULL),(4737,683,30,7,50,NULL,42.00,'P',NULL,NULL,'0',213,'2019-07-05',NULL,NULL),(4738,666,30,7,50,NULL,17.00,'P',NULL,NULL,'0',213,'2019-07-05',NULL,NULL),(4739,688,30,7,50,NULL,41.00,'P',NULL,NULL,'0',213,'2019-07-05',NULL,NULL),(4740,702,33,8,58,NULL,38.00,'P',NULL,NULL,'0',213,'2019-07-05',NULL,NULL),(4741,700,33,8,58,NULL,10.00,'F',NULL,NULL,'0',213,'2019-07-05',NULL,NULL),(4742,710,33,8,58,NULL,41.00,'P',NULL,NULL,'0',213,'2019-07-05',NULL,NULL),(4743,706,33,8,58,NULL,11.00,'F',NULL,NULL,'0',213,'2019-07-05',213,'2019-07-05'),(4744,708,33,8,58,NULL,27.00,'P',NULL,NULL,'0',213,'2019-07-05',NULL,NULL),(4745,732,33,8,58,NULL,10.00,'F',NULL,NULL,'0',213,'2019-07-05',NULL,NULL),(4746,4,8,2,9,NULL,35.00,'P',NULL,NULL,'0',185,'2019-07-05',185,'2019-07-05'),(4747,726,33,8,58,NULL,0.00,'F',NULL,NULL,'1',213,'2019-07-05',NULL,NULL),(4748,235,17,4,22,NULL,9.00,'F',NULL,NULL,'0',195,'2019-07-05',NULL,NULL),(4749,691,33,8,58,NULL,7.00,'F',NULL,NULL,'0',213,'2019-07-05',NULL,NULL),(4750,245,17,4,22,NULL,10.00,'F',NULL,NULL,'0',195,'2019-07-05',NULL,NULL),(4751,709,33,8,58,NULL,18.00,'P',NULL,NULL,'0',213,'2019-07-05',NULL,NULL),(4752,221,17,4,22,NULL,10.00,'F',NULL,NULL,'0',195,'2019-07-05',NULL,NULL),(4753,714,33,8,58,NULL,26.00,'P',NULL,NULL,'0',213,'2019-07-05',NULL,NULL),(4754,722,33,8,58,NULL,21.00,'P',NULL,NULL,'0',213,'2019-07-05',NULL,NULL),(4755,216,17,4,22,NULL,11.00,'F',NULL,NULL,'0',195,'2019-07-05',NULL,NULL),(4756,705,33,8,58,NULL,42.00,'P',NULL,NULL,'0',213,'2019-07-05',NULL,NULL),(4757,698,33,8,58,NULL,26.00,'P',NULL,NULL,'0',213,'2019-07-05',NULL,NULL),(4758,217,17,4,22,NULL,14.00,'P',NULL,NULL,'0',195,'2019-07-05',NULL,NULL),(4759,703,33,8,58,NULL,22.00,'P',NULL,NULL,'0',213,'2019-07-05',NULL,NULL),(4760,239,17,4,22,NULL,27.00,'P',NULL,NULL,'0',195,'2019-07-05',NULL,NULL),(4761,713,33,8,58,NULL,45.00,'P',NULL,NULL,'0',213,'2019-07-05',NULL,NULL),(4762,723,33,8,58,NULL,14.00,'F',NULL,NULL,'0',213,'2019-07-05',NULL,NULL),(4763,253,17,4,22,NULL,14.00,'P',NULL,NULL,'0',195,'2019-07-05',NULL,NULL),(4764,718,33,8,58,NULL,30.00,'P',NULL,NULL,'0',213,'2019-07-05',NULL,NULL),(4765,721,33,8,58,NULL,43.00,'P',NULL,NULL,'0',213,'2019-07-05',NULL,NULL),(4766,225,17,4,22,NULL,39.00,'P',NULL,NULL,'0',195,'2019-07-05',NULL,NULL),(4767,697,33,8,58,NULL,25.00,'P',NULL,NULL,'0',213,'2019-07-05',NULL,NULL),(4768,224,17,4,22,NULL,40.00,'P',NULL,NULL,'0',195,'2019-07-05',NULL,NULL),(4769,717,33,8,58,NULL,14.00,'F',NULL,NULL,'0',213,'2019-07-05',NULL,NULL),(4770,695,33,8,58,NULL,23.00,'P',NULL,NULL,'0',213,'2019-07-05',NULL,NULL),(4771,229,17,4,22,NULL,22.00,'P',NULL,NULL,'0',195,'2019-07-05',NULL,NULL),(4772,696,33,8,58,NULL,23.00,'P',NULL,NULL,'0',213,'2019-07-05',NULL,NULL),(4773,719,33,8,58,NULL,30.00,'P',NULL,NULL,'0',213,'2019-07-05',NULL,NULL),(4774,223,17,4,22,NULL,21.00,'P',NULL,NULL,'0',195,'2019-07-05',NULL,NULL),(4775,699,33,8,58,NULL,7.00,'F',NULL,NULL,'0',213,'2019-07-05',NULL,NULL),(4776,707,33,8,58,NULL,21.00,'P',NULL,NULL,'0',213,'2019-07-05',NULL,NULL),(4777,692,33,8,58,NULL,17.00,'P',NULL,NULL,'0',213,'2019-07-05',NULL,NULL),(4778,256,17,4,22,NULL,34.00,'P',NULL,NULL,'0',195,'2019-07-05',NULL,NULL),(4779,712,33,8,58,NULL,15.00,'F',NULL,NULL,'0',213,'2019-07-05',NULL,NULL),(4780,690,33,8,58,NULL,28.00,'P',NULL,NULL,'0',213,'2019-07-05',NULL,NULL),(4781,244,17,4,22,NULL,17.00,'P',NULL,NULL,'0',195,'2019-07-05',NULL,NULL),(4782,694,33,8,58,NULL,11.00,'F',NULL,NULL,'0',213,'2019-07-05',NULL,NULL),(4783,725,33,8,58,NULL,20.00,'P',NULL,NULL,'0',213,'2019-07-05',NULL,NULL),(4784,251,17,4,22,NULL,13.00,'P',NULL,NULL,'0',195,'2019-07-05',NULL,NULL),(4785,715,33,8,58,NULL,25.00,'P',NULL,NULL,'0',213,'2019-07-05',NULL,NULL),(4786,249,17,4,22,NULL,29.00,'P',NULL,NULL,'0',195,'2019-07-05',NULL,NULL),(4787,704,33,8,58,NULL,23.00,'P',NULL,NULL,'0',213,'2019-07-05',NULL,NULL),(4788,693,33,8,58,NULL,24.00,'P',NULL,NULL,'0',213,'2019-07-05',NULL,NULL),(4789,716,33,8,58,NULL,25.00,'P',NULL,NULL,'0',213,'2019-07-05',NULL,NULL),(4790,236,17,4,22,NULL,33.00,'P',NULL,NULL,'0',195,'2019-07-05',NULL,NULL),(4791,701,33,8,58,NULL,18.00,'P',NULL,NULL,'0',213,'2019-07-05',NULL,NULL),(4792,255,17,4,22,NULL,15.00,'P',NULL,NULL,'0',195,'2019-07-05',NULL,NULL),(4793,720,33,8,58,NULL,13.00,'F',NULL,NULL,'0',213,'2019-07-05',NULL,NULL),(4794,219,17,4,22,NULL,16.00,'P',NULL,NULL,'0',195,'2019-07-05',NULL,NULL),(4795,689,33,8,58,NULL,13.00,'F',NULL,NULL,'0',213,'2019-07-05',NULL,NULL),(4796,222,17,4,22,NULL,8.00,'F',NULL,NULL,'0',195,'2019-07-05',NULL,NULL),(4797,711,33,8,58,NULL,11.00,'F',NULL,NULL,'0',213,'2019-07-05',NULL,NULL),(4798,252,17,4,22,NULL,11.00,'F',NULL,NULL,'0',195,'2019-07-05',NULL,NULL),(4799,227,17,4,22,NULL,24.00,'P',NULL,NULL,'0',195,'2019-07-05',NULL,NULL),(4800,230,17,4,22,NULL,38.00,'P',NULL,NULL,'0',195,'2019-07-05',NULL,NULL),(4801,233,17,4,22,NULL,19.00,'P',NULL,NULL,'0',195,'2019-07-05',NULL,NULL),(4802,240,17,4,22,NULL,8.00,'F',NULL,NULL,'0',195,'2019-07-05',NULL,NULL),(4803,248,17,4,22,NULL,10.00,'F',NULL,NULL,'0',195,'2019-07-05',NULL,NULL),(4804,254,17,4,22,NULL,35.00,'P',NULL,NULL,'0',195,'2019-07-05',NULL,NULL),(4805,215,17,4,22,NULL,12.00,'P',NULL,NULL,'0',195,'2019-07-05',NULL,NULL),(4806,218,17,4,22,NULL,14.00,'P',NULL,NULL,'0',195,'2019-07-05',NULL,NULL),(4807,246,17,4,22,NULL,32.00,'P',NULL,NULL,'0',195,'2019-07-05',NULL,NULL),(4808,231,17,4,22,NULL,17.00,'P',NULL,NULL,'0',195,'2019-07-05',NULL,NULL),(4809,241,17,4,22,NULL,13.00,'P',NULL,NULL,'0',195,'2019-07-05',NULL,NULL),(4810,250,17,4,22,NULL,6.00,'F',NULL,NULL,'0',195,'2019-07-05',NULL,NULL),(4811,238,17,4,22,NULL,36.00,'P',NULL,NULL,'0',195,'2019-07-05',NULL,NULL),(4812,237,17,4,22,NULL,36.00,'P',NULL,NULL,'0',195,'2019-07-05',NULL,NULL),(4813,228,17,4,22,NULL,20.00,'P',NULL,NULL,'0',195,'2019-07-05',NULL,NULL),(4814,232,17,4,22,NULL,20.00,'P',NULL,NULL,'0',195,'2019-07-05',NULL,NULL),(4815,242,17,4,22,NULL,11.00,'F',NULL,NULL,'0',195,'2019-07-05',NULL,NULL),(4816,226,17,4,22,NULL,37.00,'P',NULL,NULL,'0',195,'2019-07-05',NULL,NULL),(4817,258,17,4,22,NULL,40.00,'P',NULL,NULL,'0',195,'2019-07-05',NULL,NULL),(4818,220,17,4,22,NULL,40.00,'P',NULL,NULL,'0',195,'2019-07-05',NULL,NULL),(4819,243,17,4,22,NULL,38.00,'P',NULL,NULL,'0',195,'2019-07-05',NULL,NULL),(4820,234,17,4,22,NULL,23.00,'P',NULL,NULL,'0',195,'2019-07-05',NULL,NULL),(4821,247,17,4,22,NULL,30.00,'P',NULL,NULL,'0',195,'2019-07-05',NULL,NULL),(4822,727,33,8,58,NULL,31.00,'P',NULL,NULL,'0',213,'2019-07-05',NULL,NULL),(4823,730,33,8,58,NULL,36.00,'P',NULL,NULL,'0',213,'2019-07-05',NULL,NULL),(4824,259,17,4,22,NULL,28.00,'P',NULL,NULL,'0',195,'2019-07-05',NULL,NULL),(4825,729,33,8,58,NULL,27.00,'P',NULL,NULL,'0',213,'2019-07-05',NULL,NULL),(4826,731,33,8,58,NULL,22.00,'P',NULL,NULL,'0',213,'2019-07-05',NULL,NULL),(4827,728,33,8,58,NULL,21.00,'P',NULL,NULL,'0',213,'2019-07-05',NULL,NULL),(4828,257,17,4,22,NULL,26.00,'P',NULL,NULL,'0',195,'2019-07-05',NULL,NULL),(4829,260,17,4,22,NULL,29.00,'P',NULL,NULL,'0',195,'2019-07-05',NULL,NULL),(4830,724,33,8,58,NULL,11.00,'F',NULL,NULL,'0',213,'2019-07-05',NULL,NULL),(4831,261,17,4,22,NULL,20.00,'P',NULL,NULL,'0',195,'2019-07-05',NULL,NULL),(4832,733,33,8,58,NULL,28.00,'P',NULL,NULL,'0',213,'2019-07-05',NULL,NULL),(4833,734,33,8,58,NULL,24.00,'P',NULL,NULL,'0',213,'2019-07-05',NULL,NULL),(4834,262,17,4,22,NULL,32.00,'P',NULL,NULL,'0',195,'2019-07-05',NULL,NULL),(4835,735,33,8,58,NULL,21.00,'P',NULL,NULL,'0',213,'2019-07-05',NULL,NULL),(4836,753,34,8,58,NULL,34.00,'P',NULL,NULL,'0',213,'2019-07-05',NULL,NULL),(4837,775,34,8,58,NULL,47.00,'P',NULL,NULL,'0',213,'2019-07-05',NULL,NULL),(4838,741,34,8,58,NULL,14.00,'F',NULL,NULL,'0',213,'2019-07-05',NULL,NULL),(4839,750,34,8,58,NULL,2.00,'F',NULL,NULL,'0',213,'2019-07-05',NULL,NULL),(4840,766,34,8,58,NULL,49.00,'P',NULL,NULL,'0',213,'2019-07-05',NULL,NULL),(4841,759,34,8,58,NULL,28.00,'P',NULL,NULL,'0',213,'2019-07-05',NULL,NULL),(4842,739,34,8,58,NULL,28.00,'P',NULL,NULL,'0',213,'2019-07-05',NULL,NULL),(4843,760,34,8,58,NULL,19.00,'P',NULL,NULL,'0',213,'2019-07-05',NULL,NULL),(4844,769,34,8,58,NULL,25.00,'P',NULL,NULL,'0',213,'2019-07-05',NULL,NULL),(4845,764,34,8,58,NULL,37.00,'P',NULL,NULL,'0',213,'2019-07-05',NULL,NULL),(4846,754,34,8,58,NULL,40.00,'P',NULL,NULL,'0',213,'2019-07-05',NULL,NULL),(4847,752,34,8,58,NULL,43.00,'P',NULL,NULL,'0',213,'2019-07-05',NULL,NULL),(4848,736,34,8,58,NULL,5.00,'F',NULL,NULL,'0',213,'2019-07-05',NULL,NULL),(4849,776,34,8,58,NULL,27.00,'P',NULL,NULL,'0',213,'2019-07-05',NULL,NULL),(4850,749,34,8,58,NULL,0.00,'F',NULL,NULL,'1',213,'2019-07-05',NULL,NULL),(4851,763,34,8,58,NULL,10.00,'F',NULL,NULL,'0',213,'2019-07-05',NULL,NULL),(4852,742,34,8,58,NULL,10.00,'F',NULL,NULL,'0',213,'2019-07-05',NULL,NULL),(4853,758,34,8,58,NULL,14.00,'F',NULL,NULL,'0',213,'2019-07-05',NULL,NULL),(4854,762,34,8,58,NULL,21.00,'P',NULL,NULL,'0',213,'2019-07-05',NULL,NULL),(4855,743,34,8,58,NULL,5.00,'F',NULL,NULL,'0',213,'2019-07-05',NULL,NULL),(4856,756,34,8,58,NULL,3.00,'F',NULL,NULL,'0',213,'2019-07-05',NULL,NULL),(4857,740,34,8,58,NULL,8.00,'F',NULL,NULL,'0',213,'2019-07-05',NULL,NULL),(4858,747,34,8,58,NULL,3.00,'F',NULL,NULL,'0',213,'2019-07-05',NULL,NULL),(4859,748,34,8,58,NULL,11.00,'F',NULL,NULL,'0',213,'2019-07-05',NULL,NULL),(4860,737,34,8,58,NULL,4.00,'F',NULL,NULL,'0',213,'2019-07-05',NULL,NULL),(4861,770,34,8,58,NULL,8.00,'F',NULL,NULL,'0',213,'2019-07-05',NULL,NULL),(4862,755,34,8,58,NULL,39.00,'P',NULL,NULL,'0',213,'2019-07-05',NULL,NULL),(4863,761,34,8,58,NULL,45.00,'P',NULL,NULL,'0',213,'2019-07-05',NULL,NULL),(4864,768,34,8,58,NULL,18.00,'P',NULL,NULL,'0',213,'2019-07-05',NULL,NULL),(4865,765,34,8,58,NULL,6.00,'F',NULL,NULL,'0',213,'2019-07-05',NULL,NULL),(4866,772,34,8,58,NULL,41.00,'P',NULL,NULL,'0',213,'2019-07-05',NULL,NULL),(4867,767,34,8,58,NULL,28.00,'P',NULL,NULL,'0',213,'2019-07-05',NULL,NULL),(4868,774,34,8,58,NULL,44.00,'P',NULL,NULL,'0',213,'2019-07-05',NULL,NULL),(4869,746,34,8,58,NULL,11.00,'F',NULL,NULL,'0',213,'2019-07-05',NULL,NULL),(4870,745,34,8,58,NULL,28.00,'P',NULL,NULL,'0',213,'2019-07-05',NULL,NULL),(4871,738,34,8,58,NULL,40.00,'P',NULL,NULL,'0',213,'2019-07-05',NULL,NULL),(4872,771,34,8,58,NULL,45.00,'P',NULL,NULL,'0',213,'2019-07-05',NULL,NULL),(4873,751,34,8,58,NULL,47.00,'P',NULL,NULL,'0',213,'2019-07-05',NULL,NULL),(4874,757,34,8,58,NULL,39.00,'P',NULL,NULL,'0',213,'2019-07-05',NULL,NULL),(4875,779,34,8,58,NULL,25.00,'P',NULL,NULL,'0',213,'2019-07-05',NULL,NULL),(4876,780,34,8,58,NULL,44.00,'P',NULL,NULL,'0',213,'2019-07-05',NULL,NULL),(4877,781,34,8,58,NULL,39.00,'P',NULL,NULL,'0',213,'2019-07-05',NULL,NULL),(4878,773,34,8,58,NULL,10.00,'F',NULL,NULL,'0',213,'2019-07-05',NULL,NULL),(4879,777,34,8,58,NULL,24.00,'P',NULL,NULL,'0',213,'2019-07-05',NULL,NULL),(4880,778,34,8,58,NULL,7.00,'F',NULL,NULL,'0',213,'2019-07-05',NULL,NULL),(4881,744,34,8,58,NULL,47.00,'P',NULL,NULL,'0',213,'2019-07-05',NULL,NULL),(4882,782,34,8,58,NULL,5.00,'F',NULL,NULL,'0',213,'2019-07-05',NULL,NULL),(4883,155,13,3,13,NULL,32.00,'P',NULL,NULL,'0',195,'2019-07-05',NULL,NULL),(4884,141,13,3,13,NULL,25.00,'P',NULL,NULL,'0',195,'2019-07-05',NULL,NULL),(4885,150,13,3,13,NULL,36.00,'P',NULL,NULL,'0',195,'2019-07-05',NULL,NULL),(4886,142,13,3,13,NULL,35.00,'P',NULL,NULL,'0',195,'2019-07-05',NULL,NULL),(4887,169,13,3,13,NULL,35.00,'P',NULL,NULL,'0',195,'2019-07-05',NULL,NULL),(4888,146,13,3,13,NULL,20.00,'P',NULL,NULL,'0',195,'2019-07-05',NULL,NULL),(4889,136,13,3,13,NULL,13.00,'F',NULL,NULL,'0',195,'2019-07-05',NULL,NULL),(4890,139,13,3,13,NULL,25.00,'P',NULL,NULL,'0',195,'2019-07-05',NULL,NULL),(4891,153,13,3,13,NULL,31.00,'P',NULL,NULL,'0',195,'2019-07-05',NULL,NULL),(4892,167,13,3,13,NULL,31.00,'P',NULL,NULL,'0',195,'2019-07-05',NULL,NULL),(4893,165,13,3,13,NULL,26.00,'P',NULL,NULL,'0',195,'2019-07-05',NULL,NULL),(4894,154,13,3,13,NULL,30.00,'P',NULL,NULL,'0',195,'2019-07-05',NULL,NULL),(4895,149,13,3,13,NULL,25.00,'P',NULL,NULL,'0',195,'2019-07-05',NULL,NULL),(4896,152,13,3,13,NULL,39.00,'P',NULL,NULL,'0',195,'2019-07-05',NULL,NULL),(4897,138,13,3,13,NULL,36.00,'P',NULL,NULL,'0',195,'2019-07-05',NULL,NULL),(4898,137,13,3,13,NULL,26.00,'P',NULL,NULL,'0',195,'2019-07-05',NULL,NULL),(4899,144,13,3,13,NULL,0.00,'F',NULL,NULL,'1',195,'2019-07-05',NULL,NULL),(4900,162,13,3,13,NULL,38.00,'P',NULL,NULL,'0',195,'2019-07-05',NULL,NULL),(4901,134,13,3,13,NULL,28.00,'P',NULL,NULL,'0',195,'2019-07-05',NULL,NULL),(4902,140,13,3,13,NULL,39.00,'P',NULL,NULL,'0',195,'2019-07-05',NULL,NULL),(4903,158,13,3,13,NULL,34.00,'P',NULL,NULL,'0',195,'2019-07-05',NULL,NULL),(4904,157,13,3,13,NULL,40.00,'P',NULL,NULL,'0',195,'2019-07-05',NULL,NULL),(4905,166,13,3,13,NULL,21.00,'P',NULL,NULL,'0',195,'2019-07-05',NULL,NULL),(4906,151,13,3,13,NULL,30.00,'P',NULL,NULL,'0',195,'2019-07-05',NULL,NULL),(4907,147,13,3,13,NULL,16.00,'P',NULL,NULL,'0',195,'2019-07-05',NULL,NULL),(4908,164,13,3,13,NULL,36.00,'P',NULL,NULL,'0',195,'2019-07-05',NULL,NULL),(4909,156,13,3,13,NULL,27.00,'P',NULL,NULL,'0',195,'2019-07-05',NULL,NULL),(4910,163,13,3,13,NULL,37.00,'P',NULL,NULL,'0',195,'2019-07-05',NULL,NULL),(4911,143,13,3,13,NULL,27.00,'P',NULL,NULL,'0',195,'2019-07-05',NULL,NULL),(4912,172,13,3,13,NULL,22.00,'P',NULL,NULL,'0',195,'2019-07-05',NULL,NULL),(4913,135,13,3,13,NULL,40.00,'P',NULL,NULL,'0',195,'2019-07-05',NULL,NULL),(4914,148,13,3,13,NULL,19.00,'P',NULL,NULL,'0',195,'2019-07-05',NULL,NULL),(4915,160,13,3,13,NULL,37.00,'P',NULL,NULL,'0',195,'2019-07-05',NULL,NULL),(4916,161,13,3,13,NULL,24.00,'P',NULL,NULL,'0',195,'2019-07-05',NULL,NULL),(4917,159,13,3,13,NULL,26.00,'P',NULL,NULL,'0',195,'2019-07-05',NULL,NULL),(4918,145,13,3,13,NULL,27.00,'P',NULL,NULL,'0',195,'2019-07-05',NULL,NULL),(4919,170,13,3,13,NULL,40.00,'P',NULL,NULL,'0',195,'2019-07-05',NULL,NULL),(4920,171,13,3,13,NULL,37.00,'P',NULL,NULL,'0',195,'2019-07-05',NULL,NULL),(4921,168,13,3,13,NULL,22.00,'P',NULL,NULL,'0',195,'2019-07-05',NULL,NULL),(4922,173,13,3,13,NULL,40.00,'P',NULL,NULL,'0',195,'2019-07-05',NULL,NULL),(4923,605,26,6,40,NULL,8.00,'F',NULL,NULL,'0',195,'2019-07-05',NULL,NULL),(4924,593,26,6,40,NULL,22.00,'P',NULL,NULL,'0',195,'2019-07-05',NULL,NULL),(4925,581,26,6,40,NULL,33.00,'P',NULL,NULL,'0',195,'2019-07-05',NULL,NULL),(4926,596,26,6,40,NULL,35.00,'P',NULL,NULL,'0',195,'2019-07-05',NULL,NULL),(4927,585,26,6,40,NULL,36.00,'P',NULL,NULL,'0',195,'2019-07-05',NULL,NULL),(4928,591,26,6,40,NULL,3.00,'F',NULL,NULL,'0',195,'2019-07-05',NULL,NULL),(4929,598,26,6,40,NULL,37.00,'P',NULL,NULL,'0',195,'2019-07-05',NULL,NULL),(4930,587,26,6,40,NULL,21.00,'P',NULL,NULL,'0',195,'2019-07-05',NULL,NULL),(4931,604,26,6,40,NULL,23.00,'P',NULL,NULL,'0',195,'2019-07-05',NULL,NULL),(4932,580,26,6,40,NULL,29.00,'P',NULL,NULL,'0',195,'2019-07-05',NULL,NULL),(4933,595,26,6,40,NULL,36.00,'P',NULL,NULL,'0',195,'2019-07-05',NULL,NULL),(4934,578,26,6,40,NULL,23.00,'P',NULL,NULL,'0',195,'2019-07-05',NULL,NULL),(4935,600,26,6,40,NULL,5.00,'F',NULL,NULL,'0',195,'2019-07-05',NULL,NULL),(4936,601,26,6,40,NULL,16.00,'P',NULL,NULL,'0',195,'2019-07-05',NULL,NULL),(4937,592,26,6,40,NULL,3.00,'F',NULL,NULL,'0',195,'2019-07-05',NULL,NULL),(4938,579,26,6,40,NULL,2.00,'F',NULL,NULL,'0',195,'2019-07-05',NULL,NULL),(4939,584,26,6,40,NULL,6.00,'F',NULL,NULL,'0',195,'2019-07-05',NULL,NULL),(4940,594,26,6,40,NULL,18.00,'P',NULL,NULL,'0',195,'2019-07-05',NULL,NULL),(4941,582,26,6,40,NULL,33.00,'P',NULL,NULL,'0',195,'2019-07-05',NULL,NULL),(4942,602,26,6,40,NULL,16.00,'P',NULL,NULL,'0',195,'2019-07-05',NULL,NULL),(4943,612,26,6,40,NULL,31.00,'P',NULL,NULL,'0',195,'2019-07-05',NULL,NULL),(4944,609,26,6,40,NULL,29.00,'P',NULL,NULL,'0',195,'2019-07-05',NULL,NULL),(4945,610,26,6,40,NULL,25.00,'P',NULL,NULL,'0',195,'2019-07-05',NULL,NULL),(4946,589,26,6,40,NULL,14.00,'P',NULL,NULL,'0',195,'2019-07-05',NULL,NULL),(4947,599,26,6,40,NULL,31.00,'P',NULL,NULL,'0',195,'2019-07-05',NULL,NULL),(4948,597,26,6,40,NULL,22.00,'P',NULL,NULL,'0',195,'2019-07-05',NULL,NULL),(4949,603,26,6,40,NULL,37.00,'P',NULL,NULL,'0',195,'2019-07-05',NULL,NULL),(4950,586,26,6,40,NULL,35.00,'P',NULL,NULL,'0',195,'2019-07-05',NULL,NULL),(4951,590,26,6,40,NULL,21.00,'P',NULL,NULL,'0',195,'2019-07-05',NULL,NULL),(4952,583,26,6,40,NULL,7.00,'F',NULL,NULL,'0',195,'2019-07-05',NULL,NULL),(4953,588,26,6,40,NULL,21.00,'P',NULL,NULL,'0',195,'2019-07-05',NULL,NULL),(4954,611,26,6,40,NULL,5.00,'F',NULL,NULL,'0',195,'2019-07-05',NULL,NULL),(4955,607,26,6,40,NULL,13.00,'P',NULL,NULL,'0',195,'2019-07-05',NULL,NULL),(4956,608,26,6,40,NULL,36.00,'P',NULL,NULL,'0',195,'2019-07-05',NULL,NULL),(4957,606,26,6,40,NULL,17.00,'P',NULL,NULL,'0',195,'2019-07-05',NULL,NULL),(4958,613,26,6,40,NULL,6.00,'F',NULL,NULL,'0',195,'2019-07-05',NULL,NULL),(4959,346,21,20,91,NULL,0.00,'F',NULL,NULL,'0',180,'2019-07-05',NULL,NULL),(4960,332,21,20,91,NULL,7.00,'P',NULL,NULL,'0',180,'2019-07-05',NULL,NULL),(4961,342,21,20,91,NULL,12.00,'P',NULL,NULL,'0',180,'2019-07-05',NULL,NULL),(4962,334,21,20,91,NULL,16.00,'P',NULL,NULL,'0',180,'2019-07-05',NULL,NULL),(4963,324,21,20,91,NULL,10.00,'P',NULL,NULL,'0',180,'2019-07-05',NULL,NULL),(4964,328,21,20,91,NULL,12.00,'P',NULL,NULL,'0',180,'2019-07-05',NULL,NULL),(4965,326,21,20,91,NULL,17.00,'P',NULL,NULL,'0',180,'2019-07-05',NULL,NULL),(4966,325,21,20,91,NULL,15.00,'P',NULL,NULL,'0',180,'2019-07-05',NULL,NULL),(4967,344,21,20,91,NULL,10.00,'P',NULL,NULL,'0',180,'2019-07-05',NULL,NULL),(4968,341,21,20,91,NULL,14.00,'P',NULL,NULL,'0',180,'2019-07-05',NULL,NULL),(4969,335,21,20,91,NULL,16.00,'P',NULL,NULL,'0',180,'2019-07-05',NULL,NULL),(4970,323,21,20,91,NULL,15.00,'P',NULL,NULL,'0',180,'2019-07-05',NULL,NULL),(4971,340,21,20,91,NULL,8.00,'P',NULL,NULL,'0',180,'2019-07-05',NULL,NULL),(4972,311,21,20,91,NULL,7.00,'P',NULL,NULL,'0',180,'2019-07-05',NULL,NULL),(4973,333,21,20,91,NULL,17.00,'P',NULL,NULL,'0',180,'2019-07-05',NULL,NULL),(4974,345,21,20,91,NULL,12.00,'P',NULL,NULL,'0',180,'2019-07-05',NULL,NULL),(4975,329,21,20,91,NULL,9.00,'P',NULL,NULL,'0',180,'2019-07-05',NULL,NULL),(4976,336,21,20,91,NULL,16.00,'P',NULL,NULL,'0',180,'2019-07-05',NULL,NULL),(4977,330,21,20,91,NULL,5.00,'F',NULL,NULL,'0',180,'2019-07-05',NULL,NULL),(4978,339,21,20,91,NULL,7.00,'P',NULL,NULL,'0',180,'2019-07-05',180,'2019-07-05'),(4979,338,21,20,91,NULL,6.00,'F',NULL,NULL,'0',180,'2019-07-05',NULL,NULL),(4980,320,21,20,91,NULL,16.00,'P',NULL,NULL,'0',180,'2019-07-05',NULL,NULL),(4981,313,21,20,91,NULL,13.00,'P',NULL,NULL,'0',180,'2019-07-05',NULL,NULL),(4982,322,21,20,91,NULL,12.00,'P',NULL,NULL,'0',180,'2019-07-05',NULL,NULL),(4983,316,21,20,91,NULL,10.00,'P',NULL,NULL,'0',180,'2019-07-05',NULL,NULL),(4984,343,21,20,91,NULL,14.00,'P',NULL,NULL,'0',180,'2019-07-05',NULL,NULL),(4985,331,21,20,91,NULL,0.00,'F',NULL,NULL,'0',180,'2019-07-05',NULL,NULL),(4986,315,21,20,91,NULL,16.00,'P',NULL,NULL,'0',180,'2019-07-05',NULL,NULL),(4987,312,21,20,91,NULL,13.00,'P',NULL,NULL,'0',180,'2019-07-05',NULL,NULL),(4988,321,21,20,91,NULL,17.00,'P',NULL,NULL,'0',180,'2019-07-05',NULL,NULL),(4989,327,21,20,91,NULL,14.00,'P',NULL,NULL,'0',180,'2019-07-05',NULL,NULL),(4990,319,21,20,91,NULL,14.00,'P',NULL,NULL,'0',180,'2019-07-05',NULL,NULL),(4991,318,21,20,91,NULL,17.00,'P',NULL,NULL,'0',180,'2019-07-05',NULL,NULL),(4992,351,21,20,91,NULL,6.00,'F',NULL,NULL,'0',180,'2019-07-05',NULL,NULL),(4993,314,21,20,91,NULL,8.00,'P',NULL,NULL,'0',180,'2019-07-05',NULL,NULL),(4994,337,21,20,91,NULL,8.00,'P',NULL,NULL,'0',180,'2019-07-05',NULL,NULL),(4995,317,21,20,91,NULL,3.00,'F',NULL,NULL,'0',180,'2019-07-05',NULL,NULL),(4996,349,21,20,91,NULL,0.00,'F',NULL,NULL,'1',180,'2019-07-05',NULL,NULL),(4997,347,21,20,91,NULL,12.00,'P',NULL,NULL,'0',180,'2019-07-05',NULL,NULL),(4998,348,21,20,91,NULL,13.00,'P',NULL,NULL,'0',180,'2019-07-05',NULL,NULL),(4999,350,21,20,91,NULL,13.00,'P',NULL,NULL,'0',180,'2019-07-05',NULL,NULL),(5000,352,21,20,91,NULL,7.00,'P',NULL,NULL,'0',180,'2019-07-05',NULL,NULL),(5001,353,21,20,91,NULL,0.00,'F',NULL,NULL,'1',180,'2019-07-05',NULL,NULL),(5002,178,14,13,73,NULL,19.00,'P',NULL,NULL,'0',180,'2019-07-05',NULL,NULL),(5003,207,14,13,73,NULL,15.00,'P',NULL,NULL,'0',180,'2019-07-05',NULL,NULL),(5004,176,14,13,73,NULL,16.00,'P',NULL,NULL,'0',180,'2019-07-05',NULL,NULL),(5005,197,14,13,73,NULL,14.00,'P',NULL,NULL,'0',180,'2019-07-05',NULL,NULL),(5006,190,14,13,73,NULL,17.00,'P',NULL,NULL,'0',180,'2019-07-05',NULL,NULL),(5007,179,14,13,73,NULL,16.00,'P',NULL,NULL,'0',180,'2019-07-05',NULL,NULL),(5008,180,14,13,73,NULL,11.00,'P',NULL,NULL,'0',180,'2019-07-05',NULL,NULL),(5009,208,14,13,73,NULL,16.00,'P',NULL,NULL,'0',180,'2019-07-05',NULL,NULL),(5010,175,14,13,73,NULL,16.00,'P',NULL,NULL,'0',180,'2019-07-05',NULL,NULL),(5011,181,14,13,73,NULL,10.00,'P',NULL,NULL,'0',180,'2019-07-05',NULL,NULL),(5012,206,14,13,73,NULL,15.00,'P',NULL,NULL,'0',180,'2019-07-05',NULL,NULL),(5013,195,14,13,73,NULL,19.00,'P',NULL,NULL,'0',180,'2019-07-05',NULL,NULL),(5014,192,14,13,73,NULL,12.00,'P',NULL,NULL,'0',180,'2019-07-05',NULL,NULL),(5015,205,14,13,73,NULL,12.00,'P',NULL,NULL,'0',180,'2019-07-05',NULL,NULL),(5016,200,14,13,73,NULL,18.00,'P',NULL,NULL,'0',180,'2019-07-05',NULL,NULL),(5017,198,14,13,73,NULL,18.00,'P',NULL,NULL,'0',180,'2019-07-05',NULL,NULL),(5018,210,14,13,73,NULL,20.00,'P',NULL,NULL,'0',180,'2019-07-05',NULL,NULL),(5019,182,14,13,73,NULL,8.00,'P',NULL,NULL,'0',180,'2019-07-05',NULL,NULL),(5020,193,14,13,73,NULL,18.00,'P',NULL,NULL,'0',180,'2019-07-05',NULL,NULL),(5021,204,14,13,73,NULL,20.00,'P',NULL,NULL,'0',180,'2019-07-05',NULL,NULL),(5022,189,14,13,73,NULL,12.00,'P',NULL,NULL,'0',180,'2019-07-05',NULL,NULL),(5023,202,14,13,73,NULL,13.00,'P',NULL,NULL,'0',180,'2019-07-05',NULL,NULL),(5024,191,14,13,73,NULL,18.00,'P',NULL,NULL,'0',180,'2019-07-05',NULL,NULL),(5025,187,14,13,73,NULL,17.00,'P',NULL,NULL,'0',180,'2019-07-05',NULL,NULL),(5026,194,14,13,73,NULL,17.00,'P',NULL,NULL,'0',180,'2019-07-05',NULL,NULL),(5027,199,14,13,73,NULL,18.00,'P',NULL,NULL,'0',180,'2019-07-05',NULL,NULL),(5028,196,14,13,73,NULL,16.00,'P',NULL,NULL,'0',180,'2019-07-05',NULL,NULL),(5029,183,14,13,73,NULL,15.00,'P',NULL,NULL,'0',180,'2019-07-05',NULL,NULL),(5030,185,14,13,73,NULL,14.00,'P',NULL,NULL,'0',180,'2019-07-05',NULL,NULL),(5031,174,14,13,73,NULL,19.00,'P',NULL,NULL,'0',180,'2019-07-05',NULL,NULL),(5032,201,14,13,73,NULL,14.00,'P',NULL,NULL,'0',180,'2019-07-05',NULL,NULL),(5033,203,14,13,73,NULL,19.00,'P',NULL,NULL,'0',180,'2019-07-05',180,'2019-07-05'),(5034,184,14,13,73,NULL,11.00,'P',NULL,NULL,'0',180,'2019-07-05',NULL,NULL),(5035,186,14,13,73,NULL,11.00,'P',NULL,NULL,'0',180,'2019-07-05',NULL,NULL),(5036,188,14,13,73,NULL,20.00,'P',NULL,NULL,'0',180,'2019-07-05',NULL,NULL),(5037,177,14,13,73,NULL,15.00,'P',NULL,NULL,'0',180,'2019-07-05',NULL,NULL),(5038,214,14,13,73,NULL,11.00,'P',NULL,NULL,'0',180,'2019-07-05',NULL,NULL),(5039,213,14,13,73,NULL,0.00,'F',NULL,NULL,'1',180,'2019-07-05',NULL,NULL),(5040,211,14,13,73,NULL,18.00,'P',NULL,NULL,'0',180,'2019-07-05',NULL,NULL),(5041,209,14,13,73,NULL,18.00,'P',NULL,NULL,'0',180,'2019-07-05',NULL,NULL),(5042,212,14,13,73,NULL,20.00,'P',NULL,NULL,'0',180,'2019-07-05',NULL,NULL),(5043,4,8,12,64,NULL,18.00,'P',NULL,NULL,'0',180,'2019-07-05',NULL,NULL),(5044,33,8,12,64,NULL,20.00,'P',NULL,NULL,'0',180,'2019-07-05',NULL,NULL),(5045,6,8,12,64,NULL,16.00,'P',NULL,NULL,'0',180,'2019-07-05',NULL,NULL),(5046,7,8,12,64,NULL,0.00,'F',NULL,NULL,'1',180,'2019-07-05',NULL,NULL),(5047,34,8,12,64,NULL,0.00,'F',NULL,NULL,'1',180,'2019-07-05',NULL,NULL),(5048,24,8,12,64,NULL,20.00,'P',NULL,NULL,'0',180,'2019-07-05',NULL,NULL),(5049,17,8,12,64,NULL,18.00,'P',NULL,NULL,'0',180,'2019-07-05',NULL,NULL),(5050,11,8,12,64,NULL,20.00,'P',NULL,NULL,'0',180,'2019-07-05',NULL,NULL),(5051,32,8,12,64,NULL,20.00,'P',NULL,NULL,'0',180,'2019-07-05',NULL,NULL),(5052,15,8,12,64,NULL,20.00,'P',NULL,NULL,'0',180,'2019-07-05',NULL,NULL),(5053,5,8,12,64,NULL,20.00,'P',NULL,NULL,'0',180,'2019-07-05',NULL,NULL),(5054,30,8,12,64,NULL,17.00,'P',NULL,NULL,'0',180,'2019-07-05',NULL,NULL),(5055,13,8,12,64,NULL,20.00,'P',NULL,NULL,'0',180,'2019-07-05',NULL,NULL),(5056,27,8,12,64,NULL,20.00,'P',NULL,NULL,'0',180,'2019-07-05',NULL,NULL),(5057,29,8,12,64,NULL,18.00,'P',NULL,NULL,'0',180,'2019-07-05',NULL,NULL),(5058,3,8,12,64,NULL,19.00,'P',NULL,NULL,'0',180,'2019-07-05',NULL,NULL),(5059,9,8,12,64,NULL,20.00,'P',NULL,NULL,'0',180,'2019-07-05',NULL,NULL),(5060,21,8,12,64,NULL,20.00,'P',NULL,NULL,'0',180,'2019-07-05',NULL,NULL),(5061,10,8,12,64,NULL,18.00,'P',NULL,NULL,'0',180,'2019-07-05',NULL,NULL),(5062,16,8,12,64,NULL,20.00,'P',NULL,NULL,'0',180,'2019-07-05',NULL,NULL),(5063,28,8,12,64,NULL,19.00,'P',NULL,NULL,'0',180,'2019-07-05',NULL,NULL),(5064,26,8,12,64,NULL,20.00,'P',NULL,NULL,'0',180,'2019-07-05',NULL,NULL),(5065,1,8,12,64,NULL,20.00,'P',NULL,NULL,'0',180,'2019-07-05',NULL,NULL),(5066,18,8,12,64,NULL,16.00,'P',NULL,NULL,'0',180,'2019-07-05',NULL,NULL),(5067,37,8,12,64,NULL,20.00,'P',NULL,NULL,'0',180,'2019-07-05',NULL,NULL),(5068,12,8,12,64,NULL,0.00,'F',NULL,NULL,'1',180,'2019-07-05',NULL,NULL),(5069,43,8,12,64,NULL,20.00,'P',NULL,NULL,'0',180,'2019-07-05',NULL,NULL),(5070,25,8,12,64,NULL,20.00,'P',NULL,NULL,'0',180,'2019-07-05',NULL,NULL),(5071,23,8,12,64,NULL,18.00,'P',NULL,NULL,'0',180,'2019-07-05',NULL,NULL),(5072,44,8,12,64,NULL,0.00,'F',NULL,NULL,'1',180,'2019-07-05',NULL,NULL),(5073,14,8,12,64,NULL,20.00,'P',NULL,NULL,'0',180,'2019-07-05',NULL,NULL),(5074,31,8,12,64,NULL,20.00,'P',NULL,NULL,'0',180,'2019-07-05',NULL,NULL),(5075,2,8,12,64,NULL,18.00,'P',NULL,NULL,'0',180,'2019-07-05',NULL,NULL),(5076,19,8,12,64,NULL,20.00,'P',NULL,NULL,'0',180,'2019-07-05',NULL,NULL),(5077,8,8,12,64,NULL,16.00,'P',NULL,NULL,'0',180,'2019-07-05',NULL,NULL),(5078,22,8,12,64,NULL,18.00,'P',NULL,NULL,'0',180,'2019-07-05',NULL,NULL),(5079,20,8,12,64,NULL,0.00,'F',NULL,NULL,'1',180,'2019-07-05',NULL,NULL),(5080,38,8,12,64,NULL,19.00,'P',NULL,NULL,'0',180,'2019-07-05',NULL,NULL),(5081,35,8,12,64,NULL,20.00,'P',NULL,NULL,'0',180,'2019-07-05',NULL,NULL),(5082,40,8,12,64,NULL,20.00,'P',NULL,NULL,'0',180,'2019-07-05',NULL,NULL),(5083,41,8,12,64,NULL,20.00,'P',NULL,NULL,'0',180,'2019-07-05',NULL,NULL),(5084,42,8,12,64,NULL,20.00,'P',NULL,NULL,'0',180,'2019-07-05',NULL,NULL),(5085,36,8,12,64,NULL,17.00,'P',NULL,NULL,'0',180,'2019-07-05',NULL,NULL),(5086,39,8,12,64,NULL,0.00,'F',NULL,NULL,'1',180,'2019-07-05',NULL,NULL),(5087,33,8,2,9,NULL,37.00,'P',NULL,NULL,'0',185,'2019-07-05',NULL,NULL),(5088,6,8,2,9,NULL,40.00,'P',NULL,NULL,'0',185,'2019-07-05',NULL,NULL),(5089,7,8,2,9,NULL,38.00,'P',NULL,NULL,'0',185,'2019-07-05',NULL,NULL),(5090,34,8,2,9,NULL,0.00,'F',NULL,NULL,'1',185,'2019-07-05',NULL,NULL),(5091,24,8,2,9,NULL,37.00,'P',NULL,NULL,'0',185,'2019-07-05',NULL,NULL),(5092,17,8,2,9,NULL,35.00,'P',NULL,NULL,'0',185,'2019-07-05',NULL,NULL),(5093,11,8,2,9,NULL,36.00,'P',NULL,NULL,'0',185,'2019-07-05',NULL,NULL),(5094,32,8,2,9,NULL,35.00,'P',NULL,NULL,'0',185,'2019-07-05',NULL,NULL),(5095,15,8,2,9,NULL,37.00,'P',NULL,NULL,'0',185,'2019-07-05',NULL,NULL),(5096,5,8,2,9,NULL,36.00,'P',NULL,NULL,'0',185,'2019-07-05',NULL,NULL),(5097,30,8,2,9,NULL,33.00,'P',NULL,NULL,'0',185,'2019-07-05',NULL,NULL),(5098,13,8,2,9,NULL,40.00,'P',NULL,NULL,'0',185,'2019-07-05',NULL,NULL),(5099,27,8,2,9,NULL,35.00,'P',NULL,NULL,'0',185,'2019-07-05',NULL,NULL),(5100,29,8,2,9,NULL,36.00,'P',NULL,NULL,'0',185,'2019-07-05',NULL,NULL),(5101,3,8,2,9,NULL,32.00,'P',NULL,NULL,'0',185,'2019-07-05',NULL,NULL),(5102,9,8,2,9,NULL,31.00,'P',NULL,NULL,'0',185,'2019-07-05',NULL,NULL),(5103,21,8,2,9,NULL,40.00,'P',NULL,NULL,'0',185,'2019-07-05',NULL,NULL),(5104,10,8,2,9,NULL,36.00,'P',NULL,NULL,'0',185,'2019-07-05',NULL,NULL),(5105,16,8,2,9,NULL,34.00,'P',NULL,NULL,'0',185,'2019-07-05',NULL,NULL),(5106,28,8,2,9,NULL,40.00,'P',NULL,NULL,'0',185,'2019-07-05',NULL,NULL),(5107,26,8,2,9,NULL,31.00,'P',NULL,NULL,'0',185,'2019-07-05',NULL,NULL),(5108,1,8,2,9,NULL,40.00,'P',NULL,NULL,'0',185,'2019-07-05',NULL,NULL),(5109,18,8,2,9,NULL,30.00,'P',NULL,NULL,'0',185,'2019-07-05',NULL,NULL),(5110,37,8,2,9,NULL,36.00,'P',NULL,NULL,'0',185,'2019-07-05',NULL,NULL),(5111,12,8,2,9,NULL,0.00,'F',NULL,NULL,'1',185,'2019-07-05',NULL,NULL),(5112,43,8,2,9,NULL,37.00,'P',NULL,NULL,'0',185,'2019-07-05',NULL,NULL),(5113,25,8,2,9,NULL,38.00,'P',NULL,NULL,'0',185,'2019-07-05',NULL,NULL),(5114,23,8,2,9,NULL,34.00,'P',NULL,NULL,'0',185,'2019-07-05',NULL,NULL),(5115,44,8,2,9,NULL,35.00,'P',NULL,NULL,'0',185,'2019-07-05',NULL,NULL),(5116,14,8,2,9,NULL,35.00,'P',NULL,NULL,'0',185,'2019-07-05',NULL,NULL),(5117,31,8,2,9,NULL,36.00,'P',NULL,NULL,'0',185,'2019-07-05',NULL,NULL),(5118,2,8,2,9,NULL,32.00,'P',NULL,NULL,'0',185,'2019-07-05',NULL,NULL),(5119,19,8,2,9,NULL,40.00,'P',NULL,NULL,'0',185,'2019-07-05',NULL,NULL),(5120,8,8,2,9,NULL,35.00,'P',NULL,NULL,'0',185,'2019-07-05',NULL,NULL),(5121,22,8,2,9,NULL,37.00,'P',NULL,NULL,'0',185,'2019-07-05',NULL,NULL),(5122,20,8,2,9,NULL,0.00,'F',NULL,NULL,'1',185,'2019-07-05',NULL,NULL),(5123,38,8,2,9,NULL,34.00,'P',NULL,NULL,'0',185,'2019-07-05',NULL,NULL),(5124,35,8,2,9,NULL,38.00,'P',NULL,NULL,'0',185,'2019-07-05',NULL,NULL),(5125,40,8,2,9,NULL,33.00,'P',NULL,NULL,'0',185,'2019-07-05',NULL,NULL),(5126,41,8,2,9,NULL,40.00,'P',NULL,NULL,'0',185,'2019-07-05',NULL,NULL),(5127,42,8,2,9,NULL,0.00,'F',NULL,NULL,'1',185,'2019-07-05',NULL,NULL),(5128,36,8,2,9,NULL,33.00,'P',NULL,NULL,'0',185,'2019-07-05',NULL,NULL),(5129,39,8,2,9,NULL,32.00,'P',NULL,NULL,'0',185,'2019-07-05',NULL,NULL),(5130,79,9,2,9,NULL,33.00,'P',NULL,NULL,'0',185,'2019-07-05',NULL,NULL),(5131,64,9,2,9,NULL,36.00,'P',NULL,NULL,'0',185,'2019-07-05',NULL,NULL),(5132,62,9,2,9,NULL,35.00,'P',NULL,NULL,'0',185,'2019-07-05',NULL,NULL),(5133,52,9,2,9,NULL,38.00,'P',NULL,NULL,'0',185,'2019-07-05',NULL,NULL),(5134,83,9,2,9,NULL,30.00,'P',NULL,NULL,'0',185,'2019-07-05',NULL,NULL),(5135,50,9,2,9,NULL,40.00,'P',NULL,NULL,'0',185,'2019-07-05',NULL,NULL),(5136,76,9,2,9,NULL,37.00,'P',NULL,NULL,'0',185,'2019-07-05',NULL,NULL),(5137,69,9,2,9,NULL,0.00,'F',NULL,NULL,'1',185,'2019-07-05',NULL,NULL),(5138,51,9,2,9,NULL,37.00,'P',NULL,NULL,'0',185,'2019-07-05',NULL,NULL),(5139,61,9,2,9,NULL,34.00,'P',NULL,NULL,'0',185,'2019-07-05',NULL,NULL),(5140,54,9,2,9,NULL,30.00,'P',NULL,NULL,'0',185,'2019-07-05',NULL,NULL),(5141,58,9,2,9,NULL,35.00,'P',NULL,NULL,'0',185,'2019-07-05',NULL,NULL),(5142,65,9,2,9,NULL,34.00,'P',NULL,NULL,'0',185,'2019-07-05',NULL,NULL),(5143,47,9,2,9,NULL,38.00,'P',NULL,NULL,'0',185,'2019-07-05',NULL,NULL),(5144,70,9,2,9,NULL,36.00,'P',NULL,NULL,'0',185,'2019-07-05',NULL,NULL),(5145,68,9,2,9,NULL,36.00,'P',NULL,NULL,'0',185,'2019-07-05',NULL,NULL),(5146,57,9,2,9,NULL,36.00,'P',NULL,NULL,'0',185,'2019-07-05',NULL,NULL),(5147,46,9,2,9,NULL,32.00,'P',NULL,NULL,'0',185,'2019-07-05',NULL,NULL),(5148,73,9,2,9,NULL,35.00,'P',NULL,NULL,'0',185,'2019-07-05',NULL,NULL),(5149,60,9,2,9,NULL,40.00,'P',NULL,NULL,'0',185,'2019-07-05',NULL,NULL),(5150,71,9,2,9,NULL,40.00,'P',NULL,NULL,'0',185,'2019-07-05',NULL,NULL),(5151,49,9,2,9,NULL,38.00,'P',NULL,NULL,'0',185,'2019-07-05',NULL,NULL),(5152,53,9,2,9,NULL,40.00,'P',NULL,NULL,'0',185,'2019-07-05',NULL,NULL),(5153,45,9,2,9,NULL,37.00,'P',NULL,NULL,'0',185,'2019-07-05',NULL,NULL),(5154,72,9,2,9,NULL,33.00,'P',NULL,NULL,'0',185,'2019-07-05',NULL,NULL),(5155,81,9,2,9,NULL,33.00,'P',NULL,NULL,'0',185,'2019-07-05',NULL,NULL),(5156,80,9,2,9,NULL,39.00,'P',NULL,NULL,'0',185,'2019-07-05',NULL,NULL),(5157,78,9,2,9,NULL,35.00,'P',NULL,NULL,'0',185,'2019-07-05',NULL,NULL),(5158,74,9,2,9,NULL,33.00,'P',NULL,NULL,'0',185,'2019-07-05',NULL,NULL),(5159,67,9,2,9,NULL,33.00,'P',NULL,NULL,'0',185,'2019-07-05',NULL,NULL),(5160,59,9,2,9,NULL,32.00,'P',NULL,NULL,'0',185,'2019-07-05',NULL,NULL),(5161,75,9,2,9,NULL,40.00,'P',NULL,NULL,'0',185,'2019-07-05',NULL,NULL),(5162,63,9,2,9,NULL,32.00,'P',NULL,NULL,'0',185,'2019-07-05',NULL,NULL),(5163,55,9,2,9,NULL,30.00,'P',NULL,NULL,'0',185,'2019-07-05',NULL,NULL),(5164,56,9,2,9,NULL,36.00,'P',NULL,NULL,'0',185,'2019-07-05',NULL,NULL),(5165,77,9,2,9,NULL,38.00,'P',NULL,NULL,'0',185,'2019-07-05',NULL,NULL),(5166,66,9,2,9,NULL,33.00,'P',NULL,NULL,'0',185,'2019-07-05',NULL,NULL),(5167,84,9,2,9,NULL,33.00,'P',NULL,NULL,'0',185,'2019-07-05',NULL,NULL),(5168,85,9,2,9,NULL,37.00,'P',NULL,NULL,'0',185,'2019-07-05',NULL,NULL),(5169,86,9,2,9,NULL,30.00,'P',NULL,NULL,'0',185,'2019-07-05',NULL,NULL),(5170,87,9,2,9,NULL,38.00,'P',NULL,NULL,'0',185,'2019-07-05',NULL,NULL),(5171,88,9,2,9,NULL,38.00,'P',NULL,NULL,'0',185,'2019-07-05',NULL,NULL),(5172,82,9,2,9,NULL,38.00,'P',NULL,NULL,'0',185,'2019-07-05',NULL,NULL),(5173,48,9,2,9,NULL,0.00,'F',NULL,NULL,'1',185,'2019-07-05',NULL,NULL),(5174,89,10,2,9,NULL,37.00,'P',NULL,NULL,'0',185,'2019-07-05',NULL,NULL),(5175,109,10,2,9,NULL,36.00,'P',NULL,NULL,'0',185,'2019-07-05',NULL,NULL),(5176,113,10,2,9,NULL,37.00,'P',NULL,NULL,'0',185,'2019-07-05',NULL,NULL),(5177,112,10,2,9,NULL,37.00,'P',NULL,NULL,'0',185,'2019-07-05',NULL,NULL),(5178,94,10,2,9,NULL,0.00,'F',NULL,NULL,'1',185,'2019-07-05',NULL,NULL),(5179,119,10,2,9,NULL,34.00,'P',NULL,NULL,'0',185,'2019-07-05',NULL,NULL),(5180,111,10,2,9,NULL,34.00,'P',NULL,NULL,'0',185,'2019-07-05',NULL,NULL),(5181,108,10,2,9,NULL,35.00,'P',NULL,NULL,'0',185,'2019-07-05',NULL,NULL),(5182,107,10,2,9,NULL,0.00,'F',NULL,NULL,'1',185,'2019-07-05',NULL,NULL),(5183,124,10,2,9,NULL,31.00,'P',NULL,NULL,'0',185,'2019-07-05',NULL,NULL),(5184,110,10,2,9,NULL,34.00,'P',NULL,NULL,'0',185,'2019-07-05',NULL,NULL),(5185,102,10,2,9,NULL,38.00,'P',NULL,NULL,'0',185,'2019-07-05',NULL,NULL),(5186,116,10,2,9,NULL,38.00,'P',NULL,NULL,'0',185,'2019-07-05',NULL,NULL),(5187,92,10,2,9,NULL,35.00,'P',NULL,NULL,'0',185,'2019-07-05',NULL,NULL),(5188,118,10,2,9,NULL,36.00,'P',NULL,NULL,'0',185,'2019-07-05',NULL,NULL),(5189,123,10,2,9,NULL,33.00,'P',NULL,NULL,'0',185,'2019-07-05',NULL,NULL),(5190,117,10,2,9,NULL,37.00,'P',NULL,NULL,'0',185,'2019-07-05',NULL,NULL),(5191,98,10,2,9,NULL,34.00,'P',NULL,NULL,'0',185,'2019-07-05',NULL,NULL),(5192,115,10,2,9,NULL,35.00,'P',NULL,NULL,'0',185,'2019-07-05',NULL,NULL),(5193,104,10,2,9,NULL,34.00,'P',NULL,NULL,'0',185,'2019-07-05',NULL,NULL),(5194,120,10,2,9,NULL,37.00,'P',NULL,NULL,'0',185,'2019-07-05',NULL,NULL),(5195,96,10,2,9,NULL,38.00,'P',NULL,NULL,'0',185,'2019-07-05',NULL,NULL),(5196,100,10,2,9,NULL,33.00,'P',NULL,NULL,'0',185,'2019-07-05',NULL,NULL),(5197,121,10,2,9,NULL,33.00,'P',NULL,NULL,'0',185,'2019-07-05',NULL,NULL),(5198,105,10,2,9,NULL,37.00,'P',NULL,NULL,'0',185,'2019-07-05',NULL,NULL),(5199,103,10,2,9,NULL,36.00,'P',NULL,NULL,'0',185,'2019-07-05',NULL,NULL),(5200,128,10,2,9,NULL,37.00,'P',NULL,NULL,'0',185,'2019-07-05',NULL,NULL),(5201,99,10,2,9,NULL,40.00,'P',NULL,NULL,'0',185,'2019-07-05',NULL,NULL),(5202,122,10,2,9,NULL,34.00,'P',NULL,NULL,'0',185,'2019-07-05',NULL,NULL),(5203,125,10,2,9,NULL,36.00,'P',NULL,NULL,'0',185,'2019-07-05',NULL,NULL),(5204,91,10,2,9,NULL,38.00,'P',NULL,NULL,'0',185,'2019-07-05',NULL,NULL),(5205,97,10,2,9,NULL,34.00,'P',NULL,NULL,'0',185,'2019-07-05',NULL,NULL),(5206,101,10,2,9,NULL,32.00,'P',NULL,NULL,'0',185,'2019-07-05',NULL,NULL),(5207,95,10,2,9,NULL,32.00,'P',NULL,NULL,'0',185,'2019-07-05',NULL,NULL),(5208,114,10,2,9,NULL,38.00,'P',NULL,NULL,'0',185,'2019-07-05',NULL,NULL),(5209,106,10,2,9,NULL,33.00,'P',NULL,NULL,'0',185,'2019-07-05',NULL,NULL),(5210,90,10,2,9,NULL,35.00,'P',NULL,NULL,'0',185,'2019-07-05',NULL,NULL),(5211,126,10,2,9,NULL,33.00,'P',NULL,NULL,'0',185,'2019-07-05',NULL,NULL),(5212,130,10,2,9,NULL,40.00,'P',NULL,NULL,'0',185,'2019-07-05',NULL,NULL),(5213,131,10,2,9,NULL,35.00,'P',NULL,NULL,'0',185,'2019-07-05',NULL,NULL),(5214,132,10,2,9,NULL,32.00,'P',NULL,NULL,'0',185,'2019-07-05',NULL,NULL),(5215,127,10,2,9,NULL,34.00,'P',NULL,NULL,'0',185,'2019-07-05',NULL,NULL),(5216,129,10,2,9,NULL,30.00,'P',NULL,NULL,'0',185,'2019-07-05',NULL,NULL),(5217,93,10,2,9,NULL,32.00,'P',NULL,NULL,'0',185,'2019-07-05',NULL,NULL),(5218,133,10,2,9,NULL,31.00,'P',NULL,NULL,'0',185,'2019-07-05',NULL,NULL),(5219,155,13,3,18,NULL,37.00,'P',NULL,NULL,'0',185,'2019-07-05',NULL,NULL),(5220,141,13,3,18,NULL,37.00,'P',NULL,NULL,'0',185,'2019-07-05',NULL,NULL),(5221,150,13,3,18,NULL,37.00,'P',NULL,NULL,'0',185,'2019-07-05',NULL,NULL),(5222,142,13,3,18,NULL,33.00,'P',NULL,NULL,'0',185,'2019-07-05',NULL,NULL),(5223,169,13,3,18,NULL,35.00,'P',NULL,NULL,'0',185,'2019-07-05',NULL,NULL),(5224,146,13,3,18,NULL,31.00,'P',NULL,NULL,'0',185,'2019-07-05',NULL,NULL),(5225,136,13,3,18,NULL,33.00,'P',NULL,NULL,'0',185,'2019-07-05',NULL,NULL),(5226,139,13,3,18,NULL,40.00,'P',NULL,NULL,'0',185,'2019-07-05',NULL,NULL),(5227,153,13,3,18,NULL,32.00,'P',NULL,NULL,'0',185,'2019-07-05',NULL,NULL),(5228,167,13,3,18,NULL,33.00,'P',NULL,NULL,'0',185,'2019-07-05',NULL,NULL),(5229,165,13,3,18,NULL,33.00,'P',NULL,NULL,'0',185,'2019-07-05',NULL,NULL),(5230,154,13,3,18,NULL,34.00,'P',NULL,NULL,'0',185,'2019-07-05',NULL,NULL),(5231,149,13,3,18,NULL,37.00,'P',NULL,NULL,'0',185,'2019-07-05',NULL,NULL),(5232,152,13,3,18,NULL,35.00,'P',NULL,NULL,'0',185,'2019-07-05',NULL,NULL),(5233,138,13,3,18,NULL,33.00,'P',NULL,NULL,'0',185,'2019-07-05',NULL,NULL),(5234,137,13,3,18,NULL,32.00,'P',NULL,NULL,'0',185,'2019-07-05',NULL,NULL),(5235,144,13,3,18,NULL,0.00,'F',NULL,NULL,'1',185,'2019-07-05',NULL,NULL),(5236,162,13,3,18,NULL,32.00,'P',NULL,NULL,'0',185,'2019-07-05',NULL,NULL),(5237,134,13,3,18,NULL,32.00,'P',NULL,NULL,'0',185,'2019-07-05',NULL,NULL),(5238,140,13,3,18,NULL,33.00,'P',NULL,NULL,'0',185,'2019-07-05',NULL,NULL),(5239,158,13,3,18,NULL,33.00,'P',NULL,NULL,'0',185,'2019-07-05',NULL,NULL),(5240,157,13,3,18,NULL,35.00,'P',NULL,NULL,'0',185,'2019-07-05',NULL,NULL),(5241,166,13,3,18,NULL,30.00,'P',NULL,NULL,'0',185,'2019-07-05',NULL,NULL),(5242,151,13,3,18,NULL,32.00,'P',NULL,NULL,'0',185,'2019-07-05',NULL,NULL),(5243,147,13,3,18,NULL,30.00,'P',NULL,NULL,'0',185,'2019-07-05',NULL,NULL),(5244,164,13,3,18,NULL,30.00,'P',NULL,NULL,'0',185,'2019-07-05',NULL,NULL),(5245,156,13,3,18,NULL,30.00,'P',NULL,NULL,'0',185,'2019-07-05',NULL,NULL),(5246,163,13,3,18,NULL,33.00,'P',NULL,NULL,'0',185,'2019-07-05',NULL,NULL),(5247,143,13,3,18,NULL,33.00,'P',NULL,NULL,'0',185,'2019-07-05',NULL,NULL),(5248,172,13,3,18,NULL,35.00,'P',NULL,NULL,'0',185,'2019-07-05',NULL,NULL),(5249,135,13,3,18,NULL,38.00,'P',NULL,NULL,'0',185,'2019-07-05',NULL,NULL),(5250,148,13,3,18,NULL,34.00,'P',NULL,NULL,'0',185,'2019-07-05',NULL,NULL),(5251,160,13,3,18,NULL,37.00,'P',NULL,NULL,'0',185,'2019-07-05',NULL,NULL),(5252,161,13,3,18,NULL,37.00,'P',NULL,NULL,'0',185,'2019-07-05',NULL,NULL),(5253,159,13,3,18,NULL,37.00,'P',NULL,NULL,'0',185,'2019-07-05',NULL,NULL),(5254,145,13,3,18,NULL,35.00,'P',NULL,NULL,'0',185,'2019-07-05',NULL,NULL),(5255,170,13,3,18,NULL,34.00,'P',NULL,NULL,'0',185,'2019-07-05',NULL,NULL),(5256,171,13,3,18,NULL,40.00,'P',NULL,NULL,'0',185,'2019-07-05',NULL,NULL),(5257,168,13,3,18,NULL,34.00,'P',NULL,NULL,'0',185,'2019-07-05',NULL,NULL),(5258,173,13,3,18,NULL,34.00,'P',NULL,NULL,'0',185,'2019-07-05',NULL,NULL),(5259,178,14,3,18,NULL,37.00,'P',NULL,NULL,'0',185,'2019-07-05',NULL,NULL),(5260,207,14,3,18,NULL,32.00,'P',NULL,NULL,'0',185,'2019-07-05',NULL,NULL),(5261,176,14,3,18,NULL,35.00,'P',NULL,NULL,'0',185,'2019-07-05',NULL,NULL),(5262,197,14,3,18,NULL,35.00,'P',NULL,NULL,'0',185,'2019-07-05',NULL,NULL),(5263,190,14,3,18,NULL,40.00,'P',NULL,NULL,'0',185,'2019-07-05',NULL,NULL),(5264,179,14,3,18,NULL,40.00,'P',NULL,NULL,'0',185,'2019-07-05',NULL,NULL),(5265,180,14,3,18,NULL,35.00,'P',NULL,NULL,'0',185,'2019-07-05',NULL,NULL),(5266,208,14,3,18,NULL,37.00,'P',NULL,NULL,'0',185,'2019-07-05',NULL,NULL),(5267,175,14,3,18,NULL,35.00,'P',NULL,NULL,'0',185,'2019-07-05',NULL,NULL),(5268,181,14,3,18,NULL,34.00,'P',NULL,NULL,'0',185,'2019-07-05',NULL,NULL),(5269,206,14,3,18,NULL,37.00,'P',NULL,NULL,'0',185,'2019-07-05',NULL,NULL),(5270,195,14,3,18,NULL,40.00,'P',NULL,NULL,'0',185,'2019-07-05',NULL,NULL),(5271,192,14,3,18,NULL,40.00,'P',NULL,NULL,'0',185,'2019-07-05',NULL,NULL),(5272,205,14,3,18,NULL,35.00,'P',NULL,NULL,'0',185,'2019-07-05',NULL,NULL),(5273,200,14,3,18,NULL,37.00,'P',NULL,NULL,'0',185,'2019-07-05',NULL,NULL),(5274,198,14,3,18,NULL,37.00,'P',NULL,NULL,'0',185,'2019-07-05',NULL,NULL),(5275,210,14,3,18,NULL,38.00,'P',NULL,NULL,'0',185,'2019-07-05',NULL,NULL),(5276,182,14,3,18,NULL,37.00,'P',NULL,NULL,'0',185,'2019-07-05',NULL,NULL),(5277,193,14,3,18,NULL,40.00,'P',NULL,NULL,'0',185,'2019-07-05',NULL,NULL),(5278,204,14,3,18,NULL,37.00,'P',NULL,NULL,'0',185,'2019-07-05',NULL,NULL),(5279,189,14,3,18,NULL,35.00,'P',NULL,NULL,'0',185,'2019-07-05',NULL,NULL),(5280,202,14,3,18,NULL,35.00,'P',NULL,NULL,'0',185,'2019-07-05',NULL,NULL),(5281,191,14,3,18,NULL,40.00,'P',NULL,NULL,'0',185,'2019-07-05',NULL,NULL),(5282,187,14,3,18,NULL,40.00,'P',NULL,NULL,'0',185,'2019-07-05',NULL,NULL),(5283,194,14,3,18,NULL,40.00,'P',NULL,NULL,'0',185,'2019-07-05',NULL,NULL),(5284,199,14,3,18,NULL,37.00,'P',NULL,NULL,'0',185,'2019-07-05',NULL,NULL),(5285,196,14,3,18,NULL,38.00,'P',NULL,NULL,'0',185,'2019-07-05',NULL,NULL),(5286,183,14,3,18,NULL,35.00,'P',NULL,NULL,'0',185,'2019-07-05',NULL,NULL),(5287,185,14,3,18,NULL,33.00,'P',NULL,NULL,'0',185,'2019-07-05',NULL,NULL),(5288,174,14,3,18,NULL,37.00,'P',NULL,NULL,'0',185,'2019-07-05',NULL,NULL),(5289,201,14,3,18,NULL,35.00,'P',NULL,NULL,'0',185,'2019-07-05',NULL,NULL),(5290,184,14,3,18,NULL,34.00,'P',NULL,NULL,'0',185,'2019-07-05',NULL,NULL),(5291,203,14,3,18,NULL,40.00,'P',NULL,NULL,'0',185,'2019-07-05',NULL,NULL),(5292,186,14,3,18,NULL,40.00,'P',NULL,NULL,'0',185,'2019-07-05',NULL,NULL),(5293,188,14,3,18,NULL,37.00,'P',NULL,NULL,'0',185,'2019-07-05',NULL,NULL),(5294,177,14,3,18,NULL,34.00,'P',NULL,NULL,'0',185,'2019-07-05',NULL,NULL),(5295,214,14,3,18,NULL,37.00,'P',NULL,NULL,'0',185,'2019-07-05',NULL,NULL),(5296,213,14,3,18,NULL,35.00,'P',NULL,NULL,'0',185,'2019-07-05',NULL,NULL),(5297,211,14,3,18,NULL,37.00,'P',NULL,NULL,'0',185,'2019-07-05',NULL,NULL),(5298,209,14,3,18,NULL,35.00,'P',NULL,NULL,'0',185,'2019-07-05',NULL,NULL),(5299,212,14,3,18,NULL,40.00,'P',NULL,NULL,'0',185,'2019-07-05',NULL,NULL),(5300,235,17,4,27,NULL,37.00,'P',NULL,NULL,'0',185,'2019-07-05',NULL,NULL),(5301,245,17,4,27,NULL,40.00,'P',NULL,NULL,'0',185,'2019-07-05',NULL,NULL),(5302,221,17,4,27,NULL,38.00,'P',NULL,NULL,'0',185,'2019-07-05',NULL,NULL),(5303,216,17,4,27,NULL,37.00,'P',NULL,NULL,'0',185,'2019-07-05',NULL,NULL),(5304,217,17,4,27,NULL,36.00,'P',NULL,NULL,'0',185,'2019-07-05',NULL,NULL),(5305,239,17,4,27,NULL,32.00,'P',NULL,NULL,'0',185,'2019-07-05',NULL,NULL),(5306,253,17,4,27,NULL,32.00,'P',NULL,NULL,'0',185,'2019-07-05',NULL,NULL),(5307,225,17,4,27,NULL,37.00,'P',NULL,NULL,'0',185,'2019-07-05',NULL,NULL),(5308,224,17,4,27,NULL,32.00,'P',NULL,NULL,'0',185,'2019-07-05',NULL,NULL),(5309,229,17,4,27,NULL,38.00,'P',NULL,NULL,'0',185,'2019-07-05',NULL,NULL),(5310,223,17,4,27,NULL,37.00,'P',NULL,NULL,'0',185,'2019-07-05',NULL,NULL),(5311,256,17,4,27,NULL,35.00,'P',NULL,NULL,'0',185,'2019-07-05',NULL,NULL),(5312,244,17,4,27,NULL,38.00,'P',NULL,NULL,'0',185,'2019-07-05',NULL,NULL),(5313,251,17,4,27,NULL,37.00,'P',NULL,NULL,'0',185,'2019-07-05',NULL,NULL),(5314,249,17,4,27,NULL,40.00,'P',NULL,NULL,'0',185,'2019-07-05',NULL,NULL),(5315,236,17,4,27,NULL,40.00,'P',NULL,NULL,'0',185,'2019-07-05',NULL,NULL),(5316,255,17,4,27,NULL,40.00,'P',NULL,NULL,'0',185,'2019-07-05',NULL,NULL),(5317,219,17,4,27,NULL,31.00,'P',NULL,NULL,'0',185,'2019-07-05',NULL,NULL),(5318,222,17,4,27,NULL,32.00,'P',NULL,NULL,'0',185,'2019-07-05',NULL,NULL),(5319,252,17,4,27,NULL,40.00,'P',NULL,NULL,'0',185,'2019-07-05',NULL,NULL),(5320,227,17,4,27,NULL,33.00,'P',NULL,NULL,'0',185,'2019-07-05',NULL,NULL),(5321,230,17,4,27,NULL,38.00,'P',NULL,NULL,'0',185,'2019-07-05',NULL,NULL),(5322,233,17,4,27,NULL,37.00,'P',NULL,NULL,'0',185,'2019-07-05',NULL,NULL),(5323,240,17,4,27,NULL,35.00,'P',NULL,NULL,'0',185,'2019-07-05',NULL,NULL),(5324,248,17,4,27,NULL,30.00,'P',NULL,NULL,'0',185,'2019-07-05',NULL,NULL),(5325,254,17,4,27,NULL,38.00,'P',NULL,NULL,'0',185,'2019-07-05',NULL,NULL),(5326,215,17,4,27,NULL,38.00,'P',NULL,NULL,'0',185,'2019-07-05',NULL,NULL),(5327,218,17,4,27,NULL,40.00,'P',NULL,NULL,'0',185,'2019-07-05',NULL,NULL),(5328,246,17,4,27,NULL,40.00,'P',NULL,NULL,'0',185,'2019-07-05',NULL,NULL),(5329,231,17,4,27,NULL,34.00,'P',NULL,NULL,'0',185,'2019-07-05',NULL,NULL),(5330,241,17,4,27,NULL,34.00,'P',NULL,NULL,'0',185,'2019-07-05',NULL,NULL),(5331,250,17,4,27,NULL,33.00,'P',NULL,NULL,'0',185,'2019-07-05',NULL,NULL),(5332,238,17,4,27,NULL,40.00,'P',NULL,NULL,'0',185,'2019-07-05',NULL,NULL),(5333,237,17,4,27,NULL,37.00,'P',NULL,NULL,'0',185,'2019-07-05',NULL,NULL),(5334,228,17,4,27,NULL,33.00,'P',NULL,NULL,'0',185,'2019-07-05',NULL,NULL),(5335,232,17,4,27,NULL,36.00,'P',NULL,NULL,'0',185,'2019-07-05',NULL,NULL),(5336,242,17,4,27,NULL,38.00,'P',NULL,NULL,'0',185,'2019-07-05',NULL,NULL),(5337,226,17,4,27,NULL,35.00,'P',NULL,NULL,'0',185,'2019-07-05',NULL,NULL),(5338,258,17,4,27,NULL,40.00,'P',NULL,NULL,'0',185,'2019-07-05',NULL,NULL),